000
CXUS55 KCYS 301000
CF6CYS
PRELIMINARY LOCAL CLIMATOLOGICAL DATA (WS FORM: F-6)

                                          STATION:   CHEYENNE WYOMING AIRPORT
                                          MONTH:     AUGUST
                                          YEAR:      2016
                                          LATITUDE:   41  9 N
                                          LONGITUDE: 104 49 W

  TEMPERATURE IN F:       :PCPN:    SNOW:  WIND      :SUNSHINE: SKY     :PK WND
================================================================================
1   2   3   4   5  6A  6B    7    8   9   10  11  12  13   14  15   16   17  18
                                     12Z  AVG MX 2MIN
DY MAX MIN AVG DEP HDD CDD  WTR  SNW DPTH SPD SPD DIR MIN PSBL S-S WX    SPD DR
================================================================================

 1  91  58  75   5   0  10 0.00  0.0    0 10.6 25 300   M    M   0 8      33 310
 2  87  59  73   3   0   8 0.00  0.0    0 11.6 26 130   M    M   0        35 150
 3  91  60  76   6   0  11 0.18  0.0    0 10.8 23 310   M    M   1 3      30 310
 4  68  54  61  -9   4   0 0.07  0.0    0  9.9 29 360   M    M   M        37 360
 5  70  54  62  -7   3   0 0.00  0.0    0 11.8 23 170   M    M   9        28 140
 6  74  55  65  -4   0   0 0.03  0.0    0 10.2 21 170   M    M   8 13     26 180
 7  87  57  72   3   0   7 0.00  0.0    0  9.4 22 150   M    M   3 13     29 140
 8  89  58  74   5   0   9    T  0.0    0  8.4 21 250   M    M   2        28 260
 9  92  54  73   4   0   8    T  0.0    0  9.3 37 280   M    M   2 3      48 280
10  90  58  74   5   0   9    T  0.0    0 10.5 32 230   M    M   1        42 230
11  82  53  68  -1   0   3 0.05  0.0    0 11.7 30 250   M    M   3 3      44 250
12  78  47  63  -5   2   0 0.00  0.0    0  8.3 18 340   M    M   1        25 330
13  79  51  65  -3   0   0 0.00  0.0    0  9.3 18  30   M    M   0        24  40
14  86  53  70   2   0   5 0.00  0.0    0  8.8 20 210   M    M   1        26 200
15  86  57  72   4   0   7 0.17  0.0    0  9.0 37 320   M    M   1 3      55 320
16  83  49  66  -2   0   1 0.00  0.0    0  5.7 16 140   M    M   0 3      25 150
17  87  52  70   2   0   5 0.00  0.0    0  8.1 18 140   M    M   0        23 140
18  85  55  70   2   0   5 0.34  0.0    0 11.4 32 280   M    M   5 138    39 270
19  71  43  57 -10   8   0    T  0.0    0 10.4 32  20   M    M   7 35     42  20
20  75  37  56 -11   9   0 0.00  0.0    0  8.1 21 340   M    M   0        28 350
21  84  44  64  -3   1   0 0.00  0.0    0  8.6 18 170   M    M   0        23 190
22  89  54  72   5   0   7    T  0.0    0  9.9 30 230   M    M   1 3      42 240
23  82  60  71   4   0   6 0.00  0.0    0 13.8 29 300   M    M   1        39 290
24  68  49  59  -7   6   0 0.03  0.0    0  9.8 25 170   M    M   4        33 180
25  69  45  57  -9   8   0    T  0.0    0 10.0 23 130   M    M   3        28 140
26  74  51  63  -3   2   0 0.18    T    0  6.5 17 110   M    M   4 3      20 120
27  80  47  64  -2   1   0 0.00  0.0    0  7.7 22 270   M    M   1        26 270
28  86  51  69   4   0   4 0.00  0.0    0  8.8 22 160   M    M   1        27 160
29  83  53  68   3   0   3 0.00  0.0    0  7.9 20  90   M    M   1        25  80
================================================================================
SM 2366 1518        44 108  1.05    T    276.3          M       60
================================================================================
AV 81.6 52.3                               9.5 FASTST   M    M   2    MAX(MPH)
                                 MISC ---->  # 37 280               # 55  320
================================================================================
NOTES:
# LAST OF SEVERAL OCCURRENCES

COLUMN 17 PEAK WIND IN M.P.H.

PRELIMINARY LOCAL CLIMATOLOGICAL DATA (WS FORM: F-6) , PAGE 2

                                          STATION:  CHEYENNE WYOMING AIRPORT
                                          MONTH:    AUGUST
                                          YEAR:     2016
                                          LATITUDE:   41  9 N
                                          LONGITUDE: 104 49 W

[TEMPERATURE DATA]      [PRECIPITATION DATA]       SYMBOLS USED IN COLUMN 16

AVERAGE MONTHLY: 67.0   TOTAL FOR MONTH:   1.05    1 = FOG OR MIST
DPTR FM NORMAL:  -0.9   DPTR FM NORMAL:   -0.80    2 = FOG REDUCING VISIBILITY
HIGHEST:    92 ON  9    GRTST 24HR  0.34 ON 18-18      TO 1/4 MILE OR LESS
LOWEST:     37 ON 20                               3 = THUNDER
                        SNOW, ICE PELLETS, HAIL    4 = ICE PELLETS
                        TOTAL MONTH:    T          5 = HAIL
                        GRTST 24HR    T  ON 26-26  6 = FREEZING RAIN OR DRIZZLE
                        GRTST DEPTH:   0           7 = DUSTSTORM OR SANDSTORM:
                                                       VSBY 1/2 MILE OR LESS
                                                   8 = SMOKE OR HAZE
[NO. OF DAYS WITH]      [WEATHER - DAYS WITH]      9 = BLOWING SNOW
                                                   X = TORNADO
MAX 32 OR BELOW:   0    0.01 INCH OR MORE:   8
MAX 90 OR ABOVE:   4    0.10 INCH OR MORE:   4
MIN 32 OR BELOW:   0    0.50 INCH OR MORE:   0
MIN  0 OR BELOW:   0    1.00 INCH OR MORE:   0

[HDD (BASE 65) ]
TOTAL THIS MO.    44    CLEAR  (SCALE 0-3)  21
DPTR FM NORMAL    10    PTCLDY (SCALE 4-7)   5
TOTAL FM JUL 1    47    CLOUDY (SCALE 8-10)  2
DPTR FM NORMAL    -9

[CDD (BASE 65) ]
TOTAL THIS MO.   108
DPTR FM NORMAL    -4    [PRESSURE DATA]
TOTAL FM JAN 1   420    HIGHEST SLP M ON M
DPTR FM NORMAL    98    LOWEST  SLP 29.69 ON M

[REMARKS]
