000
CXUS56 KSGX 271545
CF6CZZ
PRELIMINARY LOCAL CLIMATOLOGICAL DATA (WS FORM: F-6)

                                          STATION:   CAMPO ASOS CA
                                          MONTH:     JULY
                                          YEAR:      2016
                                          LATITUDE:   32 37 N
                                          LONGITUDE: 116 28 W

  TEMPERATURE IN F:       :PCPN:    SNOW:  WIND      :SUNSHINE: SKY     :PK WND
================================================================================
1   2   3   4   5  6A  6B    7    8   9   10  11  12  13   14  15   16   17  18
                                     12Z  AVG MX 2MIN
DY MAX MIN AVG DEP HDD CDD  WTR  SNW DPTH SPD SPD DIR MIN PSBL S-S WX    SPD DR
================================================================================

 1  94  57  76   6   0  11 0.00  0.0    0  9.2 24  60   M    M   0        29  70
 2  90  49  70   0   0   5 0.00  0.0    0  7.4 18 240   M    M   0        28 250
 3  87  52  70  -1   0   5 0.00  0.0    0  8.0 20 210   M    M   0        24 200
 4  90  48  69  -2   0   4 0.00  0.0    0  8.2 18 230   M    M   0        23 240
 5  87  48  68  -3   0   3 0.00  0.0    0  8.2 17 220   M    M   0        21 240
 6  87  44  66  -5   0   1 0.00  0.0    0  8.8 22 200   M    M   0        26 220
 7  90  47  69  -3   0   4 0.00  0.0    0  8.4 21 220   M    M   0        25 210
 8  92  48  70  -2   0   5 0.00  0.0    0  7.8 20 220   M    M   0        23 210
 9  92  51  72   0   0   7 0.00  0.0    0  9.1 23 230   M    M   0        28 220
10  93  49  71  -1   0   6 0.00  0.0    0  8.3 23 220   M    M   0        29 230
11  88  45  67  -5   0   2 0.00  0.0    0  8.0 20 210   M    M   0        24 240
12  88  42  65  -8   0   0 0.00  0.0    0  9.2 22 210   M    M   0        27 200
13  96  46  71  -2   0   6 0.00  0.0    0  7.4 20 210   M    M   0        25 210
14  96  52  74   1   0   9 0.00  0.0    0  8.3 20 210   M    M   0        24 210
15  97  51  74   1   0   9 0.00  0.0    0  7.7 21 220   M    M   0        28 210
16  93  55  74   1   0   9 0.00  0.0    0  8.9 23 210   M    M   0        27 220
17  94  54  74   1   0   9 0.00  0.0    0  9.4 25 220   M    M   0        28 210
18  93  53  73  -1   0   8 0.00  0.0    0  8.5 22 220   M    M   0        26 220
19  99  55  77   3   0  12 0.00  0.0    0  8.2 21 220   M    M   0        26 220
20 101  59  80   6   0  15 0.00  0.0    0  7.1 22 230   M    M   0        27 250
21 102  61  82   8   0  17 0.00  0.0    0  7.0 18 260   M    M   0        29 320
22 105  59  82   8   0  17 0.00  0.0    0  7.9 21 240   M    M   0        30 230
23 105  59  82   8   0  17 0.00  0.0    0  8.6 21 210   M    M   0        26 220
24  97  60  79   5   0  14 0.00  0.0    0  8.7 22 210   M    M   0        28 240
25  93  66  80   6   0  15 0.00  0.0    0  6.2 22 200   M    M   0        25 200
26  97  63  80   6   0  15 0.00  0.0    0  8.4 23 210   M    M   0        29 210
================================================================================
SM 2446 1373         0 225  0.00     0.0 212.9          M        0
================================================================================
AV 94.1 52.8                               8.2 FASTST   M    M   0    MAX(MPH)
                                 MISC ---->  # 25 220               # 30  230
================================================================================
NOTES:
# LAST OF SEVERAL OCCURRENCES

COLUMN 17 PEAK WIND IN M.P.H.

PRELIMINARY LOCAL CLIMATOLOGICAL DATA (WS FORM: F-6) , PAGE 2

                                          STATION:  CAMPO ASOS CA
                                          MONTH:    JULY
                                          YEAR:     2016
                                          LATITUDE:   32 37 N
                                          LONGITUDE: 116 28 W

[TEMPERATURE DATA]      [PRECIPITATION DATA]       SYMBOLS USED IN COLUMN 16

AVERAGE MONTHLY: 73.4   TOTAL FOR MONTH:   0.00    1 = FOG OR MIST
DPTR FM NORMAL:   0.8   DPTR FM NORMAL:   -0.24    2 = FOG REDUCING VISIBILITY
HIGHEST:   105 ON 23,22 GRTST 24HR  0.00 ON 26-26      TO 1/4 MILE OR LESS
LOWEST:     42 ON 12                               3 = THUNDER
                        SNOW, ICE PELLETS, HAIL    4 = ICE PELLETS
                        TOTAL MONTH:   0.0 INCH    5 = HAIL
                        GRTST 24HR     0.0         6 = FREEZING RAIN OR DRIZZLE
                        GRTST DEPTH:   0           7 = DUSTSTORM OR SANDSTORM:
                                                       VSBY 1/2 MILE OR LESS
                                                   8 = SMOKE OR HAZE
[NO. OF DAYS WITH]      [WEATHER - DAYS WITH]      9 = BLOWING SNOW
                                                   X = TORNADO
MAX 32 OR BELOW:   0    0.01 INCH OR MORE:   0
MAX 90 OR ABOVE:  21    0.10 INCH OR MORE:   0
MIN 32 OR BELOW:   0    0.50 INCH OR MORE:   0
MIN  0 OR BELOW:   0    1.00 INCH OR MORE:   0

[HDD (BASE 65) ]
TOTAL THIS MO.     0    CLEAR  (SCALE 0-3)  26
DPTR FM NORMAL    -4    PTCLDY (SCALE 4-7)   0
TOTAL FM JUL 1     0    CLOUDY (SCALE 8-10)  0
DPTR FM NORMAL    -4

[CDD (BASE 65) ]
TOTAL THIS MO.   225
DPTR FM NORMAL    20    [PRESSURE DATA]
TOTAL FM JAN 1   449    HIGHEST SLP M ON M
DPTR FM NORMAL   122    LOWEST  SLP 29.74 ON 23

[REMARKS]
