000
CXUS56 KSGX 191445
CF6CZZ

PRELIMINARY LOCAL CLIMATOLOGICAL DATA (WS FORM: F-6)

                                          STATION:   CAMPO ASOS CA
                                          MONTH:     SEPTEMBER
                                          YEAR:      2014
                                          LATITUDE:   32 37 N
                                          LONGITUDE: 116 28 W

  TEMPERATURE IN F:       :PCPN:    SNOW:  WIND      :SUNSHINE: SKY     :PK WND
================================================================================
1   2   3   4   5  6A  6B    7    8   9   10  11  12  13   14  15   16   17  18
                                     12Z  AVG MX 2MIN
DY MAX MIN AVG DEP HDD CDD  WTR  SNW DPTH SPD SPD DIR MIN PSBL S-S WX    SPD DR
================================================================================

 1  94  50  72   0   0   7 0.00  0.0    0  7.0 17 240   M    M   0        24 230
 2  93  50  72   0   0   7 0.00  0.0    0  7.7 18 200   M    M   0        22 240
 3  90  49  70  -2   0   5 0.00  0.0    0  8.1 21 220   M    M   0        26 210
 4  88  46  67  -5   0   2 0.00  0.0    0  8.6 22 220   M    M   0        27 210
 5  93  48  71  -1   0   6 0.00  0.0    0  9.6 25  70   M    M   0        29  70
 6  95  63  79   7   0  14 0.15  0.0    0  5.3 33 250   M    M   0 3      44 250
 7  90  65  78   7   0  13 0.28  0.0    0  5.0 32 130   M    M   0 3      39 120
 8  86  60  73   2   0   8 0.00  0.0    0  6.1 18 260   M    M   0        24 260
 9  88  58  73   2   0   8 0.00  0.0    0  7.8 22 250   M    M   0        27 250
10  89  59  74   3   0   9 0.00  0.0    0  7.7 25  70   M    M   0        31  70
11  95  58  77   7   0  12 0.00  0.0    0  6.1 20 210   M    M   0        25 210
12  96  56  76   6   0  11 0.00  0.0    0  6.5 18 220   M    M   0        26 220
13  99  57  78   8   0  13 0.00  0.0    0  6.5 18  80   M    M   0        23  70
14  96  63  80  10   0  15 0.00  0.0    0  8.1 23  80   M    M   0        29  70
15  99  63  81  11   0  16 0.00  0.0    0  8.1 20 220   M    M   0        23 220
16  91  65  78   9   0  13 0.00  0.0    0 13.0 26  50   M    M   0        39  70
17  92  63  78   9   0  13 0.00  0.0    0  8.2 20 300   M    M   0        26 100
18  85  56  71   2   0   6 0.98  0.0    0  8.4 22 220   M    M   0        29 230
================================================================================
SM 1659 1029         0 178  1.41     0.0 137.8          M        0
================================================================================
AV 92.2 57.2                               7.7 FASTST   M    M   0    MAX(MPH)
                                 MISC ---->  # 33 250               # 44  250
================================================================================
NOTES:
# LAST OF SEVERAL OCCURRENCES

COLUMN 17 PEAK WIND IN M.P.H.

PRELIMINARY LOCAL CLIMATOLOGICAL DATA (WS FORM: F-6) , PAGE 2

                                          STATION:  CAMPO ASOS CA
                                          MONTH:    SEPTEMBER
                                          YEAR:     2014
                                          LATITUDE:   32 37 N
                                          LONGITUDE: 116 28 W

[TEMPERATURE DATA]      [PRECIPITATION DATA]       SYMBOLS USED IN COLUMN 16

AVERAGE MONTHLY: 74.7   TOTAL FOR MONTH:   1.41    1 = FOG OR MIST
DPTR FM NORMAL:   3.9   DPTR FM NORMAL:    1.20    2 = FOG REDUCING VISIBILITY
HIGHEST:    99 ON 15,13 GRTST 24HR  0.98 ON 18-18      TO 1/4 MILE OR LESS
LOWEST:     46 ON  4                               3 = THUNDER
                        SNOW, ICE PELLETS, HAIL    4 = ICE PELLETS
                        TOTAL MONTH:   0.0 INCH    5 = HAIL
                        GRTST 24HR     0.0         6 = FREEZING RAIN OR DRIZZLE
                        GRTST DEPTH:   0           7 = DUSTSTORM OR SANDSTORM:
                                                       VSBY 1/2 MILE OR LESS
                                                   8 = SMOKE OR HAZE
[NO. OF DAYS WITH]      [WEATHER - DAYS WITH]      9 = BLOWING SNOW
                                                   X = TORNADO
MAX 32 OR BELOW:   0    0.01 INCH OR MORE:   3
MAX 90 OR ABOVE:  13    0.10 INCH OR MORE:   3
MIN 32 OR BELOW:   0    0.50 INCH OR MORE:   1
MIN  0 OR BELOW:   0    1.00 INCH OR MORE:   0

[HDD (BASE 65) ]
TOTAL THIS MO.     0    CLEAR  (SCALE 0-3)  18
DPTR FM NORMAL   -16    PTCLDY (SCALE 4-7)   0
TOTAL FM JUL 1     2    CLOUDY (SCALE 8-10)  0
DPTR FM NORMAL   -28

[CDD (BASE 65) ]
TOTAL THIS MO.   178
DPTR FM NORMAL    60    [PRESSURE DATA]
TOTAL FM JAN 1   810    HIGHEST SLP M ON M
DPTR FM NORMAL    42    LOWEST  SLP 29.65 ON  3

[REMARKS]
