000
CXUS56 KSGX 311445
CF6CZZ

PRELIMINARY LOCAL CLIMATOLOGICAL DATA (WS FORM: F-6)

                                          STATION:   CAMPO ASOS CA
                                          MONTH:     JANUARY
                                          YEAR:      2015
                                          LATITUDE:   32 37 N
                                          LONGITUDE: 116 28 W

  TEMPERATURE IN F:       :PCPN:    SNOW:  WIND      :SUNSHINE: SKY     :PK WND
================================================================================
1   2   3   4   5  6A  6B    7    8   9   10  11  12  13   14  15   16   17  18
                                     12Z  AVG MX 2MIN
DY MAX MIN AVG DEP HDD CDD  WTR  SNW DPTH SPD SPD DIR MIN PSBL S-S WX    SPD DR
================================================================================

 1  49  17  33 -15  32   0 0.00  0.0    0  5.3 14  80   M    M   0        17  70
 2  52  22  37 -11  28   0 0.00  0.0    0  5.8 15 190   M    M   0        22 250
 3  57  25  41  -7  24   0 0.00  0.0    0  5.6 14 210   M    M   0        16 200
 4  68  31  50   2  15   0 0.00  0.0    0 10.0 21  70   M    M   0        25  70
 5  67  45  56   8   9   0 0.00  0.0    0  9.6 25  70   M    M   0        32  70
 6  72  43  58  10   7   0 0.00  0.0    0  9.5 32  60   M    M   0        38  70
 7  73  43  58  10   7   0 0.00  0.0    0  8.8 25  70   M    M   0        30  60
 8  71  44  58  10   7   0 0.00  0.0    0  4.0 16 220   M    M   0        18 200
 9  67  37  52   4  13   0 0.00  0.0    0  6.2 18 220   M    M   0        20 220
10  65  33  49   1  16   0 0.00  0.0    0  5.2 13 220   M    M   0        16 230
11  57  45  51   3  14   0 0.22    M    0  3.6 15  80   M    M   0        17  80
12  61  45  53   5  12   0 0.00  0.0    0  2.4 14 220   M    M   0        16 220
13  61  34  48  -1  17   0 0.00  0.0    0  8.2 28  60   M    M   0        34  70
14  60  31  46  -3  19   0 0.00  0.0    0 10.4 24  40   M    M   0        33  30
15  61  33  47  -2  18   0 0.00  0.0    0 11.5 36  50   M    M   0        41  50
16  67  35  51   2  14   0 0.00  0.0    0  8.7 23  80   M    M   0        29  80
17  68  36  52   3  13   0 0.00  0.0    0 10.2 26  60   M    M   0        33  60
18  74  31  53   4  12   0 0.00  0.0    0  5.7 16  70   M    M   0        20  80
19  73  33  53   4  12   0 0.00  0.0    0  7.4 18 220   M    M   0        22 220
20  72  33  53   4  12   0 0.00  0.0    0  6.0 16 220   M    M   0        21 220
21  66  31  49   0  16   0 0.00  0.0    0 10.1 25  60   M    M   0        30  70
22  61  33  47  -2  18   0 0.00  0.0    0 11.5 29  50   M    M   0        37  60
23  62  45  54   5  11   0 0.00  0.0    0 13.7 28  70   M    M   0        34  70
24  63  54  59  10   6   0 0.00  0.0    0 24.2 45  40   M    M   0        58  60
25  68  51  60  11   5   0 0.00  0.0    0 20.0 41  50   M    M   0        52  40
26  63  45  54   5  11   0 0.11    M    0 11.9 29  60   M    M   0        35  60
27  67  39  53   4  12   0 0.00  0.0    0  5.4 18 230   M    M   0        21 230
28  63  42  53   4  12   0 0.00  0.0    0  9.7 25  60   M    M   0        30  50
29  63  49  56   7   9   0 0.01    M    0  7.1 21  60   M    M   0        25  60
30  56  47  52   3  13   0 0.02    M    0  3.5 13 210   M    M   0        14 200
================================================================================
SM 1927 1132       414   0  0.36     0.0 261.2          M        0
================================================================================
AV 64.2 37.7                               8.7 FASTST   M    M   0    MAX(MPH)
                                 MISC ---->  # 45  40               # 58   60
================================================================================
NOTES:
# LAST OF SEVERAL OCCURRENCES

COLUMN 17 PEAK WIND IN M.P.H.

PRELIMINARY LOCAL CLIMATOLOGICAL DATA (WS FORM: F-6) , PAGE 2

                                          STATION:  CAMPO ASOS CA
                                          MONTH:    JANUARY
                                          YEAR:     2015
                                          LATITUDE:   32 37 N
                                          LONGITUDE: 116 28 W

[TEMPERATURE DATA]      [PRECIPITATION DATA]       SYMBOLS USED IN COLUMN 16

AVERAGE MONTHLY: 51.0   TOTAL FOR MONTH:   0.36    1 = FOG OR MIST
DPTR FM NORMAL:   2.4   DPTR FM NORMAL:   -2.52    2 = FOG REDUCING VISIBILITY
HIGHEST:    74 ON 18    GRTST 24HR  0.22 ON 31- 1      TO 1/4 MILE OR LESS
LOWEST:     17 ON  1                               3 = THUNDER
                        SNOW, ICE PELLETS, HAIL    4 = ICE PELLETS
                        TOTAL MONTH:   0.0 INCH    5 = HAIL
                        GRTST 24HR     0.0         6 = FREEZING RAIN OR DRIZZLE
                        GRTST DEPTH:   0           7 = DUSTSTORM OR SANDSTORM:
                                                       VSBY 1/2 MILE OR LESS
                                                   8 = SMOKE OR HAZE
[NO. OF DAYS WITH]      [WEATHER - DAYS WITH]      9 = BLOWING SNOW
                                                   X = TORNADO
MAX 32 OR BELOW:   0    0.01 INCH OR MORE:   4
MAX 90 OR ABOVE:   0    0.10 INCH OR MORE:   2
MIN 32 OR BELOW:   7    0.50 INCH OR MORE:   0
MIN  0 OR BELOW:   0    1.00 INCH OR MORE:   0

[HDD (BASE 65) ]
TOTAL THIS MO.   414    CLEAR  (SCALE 0-3)  30
DPTR FM NORMAL   -77    PTCLDY (SCALE 4-7)   0
TOTAL FM JUL 1  1305    CLOUDY (SCALE 8-10)  0
DPTR FM NORMAL  -292

[CDD (BASE 65) ]
TOTAL THIS MO.     0
DPTR FM NORMAL     0    [PRESSURE DATA]
TOTAL FM JAN 1     0    HIGHEST SLP M ON M
DPTR FM NORMAL     0    LOWEST  SLP 29.78 ON 30

[REMARKS]
