000
CXUS51 KRNK 010929
CF6DAN
PRELIMINARY LOCAL CLIMATOLOGICAL DATA (WS FORM: F-6)

                                          STATION:   DANVILLE VA
                                          MONTH:     AUGUST
                                          YEAR:      2014
                                          LATITUDE:   36 34 N
                                          LONGITUDE:  79 20 W

  TEMPERATURE IN F:       :PCPN:    SNOW:  WIND      :SUNSHINE: SKY     :PK WND
================================================================================
1   2   3   4   5  6A  6B    7    8   9   10  11  12  13   14  15   16   17  18
                                     12Z  AVG MX 2MIN
DY MAX MIN AVG DEP HDD CDD  WTR  SNW DPTH SPD SPD DIR MIN PSBL S-S WX    SPD DR
================================================================================

 1  72  64  68 -10   0   3 0.73  0.0    0  6.1 15  50   M    M  10 1      17  70
 2  72  64  68 -10   0   3 0.00  0.0    0  3.8 10  20   M    M  10 1       M  M
 3  84  64  74  -4   0   9 0.00  0.0    0  1.2 12 180   M    M   4 12      M  M
 4  86  66  76  -2   0  11 0.00  0.0    0  2.1  9  40   M    M   3 12     12  40
 5  88  65  77  -1   0  12 0.02  0.0    0  1.3 13 220   M    M   2 1      15 230
 6  89  66  78   0   0  13 0.15  0.0    0  3.6 17  50   M    M   2 1      23 260
 7  85  65  75  -3   0  10 0.00  0.0    0  3.2 12  40   M    M   2 18      M  M
 8  78  67  73  -5   0   8 0.36  0.0    0  1.1  7 230   M    M   6 18      9 220
 9  68  63  66 -12   0   1 2.05  0.0    0  4.9 13 310   M    M  10 1      17 320
10  77  67  72  -6   0   7 0.00  0.0    0  3.5  9  60   M    M  10 1      12  60
11  79  70  75  -3   0  10 0.55  0.0    0  4.1  9 110   M    M  10 1      13 110
12  86  70  78   0   0  13 1.41  0.0    0  1.4 17 300   M    M   6 13     23 290
13  81  64  73  -5   0   8 0.00  0.0    0  6.4 13 300   M    M   4 1      19 350
14  81  57  69  -9   0   4    T  0.0    0  3.6 12 240   M    M   3 1      14 240
15  83  63  73  -4   0   8 0.38  0.0    0  2.1 17 260   M    M   6 13     20 260
16  84  64  74  -3   0   9 0.00  0.0    0  2.9  9 260   M    M   3 12     11 240
17  85  69  77   0   0  12 0.00  0.0    0  3.3  9 260   M    M   3 1      12 260
18  80  71  76  -1   0  11 0.22  0.0    0  1.9 13 270   M    M   7 13     17 270
19  86  70  78   1   0  13 0.00  0.0    0  2.6  9  50   M    M   6 12     12  50
20  88  69  79   2   0  14 0.18  0.0    0  2.7 12 360   M    M   5 13     14 190
21  88  68  78   1   0  13 0.09  0.0    0  3.4 18 320   M    M   1 13     24 310
22  87  69  78   1   0  13 0.02  0.0    0  2.6  8 320   M    M   3 1       M  M
23  84  73  79   3   0  14 0.06  0.0    0  3.9 14  50   M    M   6 1      17  50
24  80  64  72  -4   0   7 0.01  0.0    0  7.5 15  50   M    M   9        19  50
25  79  60  70  -6   0   5 0.00  0.0    0  6.5 17  50   M    M   1        21  50
26  82  57  70  -6   0   5 0.00  0.0    0  3.9 13  50   M    M   0 18     19  50
27  86  57  72  -4   0   7 0.00  0.0    0  3.3 12 330   M    M   0        16 330
28  91  66  79   3   0  14 0.00  0.0    0  3.7 10 290   M    M   1        14 300
29  82  70  76   1   0  11 0.00  0.0    0  4.9 13  50   M    M   7        17  50
30  89  72  81   6   0  16    T  0.0    0  2.7  9 110   M    M   5        14 120
31  91  71  81   6   0  16 0.00  0.0    0  4.4 14 250   M    M   2        20 230
================================================================================
SM 2571 2045         0 300  6.23     0.0 108.6          M      147
================================================================================
AV 82.9 66.0                               3.5 FASTST   M    M   5    MAX(MPH)
                                 MISC ---->  # 18 320               # 24  310
================================================================================
NOTES:
# LAST OF SEVERAL OCCURRENCES

COLUMN 17 PEAK WIND IN M.P.H.

PRELIMINARY LOCAL CLIMATOLOGICAL DATA (WS FORM: F-6) , PAGE 2

                                          STATION:  DANVILLE VA
                                          MONTH:    AUGUST
                                          YEAR:     2014
                                          LATITUDE:   36 34 N
                                          LONGITUDE:  79 20 W

[TEMPERATURE DATA]      [PRECIPITATION DATA]       SYMBOLS USED IN COLUMN 16

AVERAGE MONTHLY: 74.5   TOTAL FOR MONTH:   6.23    1 = FOG OR MIST
DPTR FM NORMAL:  -2.5   DPTR FM NORMAL:    2.26    2 = FOG REDUCING VISIBILITY
HIGHEST:    91 ON 31,28 GRTST 24HR  2.39 ON  8- 9      TO 1/4 MILE OR LESS
LOWEST:     57 ON 27,26                            3 = THUNDER
                        SNOW, ICE PELLETS, HAIL    4 = ICE PELLETS
                        TOTAL MONTH:   0.0 INCH    5 = HAIL
                        GRTST 24HR     0.0         6 = FREEZING RAIN OR DRIZZLE
                        GRTST DEPTH:   0           7 = DUSTSTORM OR SANDSTORM:
                                                       VSBY 1/2 MILE OR LESS
                                                   8 = SMOKE OR HAZE
[NO. OF DAYS WITH]      [WEATHER - DAYS WITH]      9 = BLOWING SNOW
                                                   X = TORNADO
MAX 32 OR BELOW:   0    0.01 INCH OR MORE:  14
MAX 90 OR ABOVE:   2    0.10 INCH OR MORE:   9
MIN 32 OR BELOW:   0    0.50 INCH OR MORE:   4
MIN  0 OR BELOW:   0    1.00 INCH OR MORE:   2

[HDD (BASE 65) ]
TOTAL THIS MO.     0    CLEAR  (SCALE 0-3)  13
DPTR FM NORMAL     0    PTCLDY (SCALE 4-7)  12
TOTAL FM JUL 1     0    CLOUDY (SCALE 8-10)  6
DPTR FM NORMAL     0

[CDD (BASE 65) ]
TOTAL THIS MO.   300
DPTR FM NORMAL   -74    [PRESSURE DATA]
TOTAL FM JAN 1  1189    HIGHEST SLP 30.21 ON 30
DPTR FM NORMAL   -38    LOWEST  SLP 29.75 ON 12

[REMARKS]
#FINAL-08-14#
