000
CXUS55 KALY 290710
CF6DDH
PRELIMINARY LOCAL CLIMATOLOGICAL DATA (WS FORM: F-6)

                                          STATION:   BENNINGTON VT
                                          MONTH:     JULY
                                          YEAR:      2015
                                          LATITUDE:   42 53 N
                                          LONGITUDE:  73 15 W

  TEMPERATURE IN F:       :PCPN:    SNOW:  WIND      :SUNSHINE: SKY     :PK WND
================================================================================
1   2   3   4   5  6A  6B    7    8   9   10  11  12  13   14  15   16   17  18
                                     12Z  AVG MX 2MIN
DY MAX MIN AVG DEP HDD CDD  WTR  SNW DPTH SPD SPD DIR MIN PSBL S-S WX    SPD DR
================================================================================

 1  76  62  69   2   0   4 0.60    M    M  6.8 20 280   M    M   8 13     32  50
 2  74  51  63  -4   2   0 0.00    M    M  5.2 13 270   M    M   3 8      25 220
 3  75  44  60  -8   5   0 0.00    M    M  1.9  8 150   M    M   0 18     13 330
 4  66  50  58 -10   7   0 0.25    M    M   M   M   M   M    M   7 128     M  M
 5  79  50  65  -3   0   0 0.00    M    M  2.1  9 260   M    M   5 128    14 270
 6  83  51  67  -1   0   2 0.00    M    M  1.5  9 270   M    M   1 128    13 260
 7  83  63  73   5   0   8 0.05    M    M  4.6 15 150   M    M   5 138    22 170
 8  78  57  68   0   0   3    T    M    M  3.5 16 330   M    M   3 18     26 330
 9  77  57  67  -1   0   2    M    M    M  2.2 12 180   M    M   5 1      14 180
10  81  58  70   2   0   5 0.00    M    M  5.2 13 260   M    M   5 18     18 310
11  83  53  68   0   0   3 0.00    M    M  2.5 10 270   M    M   0 18     12 270
12  84  55  70   2   0   5 0.00    M    M  2.0  9 280   M    M   0 18     14 230
13  86  60  73   5   0   8    T    M    M  5.4 15 180   M    M   0 13     20 140
14  83  60  72   4   0   7 0.00    M    M  5.1 14 170   M    M   5 8      18 120
15  73  48  61  -7   4   0    T    M    M  4.3 14 350   M    M   4 18     21 310
16  74  43  59  -9   6   0 0.00    M    M  2.7 12 260   M    M   0 18     15 270
17  80  47  64  -4   1   0    T    M    M  3.9 14 210   M    M   2 8      18 220
18  85  64  75   7   0  10 0.46    M    M  2.9 12 190   M    M   7 18     17 150
19  88  63  76   8   0  11 0.49    M    M  3.8 22 210   M    M   3 123    32 210
20  83  62  73   5   0   8 0.00    M    M  4.3 13 230   M    M   2 128    20 230
21  84  58  71   3   0   6 0.00    M    M  3.4 13 230   M    M   2 1      18 210
22  77  54  66  -2   0   1 0.00    M    M  4.6 15 290   M    M   6 1      21 300
23  76  54  65  -3   0   0 0.07    M    M  1.5  8 340   M    M   6 1      13 200
24  78  48  63  -5   2   0    T    M    M  1.8 12 250   M    M   3 138    16 270
25  81  51  66  -2   0   1 0.00    M    M  1.1  9 240   M    M   2 18     10 250
26  83  64  74   6   0   9    T    M    M  1.8  8 200   M    M   6 18     12 220
27  86  62  74   6   0   9 0.00    M    M  1.4  9 280   M    M   4 18     12 280
28  89  60  75   7   0  10 0.00    M    M  2.8 10 280   M    M   1 128    16 270
================================================================================
SM 2245 1549        27 112  1.92    M     88.3          M       95
================================================================================
AV 80.2 55.3                               3.3 FASTST   M    M   3    MAX(MPH)
                                 MISC ---->  # 22 210               # 32   50
================================================================================
NOTES:
# LAST OF SEVERAL OCCURRENCES

COLUMN 17 PEAK WIND IN M.P.H.

PRELIMINARY LOCAL CLIMATOLOGICAL DATA (WS FORM: F-6) , PAGE 2

                                          STATION:  BENNINGTON VT
                                          MONTH:    JULY
                                          YEAR:     2015
                                          LATITUDE:   42 53 N
                                          LONGITUDE:  73 15 W

[TEMPERATURE DATA]      [PRECIPITATION DATA]       SYMBOLS USED IN COLUMN 16

AVERAGE MONTHLY: 67.8   TOTAL FOR MONTH:   1.92    1 = FOG OR MIST
DPTR FM NORMAL:  -0.2   DPTR FM NORMAL:   -2.00    2 = FOG REDUCING VISIBILITY
HIGHEST:    89 ON 28    GRTST 24HR  0.61 ON 30- 1      TO 1/4 MILE OR LESS
LOWEST:     43 ON 16                               3 = THUNDER
                        SNOW, ICE PELLETS, HAIL    4 = ICE PELLETS
                        TOTAL MONTH:    M          5 = HAIL
                        GRTST 24HR    M  ON   M    6 = FREEZING RAIN OR DRIZZLE
                        GRTST DEPTH:  M  ON   M    7 = DUSTSTORM OR SANDSTORM:
                                                       VSBY 1/2 MILE OR LESS
                                                   8 = SMOKE OR HAZE
[NO. OF DAYS WITH]      [WEATHER - DAYS WITH]      9 = BLOWING SNOW
                                                   X = TORNADO
MAX 32 OR BELOW:   0    0.01 INCH OR MORE:   6
MAX 90 OR ABOVE:   0    0.10 INCH OR MORE:   4
MIN 32 OR BELOW:   0    0.50 INCH OR MORE:   1
MIN  0 OR BELOW:   0    1.00 INCH OR MORE:   0

[HDD (BASE 65) ]
TOTAL THIS MO.    27    CLEAR  (SCALE 0-3)  13
DPTR FM NORMAL    -1    PTCLDY (SCALE 4-7)  15
TOTAL FM JUL 1    27    CLOUDY (SCALE 8-10)  0
DPTR FM NORMAL    -1

[CDD (BASE 65) ]
TOTAL THIS MO.   112
DPTR FM NORMAL     1    [PRESSURE DATA]
TOTAL FM JAN 1   223    HIGHEST SLP M ON M
DPTR FM NORMAL    40    LOWEST  SLP 29.54 ON 14

[REMARKS]
