350
CXUS55 KALY 280710
CF6DDH
PRELIMINARY LOCAL CLIMATOLOGICAL DATA (WS FORM: F-6)

                                          STATION:   BENNINGTON VT
                                          MONTH:     JULY
                                          YEAR:      2016
                                          LATITUDE:   42 53 N
                                          LONGITUDE:  73 15 W

  TEMPERATURE IN F:       :PCPN:    SNOW:  WIND      :SUNSHINE: SKY     :PK WND
================================================================================
1   2   3   4   5  6A  6B    7    8   9   10  11  12  13   14  15   16   17  18
                                     12Z  AVG MX 2MIN
DY MAX MIN AVG DEP HDD CDD  WTR  SNW DPTH SPD SPD DIR MIN PSBL S-S WX    SPD DR
================================================================================

 1  82  52  67   0   0   2 0.31    M    M  5.8 21 170   M    M   5 123    29 180
 2  73  56  65  -2   0   0 0.00    M    M  8.2 18 270   M    M   4        28 270
 3  79  49  64  -4   1   0 0.00    M    M  4.0 16 270   M    M   2        23 270
 4  84  49  67  -1   0   2 0.00    M    M  2.8 13 270   M    M   1 1      18 300
 5  85  61  73   5   0   8 0.00    M    M  3.1 12 320   M    M   5        16 320
 6  87  57  72   4   0   7 0.00    M    M  3.1 15 240   M    M   0 18     20 310
 7  90  63  77   9   0  12 0.04    M    M  3.4 16 190   M    M   2 123    24 360
 8  85  65  75   7   0  10 0.04    M    M  4.2 13 130   M    M   7 18     17 120
 9  67  60  64  -4   1   0 0.06    M    M  6.1 15 140   M    M  10 13     20 130
10  74  60  67  -1   0   2 0.23    M    M  4.2 13 330   M    M   9 1      19  20
11  76  54  65  -3   0   0 0.00    M    M  4.5 13  10   M    M   3 18     15 360
12  76  50  63  -5   2   0 0.00    M    M  0.3  4  99   M    M   1 1       M  M
13  89  62  76   8   0  11 0.00    M    M  5.6 16 200   M    M   M        22 180
14  86  69  78  10   0  13 0.18    M    M  4.0 20 190   M    M   M 128    27 180
15  86  62  74   6   0   9 0.34    M    M  3.1 21 270   M    M   4 12     28 330
16  81  57  69   1   0   4 0.02    M    M  2.5 12 270   M    M   5 128    16 290
17  83  63  73   5   0   8 0.04    M    M  3.0  9 320   M    M   4 18     16 270
18  85  59  72   4   0   7 0.04    M    M  6.6 15 200   M    M   4 18     24 210
19  76  50  63  -5   2   0 0.00    M    M  5.7 15 340   M    M   4 8      23 320
20  77  45  61  -7   4   0 0.00    M    M  2.3 10 330   M    M   0 18     15 320
21  85  49  67  -1   0   2    T    M    M  2.2 10 280   M    M   0 18     14 250
22  91  57  74   6   0   9    T    M    M  5.3 16 250   M    M   4 8      26 260
23  88  56  72   4   0   7 0.04    M    M  3.5 16 280   M    M   2 1      24 270
24  84  53  69   1   0   4 0.00    M    M  2.3 10 340   M    M   3 128    14 290
25  89  60  75   7   0  10    T    M    M  2.8  9 320   M    M   2 1      13 330
26  84  62  73   5   0   8 0.00    M    M  5.8 16 270   M    M   4 8      22 320
27  89  57  73   5   0   8 0.00    M    M  2.2 10 320   M    M   0 18     17 360
================================================================================
SM 2231 1537        10 143  1.34    M    106.6          M       85
================================================================================
AV 82.6 56.9                               3.9 FASTST   M    M   3    MAX(MPH)
                                 MISC ---->  # 21 270                 29    M
================================================================================
NOTES:
# LAST OF SEVERAL OCCURRENCES

COLUMN 17 PEAK WIND IN M.P.H.

PRELIMINARY LOCAL CLIMATOLOGICAL DATA (WS FORM: F-6) , PAGE 2

                                          STATION:  BENNINGTON VT
                                          MONTH:    JULY
                                          YEAR:     2016
                                          LATITUDE:   42 53 N
                                          LONGITUDE:  73 15 W

[TEMPERATURE DATA]      [PRECIPITATION DATA]       SYMBOLS USED IN COLUMN 16

AVERAGE MONTHLY: 69.8   TOTAL FOR MONTH:   1.34    1 = FOG OR MIST
DPTR FM NORMAL:   1.9   DPTR FM NORMAL:   -2.44    2 = FOG REDUCING VISIBILITY
HIGHEST:    91 ON 22    GRTST 24HR  0.34 ON 15-15      TO 1/4 MILE OR LESS
LOWEST:     45 ON 20                               3 = THUNDER
                        SNOW, ICE PELLETS, HAIL    4 = ICE PELLETS
                        TOTAL MONTH:    M          5 = HAIL
                        GRTST 24HR    M  ON   M    6 = FREEZING RAIN OR DRIZZLE
                        GRTST DEPTH:  M  ON   M    7 = DUSTSTORM OR SANDSTORM:
                                                       VSBY 1/2 MILE OR LESS
                                                   8 = SMOKE OR HAZE
[NO. OF DAYS WITH]      [WEATHER - DAYS WITH]      9 = BLOWING SNOW
                                                   X = TORNADO
MAX 32 OR BELOW:   0    0.01 INCH OR MORE:  11
MAX 90 OR ABOVE:   2    0.10 INCH OR MORE:   4
MIN 32 OR BELOW:   0    0.50 INCH OR MORE:   0
MIN  0 OR BELOW:   0    1.00 INCH OR MORE:   0

[HDD (BASE 65) ]
TOTAL THIS MO.    10    CLEAR  (SCALE 0-3)  11
DPTR FM NORMAL   -17    PTCLDY (SCALE 4-7)  12
TOTAL FM JUL 1    10    CLOUDY (SCALE 8-10)  2
DPTR FM NORMAL   -17

[CDD (BASE 65) ]
TOTAL THIS MO.   143
DPTR FM NORMAL    36    [PRESSURE DATA]
TOTAL FM JAN 1   243    HIGHEST SLP M ON M
DPTR FM NORMAL    64    LOWEST  SLP 29.70 ON  7

[REMARKS]
