000
CXUS53 KILX 270900
CF6DEC
PRELIMINARY LOCAL CLIMATOLOGICAL DATA (WS FORM: F-6)

                                          STATION:   DECATUR IL AIRPORT
                                          MONTH:     MARCH
                                          YEAR:      2017
                                          LATITUDE:   39 49 N
                                          LONGITUDE:  88 51 W

  TEMPERATURE IN F:       :PCPN:    SNOW:  WIND      :SUNSHINE: SKY     :PK WND
================================================================================
1   2   3   4   5  6A  6B    7    8   9   10  11  12  13   14  15   16   17  18
                                     12Z  AVG MX 2MIN
DY MAX MIN AVG DEP HDD CDD  WTR  SNW DPTH SPD SPD DIR MIN PSBL S-S WX    SPD DR
================================================================================

 1  64  34  49  13  16   0 0.58    M    M 18.8 36 310   M    M   7 13     44 270
 2  41  29  35  -1  30   0 0.00    M    M 11.8 22 290   M    M   4        28 270
 3  38  22  30  -7  35   0 0.00    M    M  8.4 18 330   M    M   0        25 330
 4  60  32  46   9  19   0 0.00    M    M 12.5 20 140   M    M   2        24 140
 5  62  34  48  11  17   0 0.00    M    M 17.0 31 190   M    M   7        39 190
 6  65  50  58  20   7   0    T  0.0    0 20.7 37 200   M    M  10 1      46 200
 7  65  41  53  15  12   0 0.37    M    M 15.2 37 200   M    M   3 138    50 270
 8  60  33  47   8  18   0 0.00    M    M 12.3 26 280   M    M   0        36 260
 9  60  30  45   6  20   0 0.03    M    M 10.7 25  30   M    M   2        33  40
10  40  29  35  -4  30   0 0.00    M    M 13.3 24 350   M    M   1        29 350
11  35  26  31  -9  34   0 0.00    M    M  7.9 14  40   M    M   5        18  40
12  38  18  28 -12  37   0 0.00    M    M  5.5 15 140   M    M   3        20 130
13  34  27  31  -9  34   0 0.10    M    M 12.0 20 100   M    M  10 1      21  30
14  28  18  23 -18  42   0    T    M    M 12.3 22 350   M    M   6 8      27 350
15  31  16  24 -17  41   0 0.00    M    M  8.9 16 300   M    M   0        21 300
16  47  17  32 -10  33   0    T    M    M  9.1 18 180   M    M   2        22 180
17  62  39  51   9  14   0 0.13    M    M 11.4 22 310   M    M   7 13     28 210
18  48  29  39  -3  26   0 0.00    M    M 11.1 24 320   M    M   6 1      32 320
19  55  25  40  -3  25   0 0.00    M    M  8.6 18 180   M    M   1        22 180
20  72  45  59  16   6   0 0.00    M    M 12.4 22  10   M    M   5 1      27 210
21  59  34  47   3  18   0 0.00    M    M 13.9 23 350   M    M   2 18     27 340
22  45  27  36  -8  29   0 0.00    M    M 14.7 23  50   M    M   1        26  60
23  49  30  40  -4  25   0 0.01    M    M 13.0 22 170   M    M   6        29 170
24  75  48  62  17   3   0    T    M    M 17.9 35 210   M    M   3        43 200
25  68  57  63  18   2   0 0.02    M    M 12.9 23 180   M    M   7        30 150
26  58  46  52   7  13   0    T    M    M  9.8 21 230   M    M   8        26 230
================================================================================
SM 1359  836       586   0  1.24     0.0 322.1          M      108
================================================================================
AV 52.3 32.2                              12.4 FASTST   M    M   4    MAX(MPH)
                                 MISC ---->  # 37 200               # 50  270
================================================================================
NOTES:
# LAST OF SEVERAL OCCURRENCES

COLUMN 17 PEAK WIND IN M.P.H.

PRELIMINARY LOCAL CLIMATOLOGICAL DATA (WS FORM: F-6) , PAGE 2

                                          STATION:  DECATUR IL AIRPORT
                                          MONTH:    MARCH
                                          YEAR:     2017
                                          LATITUDE:   39 49 N
                                          LONGITUDE:  88 51 W

[TEMPERATURE DATA]      [PRECIPITATION DATA]       SYMBOLS USED IN COLUMN 16

AVERAGE MONTHLY: 42.2   TOTAL FOR MONTH:   1.24    1 = FOG OR MIST
DPTR FM NORMAL:   1.6   DPTR FM NORMAL:   -0.92    2 = FOG REDUCING VISIBILITY
HIGHEST:    75 ON 24    GRTST 24HR  0.58 ON  1- 1      TO 1/4 MILE OR LESS
LOWEST:     16 ON 15                               3 = THUNDER
                        SNOW, ICE PELLETS, HAIL    4 = ICE PELLETS
                        TOTAL MONTH:   0.0 INCH    5 = HAIL
                        GRTST 24HR     0.0         6 = FREEZING RAIN OR DRIZZLE
                        GRTST DEPTH:   0           7 = DUSTSTORM OR SANDSTORM:
                                                       VSBY 1/2 MILE OR LESS
                                                   8 = SMOKE OR HAZE
[NO. OF DAYS WITH]      [WEATHER - DAYS WITH]      9 = BLOWING SNOW
                                                   X = TORNADO
MAX 32 OR BELOW:   2    0.01 INCH OR MORE:   7
MAX 90 OR ABOVE:   0    0.10 INCH OR MORE:   4
MIN 32 OR BELOW:  15    0.50 INCH OR MORE:   1
MIN  0 OR BELOW:   0    1.00 INCH OR MORE:   0

[HDD (BASE 65) ]
TOTAL THIS MO.   586    CLEAR  (SCALE 0-3)  12
DPTR FM NORMAL   -47    PTCLDY (SCALE 4-7)  11
TOTAL FM JUL 1  3945    CLOUDY (SCALE 8-10)  3
DPTR FM NORMAL  -945

[CDD (BASE 65) ]
TOTAL THIS MO.     0
DPTR FM NORMAL     0    [PRESSURE DATA]
TOTAL FM JAN 1     0    HIGHEST SLP M ON M
DPTR FM NORMAL     0    LOWEST  SLP 29.47 ON  1

[REMARKS]
