000
CXUS53 KARX 010930
CF6DEH
PRELIMINARY LOCAL CLIMATOLOGICAL DATA (WS FORM: F-6)

                                          STATION:   DECORAH IA
                                          MONTH:     APRIL
                                          YEAR:      2016
                                          LATITUDE:   43 16 N
                                          LONGITUDE:  91 44 W

  TEMPERATURE IN F:       :PCPN:    SNOW:  WIND      :SUNSHINE: SKY     :PK WND
================================================================================
1   2   3   4   5  6A  6B    7    8   9   10  11  12  13   14  15   16   17  18
                                     12Z  AVG MX 2MIN
DY MAX MIN AVG DEP HDD CDD  WTR  SNW DPTH SPD SPD DIR MIN PSBL S-S WX    SPD DR
================================================================================

 1  43  28  36   M  29   0    T    T    0  9.6 27 330   M    M   6 1      35 310
 2  36  28  32   M  33   0    T    T    0 16.2 33 330   M    M   6        46 320
 3  73  28  51   M  14   0 0.00  0.0    0 13.1 23 330   M    M   2        35 250
 4  41  28  35   M  30   0 0.00  0.0    0  9.0 16 330   M    M   4        24 330
 5  37  27  32   M  33   0 0.03  0.0    0 11.5 23 150   M    M   5        36 150
 6  48  36  42   M  23   0 0.08  0.0    0  9.5 20 340   M    M  10 1      23 330
 7  43  32  38   M  27   0    T  0.0    0 11.4 16 340   M    M   9        24 340
 8  37  25  31   M  34   0 0.01    T    0 15.9 28 320   M    M   7        39 320
 9  39  21  30   M  35   0 0.00  0.0    0  8.4 15 160   M    M   2        24 160
10  61  36  49   M  16   0 0.00  0.0    0 11.1 16 160   M    M   4        27 160
11  45  30  38   M  27   0 0.00  0.0    0 13.6 24 330   M    M   1        36 310
12  52  25  39   M  26   0 0.00  0.0    0  6.6 13 170   M    M   3        18 170
13  63  41  52   M  13   0 0.00  0.0    0 12.8 21 170   M    M   7        28 180
14  68  41  55   M  10   0 0.00  0.0    0 10.5 16 170   M    M   2        25 160
15  73  45  59   M   6   0 0.00  0.0    0 11.9 18 160   M    M   3        28 160
16  79  52  66   M   0   1 0.00  0.0    0 10.7 16 170   M    M   3        24 140
17  79  55  67   M   0   2 0.00  0.0    0  8.7 13 170   M    M   4        18 180
18  79  55  67   M   0   2 0.03  0.0    0  6.7 12 160   M    M   4        18 190
19  59  50  55   M  10   0 0.11  0.0    0  8.5 14  90   M    M   9 1      20  90
20  66  46  56   M   9   0 0.12  0.0    0  8.8 15 160   M    M   6 18     21 160
21  66  43  55   M  10   0 0.00  0.0    0  4.5 10 340   M    M   4 12     17 340
22  61  48  55   M  10   0 0.00  0.0    0  6.1 13  10   M    M   7        15  50
23  66  43  55   M  10   0 0.00  0.0    0  8.2 15 160   M    M   7        21 170
24  77  52  65   M   0   0 0.01  0.0    0 10.6 16 170   M    M   4        27 170
25  73  55  64   M   1   0 0.00  0.0    0  9.4 17 200   M    M   5        27 200
26  54  43  49   M  16   0 0.00  0.0    0 10.9 18  80   M    M  10        25  80
27  50  41  46   M  19   0 0.25  0.0    0 18.0 24  90   M    M   8 8      30  90
28  45  39  42   M  23   0 0.02  0.0    0  9.5 20  90   M    M  10 1      28  80
29  50  39  45   M  20   0 0.00  0.0    0  6.5 13  90   M    M  10        18  50
30  46  43  45   M  20   0 0.53  0.0    0 13.0 20  60   M    M   7 1      29  60
================================================================================
SM 1709 1175       504   5  1.19    T    311.2          M      169
================================================================================
AV 57.0 39.2                              10.4 FASTST   M    M   6    MAX(MPH)
                                 MISC ---->    33   M               # 46  320
================================================================================
NOTES:
# LAST OF SEVERAL OCCURRENCES

COLUMN 17 PEAK WIND IN M.P.H.

PRELIMINARY LOCAL CLIMATOLOGICAL DATA (WS FORM: F-6) , PAGE 2

                                          STATION:  DECORAH IA
                                          MONTH:    APRIL
                                          YEAR:     2016
                                          LATITUDE:   43 16 N
                                          LONGITUDE:  91 44 W

[TEMPERATURE DATA]      [PRECIPITATION DATA]       SYMBOLS USED IN COLUMN 16

AVERAGE MONTHLY: 48.1   TOTAL FOR MONTH:   1.19    1 = FOG OR MIST
DPTR FM NORMAL:     M   DPTR FM NORMAL:       M    2 = FOG REDUCING VISIBILITY
HIGHEST:    79 ON 18,17 GRTST 24HR  0.53 ON 30-30      TO 1/4 MILE OR LESS
LOWEST:     21 ON  9                               3 = THUNDER
                        SNOW, ICE PELLETS, HAIL    4 = ICE PELLETS
                        TOTAL MONTH:    T          5 = HAIL
                        GRTST 24HR    T  ON  8- 8  6 = FREEZING RAIN OR DRIZZLE
                        GRTST DEPTH:   0           7 = DUSTSTORM OR SANDSTORM:
                                                       VSBY 1/2 MILE OR LESS
                                                   8 = SMOKE OR HAZE
[NO. OF DAYS WITH]      [WEATHER - DAYS WITH]      9 = BLOWING SNOW
                                                   X = TORNADO
MAX 32 OR BELOW:   0    0.01 INCH OR MORE:  10
MAX 90 OR ABOVE:   0    0.10 INCH OR MORE:   4
MIN 32 OR BELOW:  10    0.50 INCH OR MORE:   1
MIN  0 OR BELOW:   0    1.00 INCH OR MORE:   0

[HDD (BASE 65) ]
TOTAL THIS MO.   504    CLEAR  (SCALE 0-3)   7
DPTR FM NORMAL     M    PTCLDY (SCALE 4-7)  16
TOTAL FM JUL 1  5994    CLOUDY (SCALE 8-10)  7
DPTR FM NORMAL     M

[CDD (BASE 65) ]
TOTAL THIS MO.     5
DPTR FM NORMAL     M    [PRESSURE DATA]
TOTAL FM JAN 1     5    HIGHEST SLP M ON M
DPTR FM NORMAL     M    LOWEST  SLP M ON M

[REMARKS]
#FINAL-04-16#
