000
CXUS55 KBOU 250756
CF6DEN
PRELIMINARY LOCAL CLIMATOLOGICAL DATA (WS FORM: F-6)

                                          STATION:   DENVER CO
                                          MONTH:     SEPTEMBER
                                          YEAR:      2016
                                          LATITUDE:   39 52 N
                                          LONGITUDE: 104 40 W

  TEMPERATURE IN F:       :PCPN:    SNOW:  WIND      :SUNSHINE: SKY     :PK WND
================================================================================
1   2   3   4   5  6A  6B    7    8   9   10  11  12  13   14  15   16   17  18
                                     12Z  AVG MX 2MIN
DY MAX MIN AVG DEP HDD CDD  WTR  SNW DPTH SPD SPD DIR MIN PSBL S-S WX    SPD DR
================================================================================

 1  87  54  71   2   0   6 0.00  0.0    0 11.2 26 180   M    M   4 128    33 180
 2  84  62  73   4   0   8 0.00  0.0    0  9.8 22 170   M    M   6        29 170
 3  90  58  74   6   0   9 0.00  0.0    0  9.8 30 300   M    M   6        36 300
 4  90  51  71   3   0   6 0.02  0.0    0  9.3 33 190   M    M   3 3      51 200
 5  93  50  72   4   0   7 0.00  0.0    0  8.5 22 170   M    M   1        32 120
 6  87  59  73   6   0   8 0.00  0.0    0 10.2 32  80   M    M   8 3      39  80
 7  88  52  70   3   0   5 0.01  0.0    0  6.9 17  80   M    M   7 12     24 100
 8  89  49  69   2   0   4 0.00  0.0    0  7.2 17 200   M    M   2        22 210
 9  75  44  60  -6   5   0 0.00  0.0    0 10.5 29  10   M    M   3        36  30
10  83  37  60  -6   5   0 0.00  0.0    0 10.6 16 200   M    M   1        26 150
11  90  53  72   7   0   7 0.00  0.0    0  9.3 20 260   M    M   5        26 270
12  74  52  63  -2   2   0 0.18  0.0    0 11.5 22  70   M    M   6 13     27  70
13  68  48  58  -7   7   0    T  0.0    0 13.5 24  70   M    M   8        29  90
14  84  46  65   1   0   0    T  0.0    0  7.0 28 320   M    M   6 3      34 130
15  78  50  64   0   1   0 0.00  0.0    0  7.8 26  30   M    M   5 3      33  30
16  73  39  56  -7   9   0 0.07  0.0    0  8.0 23 150   M    M   4 3      28 150
17  78  44  61  -2   4   0 0.00  0.0    0 10.4 17 330   M    M   2        21 330
18  88  52  70   8   0   5 0.00  0.0    0  9.2 18 280   M    M   2        23 280
19  90  60  75  13   0  10 0.00  0.0    0 11.6 25 190   M    M   2        31 190
20  90  60  75  13   0  10 0.00  0.0    0  6.1 22 180   M    M   8        26 180
21  84  57  71  10   0   6 0.00  0.0    0  9.6 28 210   M    M   8        32 220
22  76  49  63   2   2   0 0.00  0.0    0  9.4 18 330   M    M   7 12     22  60
23  88  51  70  10   0   5 0.00  0.0    0 16.0 37 170   M    M   6 78     48 170
24  71  38  55  -5  10   0 0.00  0.0    0 10.5 28 300   M    M   4        34 300
================================================================================
SM 1998 1215        45  96  0.28     0.0 233.9            M    114
================================================================================
AV 83.3 50.6                               9.7 FASTST            5    MAX(MPH)
                                 MISC ---->  # 37 170     M   M     # 51  200
================================================================================
NOTES: SUNSHINE DATA WILL NO LONGER BE AVAILABLE EFFECTIVE OCTOBER 1ST 2009.

# LAST OF SEVERAL OCCURRENCES

COLUMN 17 PEAK WIND IN M.P.H.

PRELIMINARY LOCAL CLIMATOLOGICAL DATA (WS FORM: F-6) , PAGE 2

                                          STATION:  DENVER CO
                                          MONTH:    SEPTEMBER
                                          YEAR:     2016
                                          LATITUDE:   39 52 N
                                          LONGITUDE: 104 40 W

[TEMPERATURE DATA]      [PRECIPITATION DATA]       SYMBOLS USED IN COLUMN 16

AVERAGE MONTHLY: 66.9   TOTAL FOR MONTH:   0.28    1 = FOG OR MIST
DPTR FM NORMAL:   2.3   DPTR FM NORMAL:   -0.49    2 = FOG REDUCING VISIBILITY
HIGHEST:    93 ON  5    GRTST 24HR  0.18 ON 12-12      TO 1/4 MILE OR LESS
LOWEST:     37 ON 10                               3 = THUNDER
                        SNOW, ICE PELLETS, HAIL    4 = ICE PELLETS
                        TOTAL MONTH:   0.0 INCH    5 = HAIL
                        GRTST 24HR     0.0         6 = FREEZING RAIN OR DRIZZLE
                        GRTST DEPTH:   0           7 = DUSTSTORM OR SANDSTORM:
                                                       VSBY 1/2 MILE OR LESS
                                                   8 = SMOKE OR HAZE
[NO. OF DAYS WITH]      [WEATHER - DAYS WITH]      9 = BLOWING SNOW
                                                   X = TORNADO
MAX 32 OR BELOW:   0    0.01 INCH OR MORE:   4
MAX 90 OR ABOVE:   6    0.10 INCH OR MORE:   1
MIN 32 OR BELOW:   0    0.50 INCH OR MORE:   0
MIN  0 OR BELOW:   0    1.00 INCH OR MORE:   0

[HDD (BASE 65) ]
TOTAL THIS MO.    45    CLEAR  (SCALE 0-3)   7
DPTR FM NORMAL   -33    PTCLDY (SCALE 4-7)  17
TOTAL FM JUL 1    60    CLOUDY (SCALE 8-10)  0
DPTR FM NORMAL   -34

[CDD (BASE 65) ]
TOTAL THIS MO.    96
DPTR FM NORMAL    25    [PRESSURE DATA]
TOTAL FM JAN 1   858    HIGHEST SLP M ON M
DPTR FM NORMAL    99    LOWEST  SLP 29.42 ON 23

[REMARKS]
