000
CXUS54 KSHV 181300
CF6DEQ
PRELIMINARY LOCAL CLIMATOLOGICAL DATA (WS FORM: F-6)

                                          STATION:   DE QUEEN
                                          MONTH:     JANUARY
                                          YEAR:      2018
                                          LATITUDE:   34  2 N
                                          LONGITUDE:  94 24 W

  TEMPERATURE IN F:       :PCPN:    SNOW:  WIND      :SUNSHINE: SKY     :PK WND
================================================================================
1   2   3   4   5  6A  6B    7    8   9   10  11  12  13   14  15   16   17  18
                                     12Z  AVG MX 2MIN
DY MAX MIN AVG DEP HDD CDD  WTR  SNW DPTH SPD SPD DIR MIN PSBL S-S WX    SPD DR
================================================================================

 1  30  15  23 -19  42   0 0.00  0.0    0  5.8 13  20   M    M   0        16  20
 2  27  12  20 -22  45   0 0.00  0.0    0  2.1 10 110   M    M   3        14 100
 3  47  13  30 -12  35   0 0.00  0.0    0  4.2 15 310   M    M   M        20 320
 4  47  16  32 -10  33   0 0.00  0.0    0  1.0  7 250   M    M   M        10 230
 5  55  18  37  -5  28   0 0.00  0.0    0  2.1 10 230   M    M   M        13 180
 6  53  23  38  -4  27   0 0.00  0.0    0  6.8 14  90   M    M   M        20  80
 7  58  36  47   5  18   0 0.58  0.0    0  5.3 15 180   M    M   9 12     22 180
 8  54  31  43   1  22   0 0.01  0.0    0  4.3 13  10   M    M   5 12     19  20
 9  47  42  45   3  20   0 0.00  0.0    0  3.8 10 110   M    M  10 1      13 100
10  56  47  52  10  13   0 0.00  0.0    0  4.7 13 180   M    M  10 1      20 170
11  64  29  47   6  18   0    T    T    0  7.7 23 360   M    M   9        33 340
12  44  21  33  -8  32   0    T    T    0  8.8 20 330   M    M   0        27 340
13  43  26  35  -6  30   0 0.00  0.0    0  3.1 12  20   M    M   4        15  30
14  39  22  31 -10  34   0 0.00  0.0    0  4.2 10 140   M    M   4        14 150
15  46  20  33  -8  32   0    T    M    0  4.8 18  30   M    M   7        26 340
16  26  10  18 -23  47   0    T  0.1    0  7.6 16 360   M    M   2 8      23 320
17  34   6  20 -21  45   0 0.00  0.0    0  1.1  7 310   M    M   0        11 250
================================================================================
SM  770  387       521   0  0.59     0.1  77.4          M       63
================================================================================
AV 45.3 22.8                               4.6 FASTST   M    M   5    MAX(MPH)
                                 MISC ---->  # 23 360               # 33  340
================================================================================
NOTES:
# LAST OF SEVERAL OCCURRENCES

COLUMN 17 PEAK WIND IN M.P.H.

PRELIMINARY LOCAL CLIMATOLOGICAL DATA (WS FORM: F-6) , PAGE 2

                                          STATION:  DE QUEEN
                                          MONTH:    JANUARY
                                          YEAR:     2018
                                          LATITUDE:   34  2 N
                                          LONGITUDE:  94 24 W

[TEMPERATURE DATA]      [PRECIPITATION DATA]       SYMBOLS USED IN COLUMN 16

AVERAGE MONTHLY: 34.0   TOTAL FOR MONTH:   0.59    1 = FOG OR MIST
DPTR FM NORMAL:  -7.6   DPTR FM NORMAL:   -1.27    2 = FOG REDUCING VISIBILITY
HIGHEST:    64 ON 11    GRTST 24HR  0.58 ON  7- 7      TO 1/4 MILE OR LESS
LOWEST:      6 ON 17                               3 = THUNDER
                        SNOW, ICE PELLETS, HAIL    4 = ICE PELLETS
                        TOTAL MONTH:   0.1 INCH    5 = HAIL
                        GRTST 24HR   0.1 ON 16-16  6 = FREEZING RAIN OR DRIZZLE
                        GRTST DEPTH:   0           7 = DUSTSTORM OR SANDSTORM:
                                                       VSBY 1/2 MILE OR LESS
                                                   8 = SMOKE OR HAZE
[NO. OF DAYS WITH]      [WEATHER - DAYS WITH]      9 = BLOWING SNOW
                                                   X = TORNADO
MAX 32 OR BELOW:   3    0.01 INCH OR MORE:   2
MAX 90 OR ABOVE:   0    0.10 INCH OR MORE:   1
MIN 32 OR BELOW:  14    0.50 INCH OR MORE:   1
MIN  0 OR BELOW:   0    1.00 INCH OR MORE:   0

[HDD (BASE 65) ]
TOTAL THIS MO.   521    CLEAR  (SCALE 0-3)   5
DPTR FM NORMAL   119    PTCLDY (SCALE 4-7)   4
TOTAL FM JUL 1  1615    CLOUDY (SCALE 8-10)  4
DPTR FM NORMAL     4

[CDD (BASE 65) ]
TOTAL THIS MO.     0
DPTR FM NORMAL     0    [PRESSURE DATA]
TOTAL FM JAN 1     0    HIGHEST SLP M ON M
DPTR FM NORMAL     0    LOWEST  SLP 29.71 ON 11

[REMARKS]
