000
CXUS54 KSHV 271300
CF6DEQ
PRELIMINARY LOCAL CLIMATOLOGICAL DATA (WS FORM: F-6)

                                          STATION:   DE QUEEN
                                          MONTH:     MAY
                                          YEAR:      2016
                                          LATITUDE:   34  2 N
                                          LONGITUDE:  94 24 W

  TEMPERATURE IN F:       :PCPN:    SNOW:  WIND      :SUNSHINE: SKY     :PK WND
================================================================================
1   2   3   4   5  6A  6B    7    8   9   10  11  12  13   14  15   16   17  18
                                     12Z  AVG MX 2MIN
DY MAX MIN AVG DEP HDD CDD  WTR  SNW DPTH SPD SPD DIR MIN PSBL S-S WX    SPD DR
================================================================================

 1  81  55  68   2   0   3 0.00  0.0    0  4.0 13  30   M    M   0 1      17  60
 2  68  48  58  -8   7   0 0.30  0.0    0  4.2 13 320   M    M   8 13     17 310
 3  73  44  59  -7   6   0 0.00  0.0    0  3.1 13 350   M    M   1 1      18 330
 4  81  45  63  -4   2   0 0.00  0.0    0  5.4 18 310   M    M   0 1      28 330
 5  79  44  62  -5   3   0 0.00  0.0    0  2.1 13 340   M    M   0 1      19 310
 6  80  48  64  -3   1   0 0.00  0.0    0  2.4  9 180   M    M   0 1      12  90
 7  83  48  66  -1   0   1 0.00  0.0    0  3.8 14 220   M    M   0 1      18 200
 8  73  54  64  -4   1   0 0.19  0.0    0  3.5 13 210   M    M   1 1      16 210
 9  77  63  70   2   0   5 0.45  0.0    0  5.6 15 330   M    M   7 13     24 330
10  87  65  76   8   0  11 0.00  0.0    0  4.8 13 180   M    M   5 18     17 190
11  85  68  77   9   0  12 0.00  0.0    0  5.0 16 170   M    M   1 1      20 190
12  82  57  70   1   0   5 0.00  0.0    0  4.3 12  50   M    M   2        18  10
13  81  50  66  -3   0   1 0.00  0.0    0  2.2  9 210   M    M   0 12     12 210
14  75  57  66  -3   0   1 0.00  0.0    0  4.2 16  30   M    M   2 1      25  50
15  69  58  64  -6   1   0 0.00  0.0    0  6.7 14 110   M    M  10        20  90
16  69  60  65  -5   0   0 0.02  0.0    0  6.7 12 110   M    M  10 1      15 110
17  83  62  73   3   0   8 0.07  0.0    0  4.0 15 320   M    M   5 1      20 350
18  67  59  63  -7   2   0    T  0.0    0  4.9 12 120   M    M   9        15 100
19  67  55  61 -10   4   0 0.08  0.0    0  5.5 14  80   M    M   7 1      21  70
20  74  57  66  -5   0   1 0.00  0.0    0  1.0  8 310   M    M   8 12     10 310
21  84  53  69  -2   0   4 0.00  0.0    0  2.1  9 100   M    M   3 12     12  90
22  83  61  72   1   0   7 0.00  0.0    0  5.3 14 100   M    M   1        18 100
23  81  60  71  -1   0   6 0.16  0.0    0  4.0 22 120   M    M   4 13     29 120
24  84  67  76   4   0  11    T  0.0    0  5.3 14 170   M    M   7 1      18 180
25  89  75  82  10   0  17 0.00  0.0    0  6.2 15 190   M    M   7        20 170
26  81  70  76   4   0  11 0.04  0.0    0  5.3 18 170   M    M   8 13     27 170
================================================================================
SM 2036 1483        27 104  1.31     0.0 111.6          M      106
================================================================================
AV 78.3 57.0                               4.3 FASTST   M    M   4    MAX(MPH)
                                 MISC ---->  # 22 120               # 29  120
================================================================================
NOTES:
# LAST OF SEVERAL OCCURRENCES

COLUMN 17 PEAK WIND IN M.P.H.

PRELIMINARY LOCAL CLIMATOLOGICAL DATA (WS FORM: F-6) , PAGE 2

                                          STATION:  DE QUEEN
                                          MONTH:    MAY
                                          YEAR:     2016
                                          LATITUDE:   34  2 N
                                          LONGITUDE:  94 24 W

[TEMPERATURE DATA]      [PRECIPITATION DATA]       SYMBOLS USED IN COLUMN 16

AVERAGE MONTHLY: 67.7   TOTAL FOR MONTH:   1.31    1 = FOG OR MIST
DPTR FM NORMAL:  -1.4   DPTR FM NORMAL:   -3.57    2 = FOG REDUCING VISIBILITY
HIGHEST:    89 ON 25    GRTST 24HR  0.45 ON  9- 9      TO 1/4 MILE OR LESS
LOWEST:     44 ON  5, 3                            3 = THUNDER
                        SNOW, ICE PELLETS, HAIL    4 = ICE PELLETS
                        TOTAL MONTH:   0.0 INCH    5 = HAIL
                        GRTST 24HR     0.0         6 = FREEZING RAIN OR DRIZZLE
                        GRTST DEPTH:   0           7 = DUSTSTORM OR SANDSTORM:
                                                       VSBY 1/2 MILE OR LESS
                                                   8 = SMOKE OR HAZE
[NO. OF DAYS WITH]      [WEATHER - DAYS WITH]      9 = BLOWING SNOW
                                                   X = TORNADO
MAX 32 OR BELOW:   0    0.01 INCH OR MORE:   8
MAX 90 OR ABOVE:   0    0.10 INCH OR MORE:   4
MIN 32 OR BELOW:   0    0.50 INCH OR MORE:   0
MIN  0 OR BELOW:   0    1.00 INCH OR MORE:   0

[HDD (BASE 65) ]
TOTAL THIS MO.    27    CLEAR  (SCALE 0-3)  12
DPTR FM NORMAL     6    PTCLDY (SCALE 4-7)   9
TOTAL FM JUL 1  2322    CLOUDY (SCALE 8-10)  5
DPTR FM NORMAL  -720

[CDD (BASE 65) ]
TOTAL THIS MO.   104
DPTR FM NORMAL   -25    [PRESSURE DATA]
TOTAL FM JAN 1   154    HIGHEST SLP M ON M
DPTR FM NORMAL   -22    LOWEST  SLP 29.70 ON 26

[REMARKS]
