000
CXUS56 KOTX 011500
CF6DEW
PRELIMINARY LOCAL CLIMATOLOGICAL DATA (WS FORM: F-6)

                                          STATION:   DEER_PARK WA AIRPORT
                                          MONTH:     JULY
                                          YEAR:      2015
                                          LATITUDE:   47 58 N
                                          LONGITUDE: 117 25 W

  TEMPERATURE IN F:       :PCPN:    SNOW:  WIND      :SUNSHINE: SKY     :PK WND
================================================================================
1   2   3   4   5  6A  6B    7    8   9   10  11  12  13   14  15   16   17  18
                                     12Z  AVG MX 2MIN
DY MAX MIN AVG DEP HDD CDD  WTR  SNW DPTH SPD SPD DIR MIN PSBL S-S WX    SPD DR
================================================================================

 1  94  56  75  13   0  10 0.00    M    M  3.7 13 220   M    M   0        17 220
 2  97  55  76  14   0  11 0.00    M    M  4.1 13 290   M    M   0        18 320
 3 100  54  77  14   0  12 0.00    M    M  4.6 10 220   M    M   0        20 220
 4  97  54  76  13   0  11 0.00    M    M  3.8 13 170   M    M   0        18 180
 5  87  58  73  10   0   8 0.00    M    M 12.3 22  50   M    M   0        29  30
 6  90  60  75  11   0  10 0.00    M    M  7.4 18  30   M    M   0 8      23  40
 7  88  55  72   8   0   7    T    M    M  7.9 18  60   M    M   2 8      24  70
 8  94  57  76  12   0  11 0.00    M    M  6.4 15  50   M    M   0 8      18  50
 9  97  52  75  11   0  10 0.00    M    M  2.5 10 230   M    M   0 8      14 250
10  90  54  72   8   0   7 0.00    M    M  6.5 20 190   M    M   1 8      24 190
11  74  62  68   3   0   3 0.02    M    M  5.7 20 200   M    M   7        27 210
12  83  56  70   5   0   5 0.00    M    M  6.9 16 170   M    M   2        24 190
13  80  53  67   2   0   2 0.13    M    M  5.3 23 180   M    M   5 38     29 180
14  85  51  68   3   0   3 0.00    M    M  5.4 17 240   M    M   2        21 240
15  86  46  66   0   0   1 0.00    M    M  8.3 23 230   M    M   1        29 210
16  80  50  65  -1   0   0 0.00    M    M  9.6 20 300   M    M   2        26 350
17  83  44  64  -2   1   0 0.00    M    M  4.3 12 170   M    M   1        16 170
18  88  47  68   2   0   3 0.00    M    M  3.3 14 250   M    M   1        21 250
19  94  50  72   6   0   7 0.00    M    M  4.3 13 180   M    M   1 8      20 240
20  93  57  75   9   0  10 0.00    M    M 10.4 22 210   M    M   0        28 200
21  87  58  73   7   0   8 0.00    M    M  9.4 21 230   M    M   0        27 190
22  81  49  65  -2   0   0 0.00    M    M  8.3 20 170   M    M   0        24 180
23  85  42  64  -3   1   0 0.00    M    M  6.6 21 200   M    M   1 8      28 210
24  83  46  65  -2   0   0 0.00    M    M  8.0 21 200   M    M   0        27 210
25  79  56  68   1   0   3    T    M    M 10.4 22 310   M    M   5 38     28 210
26  74  52  63  -4   2   0 0.00    M    M  8.2 17 190   M    M   4 8      21 180
27  75  45  60  -7   5   0    T    M    M  7.7 24 270   M    M   4 38     29 270
28  82  37  60  -7   5   0 0.00    M    M  4.2 16 230   M    M   1 8      23 210
29  89  42  66  -1   0   1 0.00    M    M  3.8 16 220   M    M   0 8      23 220
30  96  44  70   3   0   5 0.00    M    M  3.0 14 230   M    M   0        20 260
31 102  47  75   8   0  10 0.00    M    M  3.1 20 220   M    M   0 8      23 220
================================================================================
SM 2713 1589        14 158  0.15    M    195.4          M       40
================================================================================
AV 87.5 51.3                               6.3 FASTST   M    M   1    MAX(MPH)
                                 MISC ---->  # 24 270               # 29   30
================================================================================
NOTES:
# LAST OF SEVERAL OCCURRENCES

COLUMN 17 PEAK WIND IN M.P.H.

PRELIMINARY LOCAL CLIMATOLOGICAL DATA (WS FORM: F-6) , PAGE 2

                                          STATION:  DEER_PARK WA AIRPORT
                                          MONTH:    JULY
                                          YEAR:     2015
                                          LATITUDE:   47 58 N
                                          LONGITUDE: 117 25 W

[TEMPERATURE DATA]      [PRECIPITATION DATA]       SYMBOLS USED IN COLUMN 16

AVERAGE MONTHLY: 69.4   TOTAL FOR MONTH:   0.15    1 = FOG OR MIST
DPTR FM NORMAL:   4.1   DPTR FM NORMAL:   -0.75    2 = FOG REDUCING VISIBILITY
HIGHEST:   102 ON 31    GRTST 24HR  0.13 ON 13-13      TO 1/4 MILE OR LESS
LOWEST:     37 ON 28                               3 = THUNDER
                        SNOW, ICE PELLETS, HAIL    4 = ICE PELLETS
                        TOTAL MONTH:    M          5 = HAIL
                        GRTST 24HR    M  ON   M    6 = FREEZING RAIN OR DRIZZLE
                        GRTST DEPTH:  M  ON   M    7 = DUSTSTORM OR SANDSTORM:
                                                       VSBY 1/2 MILE OR LESS
                                                   8 = SMOKE OR HAZE
[NO. OF DAYS WITH]      [WEATHER - DAYS WITH]      9 = BLOWING SNOW
                                                   X = TORNADO
MAX 32 OR BELOW:   0    0.01 INCH OR MORE:   2
MAX 90 OR ABOVE:  12    0.10 INCH OR MORE:   1
MIN 32 OR BELOW:   0    0.50 INCH OR MORE:   0
MIN  0 OR BELOW:   0    1.00 INCH OR MORE:   0

[HDD (BASE 65) ]
TOTAL THIS MO.    14    CLEAR  (SCALE 0-3)  26
DPTR FM NORMAL   -54    PTCLDY (SCALE 4-7)   5
TOTAL FM JUL 1    14    CLOUDY (SCALE 8-10)  0
DPTR FM NORMAL   -54

[CDD (BASE 65) ]
TOTAL THIS MO.   158
DPTR FM NORMAL    81    [PRESSURE DATA]
TOTAL FM JAN 1   272    HIGHEST SLP 30.23 ON 28
DPTR FM NORMAL   175    LOWEST  SLP 29.56 ON  9

[REMARKS]
#FINAL-07-15#
