000
CXUS52 KTAE 280800
CF6DHN
PRELIMINARY LOCAL CLIMATOLOGICAL DATA (WS FORM: F-6)

                                          STATION:   DOTHAN
                                          MONTH:     AUGUST
                                          YEAR:      2016
                                          LATITUDE:   31 19 N
                                          LONGITUDE:  85 27 W

  TEMPERATURE IN F:       :PCPN:    SNOW:  WIND      :SUNSHINE: SKY     :PK WND
================================================================================
1   2   3   4   5  6A  6B    7    8   9   10  11  12  13   14  15   16   17  18
                                     12Z  AVG MX 2MIN
DY MAX MIN AVG DEP HDD CDD  WTR  SNW DPTH SPD SPD DIR MIN PSBL S-S WX    SPD DR
================================================================================

 1  88  73  81  -1   0  16 0.00  0.0    0  4.8 18 150   M    M   2 13     23 140
 2  90  74  82   0   0  17 0.06  0.0    0  5.0 20 320   M    M   3 13     26 240
 3  93  74  84   2   0  19    T  0.0    0  2.9 17 280   M    M   4 123    22 310
 4  94  73  84   2   0  19 0.53  0.0    0  3.5 16 180   M    M   3 13     20 120
 5  93  74  84   2   0  19 0.00  0.0    0  2.7 17 170   M    M   2 138    22 180
 6  94  74  84   2   0  19 0.00  0.0    0  5.6 15 140   M    M   2 13     18 150
 7  95  75  85   3   0  20    T  0.0    0  5.6 20 300   M    M   1 3      24 300
 8  93  75  84   2   0  19 0.01  0.0    0  4.1 18  70   M    M   3 13     22  70
 9  90  75  83   1   0  18 0.08  0.0    0  6.9 14 120   M    M   8 1      18  80
10  83  76  80  -2   0  15 0.23  0.0    0 11.3 17 140   M    M   9 1      23 120
11  89  75  82   0   0  17 0.66  0.0    0  9.2 25 180   M    M   6 1      34 180
12  88  75  82   1   0  17 0.35  0.0    0  6.9 25 200   M    M   5 13     35 190
13  90  73  82   1   0  17 1.14  0.0    0  5.8 26 130   M    M   4 123    53 130
14  91  72  82   1   0  17 1.07  0.0    0  4.5 21 110   M    M   6 123    29 100
15  92  71  82   1   0  17 0.00  0.0    0  5.2 12 120   M    M   1        15 120
16  93  73  83   2   0  18 0.00  0.0    0  4.6 16 190   M    M   1 3      21 180
17  94  74  84   3   0  19 0.00  0.0    0  3.2 15 190   M    M   1 13     18 190
18  93  72  83   2   0  18 0.00  0.0    0  4.1  9 170   M    M   1        12 190
19  93  75  84   3   0  19    T  0.0    0  5.8 13 310   M    M   1        15 300
20  93  75  84   3   0  19    T  0.0    0  6.6 22 280   M    M   2 3      28 290
21  92  75  84   3   0  19 0.00  0.0    0  7.2 17 280   M    M   1 3      23 250
22  94  73  84   3   0  19    T  0.0    0  4.6 17 320   M    M   1 13     21 310
23  97  73  85   4   0  20 1.01  0.0    0  4.7 28  50   M    M   2 13     37  60
24  93  74  84   3   0  19 0.00  0.0    0  5.2 10  80   M    M   3 1      13 100
25  90  72  81   0   0  16 0.00  0.0    0  4.4 13  60   M    M   4        20  60
26  91  69  80   0   0  15 0.00  0.0    0  5.1 14  90   M    M   1        17 100
27  91  71  81   1   0  16 0.00  0.0    0  3.6 13 110   M    M   0        17 140
================================================================================
SM 2477 1985         0 483  5.14     0.0 143.1          M       77
================================================================================
AV 91.7 73.5                               5.3 FASTST   M    M   3    MAX(MPH)
                                 MISC ---->  # 28  50               # 53  130
================================================================================
NOTES:
# LAST OF SEVERAL OCCURRENCES

COLUMN 17 PEAK WIND IN M.P.H.

PRELIMINARY LOCAL CLIMATOLOGICAL DATA (WS FORM: F-6) , PAGE 2

                                          STATION:  DOTHAN
                                          MONTH:    AUGUST
                                          YEAR:     2016
                                          LATITUDE:   31 19 N
                                          LONGITUDE:  85 27 W

[TEMPERATURE DATA]      [PRECIPITATION DATA]       SYMBOLS USED IN COLUMN 16

AVERAGE MONTHLY: 82.6   TOTAL FOR MONTH:   5.14    1 = FOG OR MIST
DPTR FM NORMAL:   1.3   DPTR FM NORMAL:    1.15    2 = FOG REDUCING VISIBILITY
HIGHEST:    97 ON 23    GRTST 24HR  1.65 ON 31- 1      TO 1/4 MILE OR LESS
LOWEST:     69 ON 26                               3 = THUNDER
                        SNOW, ICE PELLETS, HAIL    4 = ICE PELLETS
                        TOTAL MONTH:   0.0 INCH    5 = HAIL
                        GRTST 24HR     0.0         6 = FREEZING RAIN OR DRIZZLE
                        GRTST DEPTH:   0           7 = DUSTSTORM OR SANDSTORM:
                                                       VSBY 1/2 MILE OR LESS
                                                   8 = SMOKE OR HAZE
[NO. OF DAYS WITH]      [WEATHER - DAYS WITH]      9 = BLOWING SNOW
                                                   X = TORNADO
MAX 32 OR BELOW:   0    0.01 INCH OR MORE:  10
MAX 90 OR ABOVE:  23    0.10 INCH OR MORE:   7
MIN 32 OR BELOW:   0    0.50 INCH OR MORE:   5
MIN  0 OR BELOW:   0    1.00 INCH OR MORE:   3

[HDD (BASE 65) ]
TOTAL THIS MO.     0    CLEAR  (SCALE 0-3)  19
DPTR FM NORMAL     0    PTCLDY (SCALE 4-7)   7
TOTAL FM JUL 1     0    CLOUDY (SCALE 8-10)  1
DPTR FM NORMAL     0

[CDD (BASE 65) ]
TOTAL THIS MO.   483
DPTR FM NORMAL    43    [PRESSURE DATA]
TOTAL FM JAN 1  1998    HIGHEST SLP M ON M
DPTR FM NORMAL   177    LOWEST  SLP 29.81 ON  8

[REMARKS]
