000
CXUS54 KAMA 241015
CF6DHT
PRELIMINARY LOCAL CLIMATOLOGICAL DATA (WS FORM: F-6)

                                          STATION:   DALHART
                                          MONTH:     FEBRUARY
                                          YEAR:      2018
                                          LATITUDE:   36  1 N
                                          LONGITUDE: 102 33 W

  TEMPERATURE IN F:       :PCPN:    SNOW:  WIND      :SUNSHINE: SKY     :PK WND
================================================================================
1   2   3   4   5  6A  6B    7    8   9   10  11  12  13   14  15   16   17  18
                                     12Z  AVG MX 2MIN
DY MAX MIN AVG DEP HDD CDD  WTR  SNW DPTH SPD SPD DIR MIN PSBL S-S WX    SPD DR
================================================================================

 1  44  26  35  -1  30   0 0.00  0.0    0  9.7 17  10   M    M   1        21  10
 2  51  18  35  -1  30   0 0.00  0.0    0 14.7 29 200   M    M   0        36 200
 3  68  25  47  11  18   0 0.00  0.0    0 10.2 30 340   M    M   0        39 340
 4  49  12  31  -5  34   0    T    T    0 11.5 29  30   M    M   4 12     36  30
 5  71  16  44   8  21   0 0.00  0.0    0 17.0 32  60   M    M   1        38  60
 6  35  17  26 -10  39   0 0.00  0.0    0  7.4 22  30   M    M   5 1      25  30
 7  55  13  34  -2  31   0 0.00  0.0    0  9.2 25 200   M    M   0        31 200
 8  65  17  41   5  24   0 0.00  0.0    0  9.1 21 200   M    M   0 18     24 210
 9  48  17  33  -4  32   0 0.00  0.0    0 12.2 24  20   M    M   0 8      30  20
10  24  14  19 -18  46   0    T    T    0 12.6 25  20   M    M   8 18     30  20
11  45   9  27 -10  38   0    T    T    0  6.7 16 360   M    M   1 1      20 220
12  50  11  31  -6  34   0 0.00  0.0    0 15.9 29 160   M    M   2        36 160
13  67  15  41   4  24   0 0.00  0.0    0 12.1 23 220   M    M   0        30 210
14  75  33  54  17  11   0 0.00  0.0    0 14.5 36 230   M    M   2        43 230
15  70  40  55  17  10   0 0.00  0.0    0 17.6 33 240   M    M   0 8      46 230
16  42  28  35  -3  30   0 0.00  0.0    0 13.5 26 210   M    M   3        34 210
17  56  30  43   5  22   0 0.00  0.0    0 11.5 28 210   M    M   0        37 210
18  74  31  53  15  12   0 0.00  0.0    0 20.5 40 230   M    M   0        52 230
19  63  32  48  10  17   0 0.00  0.0    0 16.8 31 190   M    M   2        41 190
20  51  17  34  -5  31   0 0.00  0.0    0 15.1 32  20   M    M   3        37  20
21  26  14  20 -19  45   0    T    T    0  9.9 17  40   M    M   8 18     21  20
22  57  19  38  -1  27   0 0.00  0.0    0 11.5 31 220   M    M   4        42 210
23  60  12  36  -4  29   0 0.00  0.0    0 10.0 28 100   M    M   1 1      32 110
================================================================================
SM 1246  466       635   0    T     T    289.2          M       45
================================================================================
AV 54.2 20.3                              12.6 FASTST   M    M   2    MAX(MPH)
                                 MISC ---->  # 40 230               # 52  230
================================================================================
NOTES:
# LAST OF SEVERAL OCCURRENCES

COLUMN 17 PEAK WIND IN M.P.H.

PRELIMINARY LOCAL CLIMATOLOGICAL DATA (WS FORM: F-6) , PAGE 2

                                          STATION:  DALHART
                                          MONTH:    FEBRUARY
                                          YEAR:     2018
                                          LATITUDE:   36  1 N
                                          LONGITUDE: 102 33 W

[TEMPERATURE DATA]      [PRECIPITATION DATA]       SYMBOLS USED IN COLUMN 16

AVERAGE MONTHLY: 37.2   TOTAL FOR MONTH:      T    1 = FOG OR MIST
DPTR FM NORMAL:  -0.0   DPTR FM NORMAL:   -0.32    2 = FOG REDUCING VISIBILITY
HIGHEST:    75 ON 14    GRTST 24HR    T  ON 21-21      TO 1/4 MILE OR LESS
LOWEST:      9 ON 11                               3 = THUNDER
                        SNOW, ICE PELLETS, HAIL    4 = ICE PELLETS
                        TOTAL MONTH:    T          5 = HAIL
                        GRTST 24HR    T  ON 21-21  6 = FREEZING RAIN OR DRIZZLE
                        GRTST DEPTH:   0           7 = DUSTSTORM OR SANDSTORM:
                                                       VSBY 1/2 MILE OR LESS
                                                   8 = SMOKE OR HAZE
[NO. OF DAYS WITH]      [WEATHER - DAYS WITH]      9 = BLOWING SNOW
                                                   X = TORNADO
MAX 32 OR BELOW:   2    0.01 INCH OR MORE:   0
MAX 90 OR ABOVE:   0    0.10 INCH OR MORE:   0
MIN 32 OR BELOW:  21    0.50 INCH OR MORE:   0
MIN  0 OR BELOW:   0    1.00 INCH OR MORE:   0

[HDD (BASE 65) ]
TOTAL THIS MO.   635    CLEAR  (SCALE 0-3)  18
DPTR FM NORMAL    -2    PTCLDY (SCALE 4-7)   3
TOTAL FM JUL 1  3068    CLOUDY (SCALE 8-10)  2
DPTR FM NORMAL  -451

[CDD (BASE 65) ]
TOTAL THIS MO.     0
DPTR FM NORMAL     0    [PRESSURE DATA]
TOTAL FM JAN 1     0    HIGHEST SLP M ON M
DPTR FM NORMAL     0    LOWEST  SLP 29.50 ON 19

[REMARKS]
