000
CXUS53 KBIS 230740
CF6DIK
PRELIMINARY LOCAL CLIMATOLOGICAL DATA (WS FORM: F-6)

                                          STATION:   DICKINSON ND
                                          MONTH:     MARCH
                                          YEAR:      2017
                                          LATITUDE:   46 47 N
                                          LONGITUDE: 102 48 W

  TEMPERATURE IN F:       :PCPN:    SNOW:  WIND      :SUNSHINE: SKY     :PK WND
================================================================================
1   2   3   4   5  6A  6B    7    8   9   10  11  12  13   14  15   16   17  18
                                     12Z  AVG MX 2MIN
DY MAX MIN AVG DEP HDD CDD  WTR  SNW DPTH SPD SPD DIR MIN PSBL S-S WX    SPD DR
================================================================================

 1  28  10  19  -5  46   0    T    M    M 10.3 25 300   M    M   6 18     28 300
 2  29  17  23  -2  42   0    T    M    M  9.3 20 300   M    M   6 1      22 310
 3  51  23  37  12  28   0 0.00    M    M 11.6 22 190   M    M   5        27 270
 4  59  28  44  19  21   0 0.00    M    M  9.5 20 210   M    M   0        22 180
 5  65  28  47  21  18   0 0.00    M    M 11.4 22 200   M    M   1        26 170
 6  38  20  29   3  36   0    T    M    M 26.5 43 300   M    M   6 1      52 290
 7  30  16  23  -3  42   0 0.00    M    M 30.3 51 290   M    M   0        65 280
 8  27  10  19  -8  46   0 0.00    M    M 12.0 30 290   M    M   7        35 290
 9  18   2  10 -17  55   0 0.01    M    M 11.2 18  40   M    M  10 18     22  40
10   7   1   4 -24  61   0    T    M    M 16.8 25 110   M    M  10 18     30 110
11  13   4   9 -19  56   0    T    M    M 11.5 22 130   M    M  10 18     26 130
12  12  -8   2 -26  63   0 0.05    M    M 13.7 25 120   M    M   9 128    29 130
13  12  -8   2 -27  63   0    T    M    M 16.5 25 160   M    M   9 128    30 150
14  24  11  18 -11  47   0    T    M    M 19.5 25 160   M    M   9 1      29 160
15  46  23  35   6  30   0    T    M    M 11.6 22 180   M    M   4 16     25 180
16  56  33  45  15  20   0    T    M    M 12.1 28 300   M    M   2 1      35 310
17  43  20  32   2  33   0 0.00    M    M 15.3 30 320   M    M   4        40 330
18  58  22  40   9  25   0 0.00    M    M 18.4 31 160   M    M   2        36 160
19  57  37  47  16  18   0 0.05    M    M 10.6 25 330   M    M   5        32 330
20  49  24  37   6  28   0 0.10    M    M  7.6 21 350   M    M   6 1      25 350
21  34  22  28  -4  37   0 0.00    M    M 15.0 29 140   M    M   9        34 130
22  55  25  40   8  25   0 0.00    M    M 16.9 32 150   M    M   5        39 150
================================================================================
SM  811  360       840   0  0.21    M    317.6          M      125
================================================================================
AV 36.9 16.4                              14.4 FASTST   M    M   6    MAX(MPH)
                                 MISC ---->  # 51 290               # 65  280
================================================================================
NOTES:
# LAST OF SEVERAL OCCURRENCES

COLUMN 17 PEAK WIND IN M.P.H.

PRELIMINARY LOCAL CLIMATOLOGICAL DATA (WS FORM: F-6) , PAGE 2

                                          STATION:  DICKINSON ND
                                          MONTH:    MARCH
                                          YEAR:     2017
                                          LATITUDE:   46 47 N
                                          LONGITUDE: 102 48 W

[TEMPERATURE DATA]      [PRECIPITATION DATA]       SYMBOLS USED IN COLUMN 16

AVERAGE MONTHLY: 26.6   TOTAL FOR MONTH:   0.21    1 = FOG OR MIST
DPTR FM NORMAL:  -1.5   DPTR FM NORMAL:   -0.22    2 = FOG REDUCING VISIBILITY
HIGHEST:    65 ON  5    GRTST 24HR  0.10 ON 20-20      TO 1/4 MILE OR LESS
LOWEST:     -8 ON 13,12                            3 = THUNDER
                        SNOW, ICE PELLETS, HAIL    4 = ICE PELLETS
                        TOTAL MONTH:    M          5 = HAIL
                        GRTST 24HR    M  ON   M    6 = FREEZING RAIN OR DRIZZLE
                        GRTST DEPTH:  M  ON   M    7 = DUSTSTORM OR SANDSTORM:
                                                       VSBY 1/2 MILE OR LESS
                                                   8 = SMOKE OR HAZE
[NO. OF DAYS WITH]      [WEATHER - DAYS WITH]      9 = BLOWING SNOW
                                                   X = TORNADO
MAX 32 OR BELOW:  10    0.01 INCH OR MORE:   4
MAX 90 OR ABOVE:   0    0.10 INCH OR MORE:   1
MIN 32 OR BELOW:  20    0.50 INCH OR MORE:   0
MIN  0 OR BELOW:   2    1.00 INCH OR MORE:   0

[HDD (BASE 65) ]
TOTAL THIS MO.   840    CLEAR  (SCALE 0-3)   5
DPTR FM NORMAL    29    PTCLDY (SCALE 4-7)  10
TOTAL FM JUL 1  6970    CLOUDY (SCALE 8-10)  7
DPTR FM NORMAL  -135

[CDD (BASE 65) ]
TOTAL THIS MO.     0
DPTR FM NORMAL     0    [PRESSURE DATA]
TOTAL FM JAN 1     0    HIGHEST SLP M ON M
DPTR FM NORMAL     0    LOWEST  SLP 29.11 ON  6

[REMARKS]
