000
CXUS53 KBIS 200830
CF6DIK
PRELIMINARY LOCAL CLIMATOLOGICAL DATA (WS FORM: F-6)

                                          STATION:   DICKINSON ND
                                          MONTH:     OCTOBER
                                          YEAR:      2017
                                          LATITUDE:   46 47 N
                                          LONGITUDE: 102 48 W

  TEMPERATURE IN F:       :PCPN:    SNOW:  WIND      :SUNSHINE: SKY     :PK WND
================================================================================
1   2   3   4   5  6A  6B    7    8   9   10  11  12  13   14  15   16   17  18
                                     12Z  AVG MX 2MIN
DY MAX MIN AVG DEP HDD CDD  WTR  SNW DPTH SPD SPD DIR MIN PSBL S-S WX    SPD DR
================================================================================

 1  55  42  49  -1  16   0 0.06    M    M 11.6 24 300   M    M   7 1      29 300
 2  56  34  45  -5  20   0 0.00    M    M 15.1 26 260   M    M   2        32 270
 3  42  30  36 -13  29   0    T    M    M 20.9 33 250   M    M   7 18     42 240
 4  59  24  42  -7  23   0 0.00    M    M  6.9 20 270   M    M   2        24 270
 5  59  33  46  -2  19   0 0.00    M    M  5.1 15 280   M    M   5        21 290
 6  68  33  51   3  14   0 0.00    M    M 10.7 17 200   M    M   0        23 220
 7  68  43  56   8   9   0    T    M    M 15.0 25 290   M    M   3 8      30 290
 8  56  28  42  -5  23   0 0.00    M    M 14.9 26 300   M    M   0        35 320
 9  53  21  37 -10  28   0 0.00    M    M  9.7 18 280   M    M   1        25 290
10  64  33  49   3  16   0 0.00    M    M 13.9 22 150   M    M   0        28 150
11  69  35  52   6  13   0 0.00    M    M  9.1 17 180   M    M   0        22 160
12  52  26  39  -7  26   0 0.00    M    M 12.5 31 300   M    M   0        36 300
13  63  24  44  -1  21   0    T    M    M  9.8 21 150   M    M   2 8      27 170
14  43  30  37  -8  28   0 0.00    M    M 12.7 20 240   M    M   6 1      25 360
15  58  33  46   2  19   0 0.00    M    M 14.0 26 290   M    M   1        33 330
16  69  37  53   9  12   0 0.00    M    M 12.3 25 300   M    M   0        31 280
17  76  42  59  15   6   0 0.00    M    M 14.9 26 250   M    M   0        32 260
18  64  36  50   7  15   0 0.00    M    M 13.8 31 330   M    M   0 8      40 330
19  81  40  61  18   4   0 0.00    M    M  8.9 18 240   M    M   0        23 250
================================================================================
SM 1155  624       341   0  0.06    M    231.8          M       36
================================================================================
AV 60.8 32.8                              12.2 FASTST   M    M   2    MAX(MPH)
                                 MISC ---->  # 33 250               # 42  240
================================================================================
NOTES:
# LAST OF SEVERAL OCCURRENCES

COLUMN 17 PEAK WIND IN M.P.H.

PRELIMINARY LOCAL CLIMATOLOGICAL DATA (WS FORM: F-6) , PAGE 2

                                          STATION:  DICKINSON ND
                                          MONTH:    OCTOBER
                                          YEAR:     2017
                                          LATITUDE:   46 47 N
                                          LONGITUDE: 102 48 W

[TEMPERATURE DATA]      [PRECIPITATION DATA]       SYMBOLS USED IN COLUMN 16

AVERAGE MONTHLY: 46.8   TOTAL FOR MONTH:   0.06    1 = FOG OR MIST
DPTR FM NORMAL:   0.4   DPTR FM NORMAL:   -0.79    2 = FOG REDUCING VISIBILITY
HIGHEST:    81 ON 19    GRTST 24HR  0.06 ON  1- 1      TO 1/4 MILE OR LESS
LOWEST:     21 ON  9                               3 = THUNDER
                        SNOW, ICE PELLETS, HAIL    4 = ICE PELLETS
                        TOTAL MONTH:    M          5 = HAIL
                        GRTST 24HR    M  ON   M    6 = FREEZING RAIN OR DRIZZLE
                        GRTST DEPTH:  M  ON   M    7 = DUSTSTORM OR SANDSTORM:
                                                       VSBY 1/2 MILE OR LESS
                                                   8 = SMOKE OR HAZE
[NO. OF DAYS WITH]      [WEATHER - DAYS WITH]      9 = BLOWING SNOW
                                                   X = TORNADO
MAX 32 OR BELOW:   0    0.01 INCH OR MORE:   1
MAX 90 OR ABOVE:   0    0.10 INCH OR MORE:   0
MIN 32 OR BELOW:   7    0.50 INCH OR MORE:   0
MIN  0 OR BELOW:   0    1.00 INCH OR MORE:   0

[HDD (BASE 65) ]
TOTAL THIS MO.   341    CLEAR  (SCALE 0-3)  14
DPTR FM NORMAL   -12    PTCLDY (SCALE 4-7)   5
TOTAL FM JUL 1   637    CLOUDY (SCALE 8-10)  0
DPTR FM NORMAL   -70

[CDD (BASE 65) ]
TOTAL THIS MO.     0
DPTR FM NORMAL     0    [PRESSURE DATA]
TOTAL FM JAN 1   487    HIGHEST SLP M ON M
DPTR FM NORMAL    69    LOWEST  SLP 29.40 ON  7

[REMARKS]
