000
CXUS53 KDLH 270623
CF6DLH
PRELIMINARY LOCAL CLIMATOLOGICAL DATA (WS FORM: F-6)

                                          STATION:   DULUTH MN
                                          MONTH:     AUGUST
                                          YEAR:      2015
                                          LATITUDE:   46 49 N
                                          LONGITUDE:  92 11 W

  TEMPERATURE IN F:       :PCPN:    SNOW:  WIND      :SUNSHINE: SKY     :PK WND
================================================================================
1   2   3   4   5  6A  6B    7    8   9   10  11  12  13   14  15   16   17  18
                                     12Z  AVG MX 2MIN
DY MAX MIN AVG DEP HDD CDD  WTR  SNW DPTH SPD SPD DIR MIN PSBL S-S WX    SPD DR
================================================================================

 1  82  54  68   2   0   3 0.00  0.0    0 10.7 21 260   M    M   2        27 310
 2  78  57  68   2   0   3 0.02  0.0    0 10.2 24 310   M    M   4 3      36 310
 3  71  53  62  -4   3   0 0.00  0.0    0 11.8 21 310   M    M   5        28 300
 4  74  52  63  -3   2   0 0.00  0.0    0  7.4 17 310   M    M   4        21 350
 5  72  48  60  -6   5   0 0.00  0.0    0  5.4 12 110   M    M   2 1      15 120
 6  73  53  63  -3   2   0 0.83  0.0    0 10.9 17 100   M    M   6 18     22 110
 7  66  58  62  -4   3   0 0.54  0.0    0  6.8 15 100   M    M   9 12     19 100
 8  75  57  66   0   0   1 0.07  0.0    0  6.5 17 130   M    M   7 12     19 140
 9  79  62  71   5   0   6    T  0.0    0  3.9 13 310   M    M   7 12     16 310
10  80  59  70   5   0   5 0.00  0.0    0  7.5 20 320   M    M   2        25 330
11  80  56  68   3   0   3 0.00  0.0    0  6.4 14 340   M    M   2        19 340
12  85  57  71   6   0   6 0.00  0.0    0  9.9 20 210   M    M   1 3      25 220
13  90  68  79  14   0  14 0.08  0.0    0  8.2 16 290   M    M   2 138    22 270
14  93  57  75  10   0  10 0.00  0.0    0  4.8 12 300   M    M   1        15 300
15  90  64  77  12   0  12 0.00  0.0    0  8.6 20 210   M    M   1 8      26 210
16  85  62  74   9   0   9    T  0.0    0 11.9 22 280   M    M   4        28 220
17  73  57  65   1   0   0 0.00  0.0    0  8.1 13 340   M    M   4        17 330
18  67  51  59  -5   6   0 1.33  0.0    0 14.4 25  70   M    M   5 1      40  70
19  62  52  57  -7   8   0 0.44  0.0    0 12.6 25  70   M    M  10 13     40  70
20  66  50  58  -6   7   0 0.02  0.0    0 10.1 17 320   M    M   6 18     23 330
21  76  50  63  -1   2   0 0.00  0.0    0  9.4 15 170   M    M   1        15 170
22  77  60  69   5   0   4 0.69  0.0    0 13.5 20 170   M    M   6 13     28 170
23  60  51  56  -7   9   0 0.01  0.0    0 13.4 21 290   M    M   8 18     35 290
24  56  47  52 -11  13   0 0.01  0.0    0 15.1 25 310   M    M   8 1      36 330
25  66  48  57  -6   8   0 0.00  0.0    0  9.6 23 340   M    M   7        32 350
26  73  42  58  -5   7   0 0.00  0.0    0  3.9  9  30   M    M   0        11 300
================================================================================
SM 1949 1425        75  76  4.04     0.0 241.0          M      114
================================================================================
AV 75.0 54.8                               9.3 FASTST   M    M   4    MAX(MPH)
                                 MISC ---->  # 25  70               # 40   70
================================================================================
NOTES:
# LAST OF SEVERAL OCCURRENCES

COLUMN 17 PEAK WIND IN M.P.H.

PRELIMINARY LOCAL CLIMATOLOGICAL DATA (WS FORM: F-6) , PAGE 2

                                          STATION:  DULUTH MN
                                          MONTH:    AUGUST
                                          YEAR:     2015
                                          LATITUDE:   46 49 N
                                          LONGITUDE:  92 11 W

[TEMPERATURE DATA]      [PRECIPITATION DATA]       SYMBOLS USED IN COLUMN 16

AVERAGE MONTHLY: 64.9   TOTAL FOR MONTH:   4.04    1 = FOG OR MIST
DPTR FM NORMAL:   0.1   DPTR FM NORMAL:    0.96    2 = FOG REDUCING VISIBILITY
HIGHEST:    93 ON 14    GRTST 24HR  1.37 ON  6- 7      TO 1/4 MILE OR LESS
LOWEST:     42 ON 26                               3 = THUNDER
                        SNOW, ICE PELLETS, HAIL    4 = ICE PELLETS
                        TOTAL MONTH:   0.0 INCH    5 = HAIL
                        GRTST 24HR     0.0         6 = FREEZING RAIN OR DRIZZLE
                        GRTST DEPTH:   0           7 = DUSTSTORM OR SANDSTORM:
                                                       VSBY 1/2 MILE OR LESS
                                                   8 = SMOKE OR HAZE
[NO. OF DAYS WITH]      [WEATHER - DAYS WITH]      9 = BLOWING SNOW
                                                   X = TORNADO
MAX 32 OR BELOW:   0    0.01 INCH OR MORE:  11
MAX 90 OR ABOVE:   3    0.10 INCH OR MORE:   5
MIN 32 OR BELOW:   0    0.50 INCH OR MORE:   4
MIN  0 OR BELOW:   0    1.00 INCH OR MORE:   1

[HDD (BASE 65) ]
TOTAL THIS MO.    75    CLEAR  (SCALE 0-3)  10
DPTR FM NORMAL    11    PTCLDY (SCALE 4-7)  14
TOTAL FM JUL 1    90    CLOUDY (SCALE 8-10)  2
DPTR FM NORMAL   -37

[CDD (BASE 65) ]
TOTAL THIS MO.    76
DPTR FM NORMAL    14    [PRESSURE DATA]
TOTAL FM JAN 1   258    HIGHEST SLP M ON M
DPTR FM NORMAL    72    LOWEST  SLP 29.42 ON 19

[REMARKS]
