000
CXUS51 KLWX 240620
CF6DMH
PRELIMINARY LOCAL CLIMATOLOGICAL DATA (WS FORM: F-6)

                                          STATION:   BALTIMORE INNER HARBOR MD
                                          MONTH:     OCTOBER
                                          YEAR:      2014
                                          LATITUDE:   39 16 N
                                          LONGITUDE:  76 37 W

  TEMPERATURE IN F:       :PCPN:    SNOW:  WIND      :SUNSHINE: SKY     :PK WND
================================================================================
1   2   3   4   5  6A  6B    7    8   9   10  11  12  13   14  15   16   17  18
                                     12Z  AVG MX 2MIN
DY MAX MIN AVG DEP HDD CDD  WTR  SNW DPTH SPD SPD DIR MIN PSBL S-S WX    SPD DR
================================================================================

 1  73  63  68   2   0   3 0.00    M    M   M   M   M   M    M   M         M  M
 2  74  63  69   4   0   4 0.00    M    M   M   M   M   M    M   M         M  M
 3  71  62  67   2   0   2 0.05    M    M   M   M   M   M    M   M         M  M
 4  69  49  59  -5   6   0 0.07    M    M   M   M   M   M    M   M         M  M
 5  62  44  53 -11  12   0 0.00    M    M   M   M   M   M    M   M         M  M
 6  73  49  61  -3   4   0 0.00    M    M   M   M   M   M    M   M         M  M
 7  69  60  65   2   0   0 0.16    M    M   M   M   M   M    M   M         M  M
 8  75  57  66   3   0   1 0.00    M    M   M   M   M   M    M   M         M  M
 9  72  53  63   1   2   0 0.00    M    M   M   M   M   M    M   M         M  M
10  62  55  59  -3   6   0 0.00    M    M   M   M   M   M    M   M         M  M
11  58  52  55  -7  10   0 0.54    M    M   M   M   M   M    M   M         M  M
12  62  50  56  -5   9   0 0.00    M    M   M   M   M   M    M   M         M  M
13  64  60  62   1   3   0 0.05    M    M   M   M   M   M    M   M         M  M
14  77  64  71  11   0   6 0.00    M    M   M   M   M   M    M   M         M  M
15  76  64  70  10   0   5 0.99    M    M   M   M   M   M    M   M         M  M
16  64  59  62   2   3   0 0.00    M    M   M   M   M   M    M   M         M  M
17  73  56  65   5   0   0 0.00    M    M   M   M   M   M    M   M         M  M
18  70  53  62   3   3   0 0.00    M    M   M   M   M   M    M   M         M  M
19  58  48  53  -6  12   0 0.00    M    M   M   M   M   M    M   M         M  M
20  67  43  55  -4  10   0 0.00    M    M   M   M   M   M    M   M         M  M
21  69  53  61   3   4   0 0.86    M    M   M   M   M   M    M   M         M  M
22  56  54  55  -3  10   0 0.94    M    M   M   M   M   M    M   M         M  M
23  64  54  59   1   6   0 0.00    M    M   M   M   M   M    M   M         M  M
================================================================================
SM 1558 1265       100  21  3.66    M        M          M        M
================================================================================
AV 67.7 55.0                                 M FASTST   M    M   6    MAX(MPH)
                                 MISC ---->     M   M                  M    M
================================================================================
NOTES:
# LAST OF SEVERAL OCCURRENCES

COLUMN 17 PEAK WIND IN M.P.H.

PRELIMINARY LOCAL CLIMATOLOGICAL DATA (WS FORM: F-6) , PAGE 2

                                          STATION:  BALTIMORE INNER HARBOR MD
                                          MONTH:    OCTOBER
                                          YEAR:     2014
                                          LATITUDE:   39 16 N
                                          LONGITUDE:  76 37 W

[TEMPERATURE DATA]      [PRECIPITATION DATA]       SYMBOLS USED IN COLUMN 16

AVERAGE MONTHLY: 61.4   TOTAL FOR MONTH:   3.66    1 = FOG OR MIST
DPTR FM NORMAL:  -0.1   DPTR FM NORMAL:    1.28    2 = FOG REDUCING VISIBILITY
HIGHEST:    77 ON 14    GRTST 24HR  1.80 ON 21-22      TO 1/4 MILE OR LESS
LOWEST:     43 ON 20                               3 = THUNDER
                        SNOW, ICE PELLETS, HAIL    4 = ICE PELLETS
                        TOTAL MONTH:    M          5 = HAIL
                        GRTST 24HR    M  ON   M    6 = FREEZING RAIN OR DRIZZLE
                        GRTST DEPTH:  M  ON   M    7 = DUSTSTORM OR SANDSTORM:
                                                       VSBY 1/2 MILE OR LESS
                                                   8 = SMOKE OR HAZE
[NO. OF DAYS WITH]      [WEATHER - DAYS WITH]      9 = BLOWING SNOW
                                                   X = TORNADO
MAX 32 OR BELOW:   0    0.01 INCH OR MORE:   8
MAX 90 OR ABOVE:   0    0.10 INCH OR MORE:   5
MIN 32 OR BELOW:   0    0.50 INCH OR MORE:   4
MIN  0 OR BELOW:   0    1.00 INCH OR MORE:   0

[HDD (BASE 65) ]
TOTAL THIS MO.   100    CLEAR  (SCALE 0-3)   0
DPTR FM NORMAL   -19    PTCLDY (SCALE 4-7)   0
TOTAL FM JUL 1   105    CLOUDY (SCALE 8-10)  0
DPTR FM NORMAL   -32

[CDD (BASE 65) ]
TOTAL THIS MO.    21
DPTR FM NORMAL   -17    [PRESSURE DATA]
TOTAL FM JAN 1  1456    HIGHEST SLP M ON M
DPTR FM NORMAL  -207    LOWEST  SLP 29.60 ON  4

[REMARKS]
