000
CXUS54 KEPZ 281200
CF6DMN
PRELIMINARY LOCAL CLIMATOLOGICAL DATA (WS FORM: F-6)

                                          STATION:   DEMING
                                          MONTH:     MAY
                                          YEAR:      2017
                                          LATITUDE:   32 15 N
                                          LONGITUDE: 107 42 W

  TEMPERATURE IN F:       :PCPN:    SNOW:  WIND      :SUNSHINE: SKY     :PK WND
================================================================================
1   2   3   4   5  6A  6B    7    8   9   10  11  12  13   14  15   16   17  18
                                     12Z  AVG MX 2MIN
DY MAX MIN AVG DEP HDD CDD  WTR  SNW DPTH SPD SPD DIR MIN PSBL S-S WX    SPD DR
================================================================================

 1  84  44  64  -1   1   0 0.00  0.0    0  9.0 21 260   M    M   0        29 300
 2  86  41  64  -1   1   0 0.00  0.0    0 10.6 26 260   M    M   0        34 240
 3  89  48  69   3   0   4 0.00  0.0    0  6.5 16 210   M    M   0        21  50
 4  83  53  68   2   0   3 0.00  0.0    0 10.0 21  80   M    M   0 8      27  90
 5  90  53  72   6   0   7 0.00  0.0    0  7.3 14  60   M    M   0        17 190
 6  94  53  74   8   0   9 0.00  0.0    0  8.1 36 180   M    M   1        49 180
 7  87  52  70   3   0   5 0.00  0.0    0 11.2 23 260   M    M   0        32 220
 8  82  51  67   0   0   2 0.00  0.0    0  9.2 21 270   M    M   2        28 150
 9  72  48  60  -7   5   0    T  0.0    0 13.6 28 280   M    M   2        35 280
10  69  43  56 -12   9   0 0.00  0.0    0 12.2 25 270   M    M   2        35 250
11  79  44  62  -6   3   0 0.00  0.0    0  6.1 16 320   M    M   0        19 320
12  85  51  68   0   0   3 0.00  0.0    0  7.2 18 120   M    M   0        24 130
13  93  57  75   7   0  10 0.00  0.0    0  9.0 18 270   M    M   0        28 220
14  89  55  72   3   0   7 0.00  0.0    0  9.1 18 280   M    M   0        25 270
15  86  55  71   2   0   6 0.00  0.0    0 11.4 24 250   M    M   0        34 260
16  73  49  61  -8   4   0 0.02    M    0 15.8 38 250   M    M   4 38     53 250
17  81  38  60 -10   5   0 0.00  0.0    0 11.9 26 270   M    M   0        36 270
18  79  53  66  -4   0   1 0.00  0.0    0 14.7 29 270   M    M   0        40 300
19  78  49  64  -6   1   0 0.00  0.0    0 12.2 25 290   M    M   1        32 280
20  81  53  67  -3   0   2 0.00  0.0    0 10.0 23  50   M    M   0        29  50
21  90  48  69  -2   0   4 0.00  0.0    0  8.3 18 260   M    M   0        24 270
22  93  50  72   1   0   7 0.00  0.0    0  9.1 26 280   M    M   0        36 260
23  93  57  75   4   0  10 0.00  0.0    0 10.1 26  30   M    M   0        35 270
24  95  52  74   3   0   9 0.00  0.0    0  9.8 30 260   M    M   0        37 260
25  92  56  74   2   0   9 0.00  0.0    0 12.3 30 270   M    M   0        41 280
26  91  55  73   1   0   8 0.00  0.0    0 13.1 26 270   M    M   0        39 250
27  90  53  72   0   0   7 0.00  0.0    0  9.4 26 270   M    M   0        32 280
================================================================================
SM 2304 1361        29 113  0.02     0.0 277.2          M       12
================================================================================
AV 85.3 50.4                              10.3 FASTST   M    M   0    MAX(MPH)
                                 MISC ---->  # 38 250               # 53  250
================================================================================
NOTES:
# LAST OF SEVERAL OCCURRENCES

COLUMN 17 PEAK WIND IN M.P.H.

PRELIMINARY LOCAL CLIMATOLOGICAL DATA (WS FORM: F-6) , PAGE 2

                                          STATION:  DEMING
                                          MONTH:    MAY
                                          YEAR:     2017
                                          LATITUDE:   32 15 N
                                          LONGITUDE: 107 42 W

[TEMPERATURE DATA]      [PRECIPITATION DATA]       SYMBOLS USED IN COLUMN 16

AVERAGE MONTHLY: 67.9   TOTAL FOR MONTH:   0.02    1 = FOG OR MIST
DPTR FM NORMAL:  -0.8   DPTR FM NORMAL:   -0.39    2 = FOG REDUCING VISIBILITY
HIGHEST:    95 ON 24    GRTST 24HR  0.02 ON 16-16      TO 1/4 MILE OR LESS
LOWEST:     38 ON 17                               3 = THUNDER
                        SNOW, ICE PELLETS, HAIL    4 = ICE PELLETS
                        TOTAL MONTH:   0.0 INCH    5 = HAIL
                        GRTST 24HR     0.0         6 = FREEZING RAIN OR DRIZZLE
                        GRTST DEPTH:   0           7 = DUSTSTORM OR SANDSTORM:
                                                       VSBY 1/2 MILE OR LESS
                                                   8 = SMOKE OR HAZE
[NO. OF DAYS WITH]      [WEATHER - DAYS WITH]      9 = BLOWING SNOW
                                                   X = TORNADO
MAX 32 OR BELOW:   0    0.01 INCH OR MORE:   1
MAX 90 OR ABOVE:  10    0.10 INCH OR MORE:   0
MIN 32 OR BELOW:   0    0.50 INCH OR MORE:   0
MIN  0 OR BELOW:   0    1.00 INCH OR MORE:   0

[HDD (BASE 65) ]
TOTAL THIS MO.    29    CLEAR  (SCALE 0-3)  26
DPTR FM NORMAL     8    PTCLDY (SCALE 4-7)   1
TOTAL FM JUL 1  2376    CLOUDY (SCALE 8-10)  0
DPTR FM NORMAL  -791

[CDD (BASE 65) ]
TOTAL THIS MO.   113
DPTR FM NORMAL    -7    [PRESSURE DATA]
TOTAL FM JAN 1   143    HIGHEST SLP M ON M
DPTR FM NORMAL     5    LOWEST  SLP 29.44 ON  8

[REMARKS]
