000
CXUS55 KCAE 281400
CF6DNL
PRELIMINARY LOCAL CLIMATOLOGICAL DATA (WS FORM: F-6)

                                          STATION:   AUGUSTA DANIEL FIELD GA
                                          MONTH:     JULY
                                          YEAR:      2016
                                          LATITUDE:   33 28 N
                                          LONGITUDE:  82  2 W

  TEMPERATURE IN F:       :PCPN:    SNOW:  WIND      :SUNSHINE: SKY     :PK WND
================================================================================
1   2   3   4   5  6A  6B    7    8   9   10  11  12  13   14  15   16   17  18
                                     12Z  AVG MX 2MIN
DY MAX MIN AVG DEP HDD CDD  WTR  SNW DPTH SPD SPD DIR MIN PSBL S-S WX    SPD DR
================================================================================

 1  95  73  84   3   0  19 0.00    M    M  3.9 12 200   M    M   5        14 170
 2  99  76  88   6   0  23 0.00    M    M  6.4 13 180   M    M   2        17 190
 3 102  78  90   8   0  25 0.01    M    M  5.8 17 270   M    M   1 3      27 290
 4 100  80  90   8   0  25 0.00    M    M  7.8 20 200   M    M   1        24 190
 5  98  76  87   5   0  22 0.09    M    M  7.0 25 290   M    M   1 3      35 280
 6  97  73  85   3   0  20 0.46    M    M  6.0 30 310   M    M   2 13     42 330
 7  95  74  85   3   0  20 0.00    M    M  7.0 14 210   M    M   1        23 300
 8 100  74  87   5   0  22 0.27    M    M  7.2 22 350   M    M   1 13     36  20
 9  99  74  87   5   0  22    T    M    M  5.8 15 320   M    M   1 3      22 310
10  97  76  87   5   0  22 0.55    M    M  4.7 17 290   M    M   1 138    23 360
11  97  75  86   4   0  21    T    M    M  4.7 10 210   M    M   1        17 290
12  98  74  86   4   0  21 0.00    M    M  4.7 13 300   M    M   0        19 310
13  99  78  89   7   0  24 0.00    M    M  4.4 13 220   M    M   0        18 220
14 100  79  90   8   0  25 0.00    M    M  4.8 15 170   M    M   1 3      20 160
15  99  75  87   5   0  22 0.06    M    M  5.3 30 170   M    M   3 38     37 170
16  93  73  83   1   0  18 3.49    M    M  6.6 23  80   M    M   2 13     29 170
17  95  73  84   2   0  19 0.01    M    M  3.9 21 150   M    M   2 123    28 170
18  94  74  84   2   0  19 0.17    M    M  4.5 17  90   M    M   3 13     23  90
19  96  75  86   4   0  21    T    M    M  2.8 15 150   M    M   0 3      18 160
20  98  75  87   5   0  22 0.00    M    M  4.1 15 200   M    M   1        18 200
21  93  77  85   3   0  20 0.04    M    M  4.4 14  60   M    M   2 3      16 350
22  95  73  84   2   0  19 0.00    M    M  3.8 10 230   M    M   1        15 220
23  97  77  87   5   0  22 0.00    M    M  4.1 13 340   M    M   0 3      17 190
24  98  77  88   6   0  23 0.00    M    M  5.1 14 170   M    M   1        18 190
25  98  79  89   7   0  24 0.00    M    M  6.9 15 170   M    M   3        19 170
26 100  77  89   7   0  24 0.00    M    M  6.8 16 190   M    M   1        23 160
27  98  79  89   7   0  24 0.00    M    M  5.6 16 200   M    M   2        23 200
================================================================================
SM 2630 2044         0 588  5.15    M    144.1          M       39
================================================================================
AV 97.4 75.7                               5.3 FASTST   M    M   1    MAX(MPH)
                                 MISC ---->  # 30 310               # 42  330
================================================================================
NOTES:
# LAST OF SEVERAL OCCURRENCES

COLUMN 17 PEAK WIND IN M.P.H.

PRELIMINARY LOCAL CLIMATOLOGICAL DATA (WS FORM: F-6) , PAGE 2

                                          STATION:  AUGUSTA DANIEL FIELD GA
                                          MONTH:    JULY
                                          YEAR:     2016
                                          LATITUDE:   33 28 N
                                          LONGITUDE:  82  2 W

[TEMPERATURE DATA]      [PRECIPITATION DATA]       SYMBOLS USED IN COLUMN 16

AVERAGE MONTHLY: 86.6   TOTAL FOR MONTH:   5.15    1 = FOG OR MIST
DPTR FM NORMAL:   4.6   DPTR FM NORMAL:    0.56    2 = FOG REDUCING VISIBILITY
HIGHEST:   102 ON  3    GRTST 24HR  3.50 ON 16-17      TO 1/4 MILE OR LESS
LOWEST:     73 ON 22,17                            3 = THUNDER
                        SNOW, ICE PELLETS, HAIL    4 = ICE PELLETS
                        TOTAL MONTH:    M          5 = HAIL
                        GRTST 24HR    M  ON   M    6 = FREEZING RAIN OR DRIZZLE
                        GRTST DEPTH:  M  ON   M    7 = DUSTSTORM OR SANDSTORM:
                                                       VSBY 1/2 MILE OR LESS
                                                   8 = SMOKE OR HAZE
[NO. OF DAYS WITH]      [WEATHER - DAYS WITH]      9 = BLOWING SNOW
                                                   X = TORNADO
MAX 32 OR BELOW:   0    0.01 INCH OR MORE:  10
MAX 90 OR ABOVE:  27    0.10 INCH OR MORE:   5
MIN 32 OR BELOW:   0    0.50 INCH OR MORE:   2
MIN  0 OR BELOW:   0    1.00 INCH OR MORE:   1

[HDD (BASE 65) ]
TOTAL THIS MO.     0    CLEAR  (SCALE 0-3)  26
DPTR FM NORMAL     0    PTCLDY (SCALE 4-7)   1
TOTAL FM JUL 1     0    CLOUDY (SCALE 8-10)  0
DPTR FM NORMAL     0

[CDD (BASE 65) ]
TOTAL THIS MO.   588
DPTR FM NORMAL   131    [PRESSURE DATA]
TOTAL FM JAN 1  1679    HIGHEST SLP M ON M
DPTR FM NORMAL   431    LOWEST  SLP 29.87 ON  8

[REMARKS]
