000
CXUS55 KCAE 291400
CF6DNL
PRELIMINARY LOCAL CLIMATOLOGICAL DATA (WS FORM: F-6)

                                          STATION:   AUGUSTA DANIEL FIELD GA
                                          MONTH:     SEPTEMBER
                                          YEAR:      2016
                                          LATITUDE:   33 28 N
                                          LONGITUDE:  82  2 W

  TEMPERATURE IN F:       :PCPN:    SNOW:  WIND      :SUNSHINE: SKY     :PK WND
================================================================================
1   2   3   4   5  6A  6B    7    8   9   10  11  12  13   14  15   16   17  18
                                     12Z  AVG MX 2MIN
DY MAX MIN AVG DEP HDD CDD  WTR  SNW DPTH SPD SPD DIR MIN PSBL S-S WX    SPD DR
================================================================================

 1  92  75  84   5   0  19 0.28    M    M  4.9 16 190   M    M   4 18     20 160
 2  77  69  73  -6   0   8 3.42    M    M 12.7 25  20   M    M   8 1      35  20
 3  88  66  77  -2   0  12 0.00    M    M  5.2 13 360   M    M   2        17 360
 4  88  70  79   1   0  14 0.00    M    M  5.4 12  80   M    M   4        18  60
 5  89  69  79   1   0  14 0.00    M    M  3.3 10  20   M    M   1        13  20
 6  92  68  80   2   0  15 0.00    M    M  3.0  9 310   M    M   0        13 360
 7  95  69  82   4   0  17 0.00    M    M  3.5 12 190   M    M   1        14 200
 8  96  71  84   6   0  19 0.00    M    M  3.5 10 180   M    M   2        13 190
 9  97  71  84   7   0  19 0.00    M    M  4.1  9 150   M    M   3        11 150
10  95  73  84   7   0  19 0.00    M    M  5.7 12 200   M    M   1        15 200
11  95  74  85   8   0  20 0.63    M    M  5.4 17 270   M    M   2 3      28 270
12  91  73  82   5   0  17 0.65    M    M  3.9 21  30   M    M   3 3      29  30
13  89  71  80   4   0  15 0.01    M    M  7.1 17 140   M    M   4 1      26 140
14  88  74  81   5   0  16 0.28    M    M  8.0 20  60   M    M   6        26  50
15  92  70  81   5   0  16 0.00    M    M  6.2 14  90   M    M   3 12     20  50
16  89  73  81   5   0  16 0.00    M    M  7.1 14  50   M    M   0        18  60
17  89  71  80   5   0  15 0.00    M    M  4.9 13 140   M    M   1        16 150
18  89  70  80   5   0  15    T    M    M  2.9  8 340   M    M   3        11  20
19  91  71  81   6   0  16 0.06    M    M  3.9 21  40   M    M   4 3      25  60
20  88  69  79   5   0  14 0.00    M    M  7.6 14  50   M    M   2 8      18  20
21  87  72  80   6   0  15    T    M    M  7.7 18  20   M    M   7        25 360
22  83  70  77   3   0  12    T    M    M  6.7 18  30   M    M   8        22  30
23  88  72  80   6   0  15 0.00    M    M  5.8 12 360   M    M   6        14 340
24  93  71  82   9   0  17 0.00    M    M  4.6 10  60   M    M   0        12 340
25  91  71  81   8   0  16 0.00    M    M  3.7 12 160   M    M   0 8      14 170
26  88  72  80   7   0  15    T    M    M  4.8 14 140   M    M   3 18     19 150
27  89  69  79   7   0  14 0.00    M    M  3.8 16  10   M    M   1 128    19 350
28  93  71  82  10   0  17 0.00    M    M  6.5 17 180   M    M   2 8      22 190
================================================================================
SM 2522 1985         0 437  5.33    M    151.9          M       81
================================================================================
AV 90.1 70.9                               5.4 FASTST   M    M   3    MAX(MPH)
                                 MISC ---->  # 25  20               # 35   20
================================================================================
NOTES:
# LAST OF SEVERAL OCCURRENCES

COLUMN 17 PEAK WIND IN M.P.H.

PRELIMINARY LOCAL CLIMATOLOGICAL DATA (WS FORM: F-6) , PAGE 2

                                          STATION:  AUGUSTA DANIEL FIELD GA
                                          MONTH:    SEPTEMBER
                                          YEAR:     2016
                                          LATITUDE:   33 28 N
                                          LONGITUDE:  82  2 W

[TEMPERATURE DATA]      [PRECIPITATION DATA]       SYMBOLS USED IN COLUMN 16

AVERAGE MONTHLY: 80.5   TOTAL FOR MONTH:   5.33    1 = FOG OR MIST
DPTR FM NORMAL:   4.7   DPTR FM NORMAL:    2.14    2 = FOG REDUCING VISIBILITY
HIGHEST:    97 ON  9    GRTST 24HR  3.70 ON  1- 2      TO 1/4 MILE OR LESS
LOWEST:     66 ON  3                               3 = THUNDER
                        SNOW, ICE PELLETS, HAIL    4 = ICE PELLETS
                        TOTAL MONTH:    M          5 = HAIL
                        GRTST 24HR    M  ON   M    6 = FREEZING RAIN OR DRIZZLE
                        GRTST DEPTH:  M  ON   M    7 = DUSTSTORM OR SANDSTORM:
                                                       VSBY 1/2 MILE OR LESS
                                                   8 = SMOKE OR HAZE
[NO. OF DAYS WITH]      [WEATHER - DAYS WITH]      9 = BLOWING SNOW
                                                   X = TORNADO
MAX 32 OR BELOW:   0    0.01 INCH OR MORE:   7
MAX 90 OR ABOVE:  13    0.10 INCH OR MORE:   5
MIN 32 OR BELOW:   0    0.50 INCH OR MORE:   3
MIN  0 OR BELOW:   0    1.00 INCH OR MORE:   1

[HDD (BASE 65) ]
TOTAL THIS MO.     0    CLEAR  (SCALE 0-3)  19
DPTR FM NORMAL     0    PTCLDY (SCALE 4-7)   9
TOTAL FM JUL 1     0    CLOUDY (SCALE 8-10)  0
DPTR FM NORMAL     0

[CDD (BASE 65) ]
TOTAL THIS MO.   437
DPTR FM NORMAL   132    [PRESSURE DATA]
TOTAL FM JAN 1  2807    HIGHEST SLP M ON M
DPTR FM NORMAL   691    LOWEST  SLP 29.65 ON  2

[REMARKS]
