000
CXUS55 KCAE 301400
CF6DNL
PRELIMINARY LOCAL CLIMATOLOGICAL DATA (WS FORM: F-6)

                                          STATION:   AUGUSTA DANIEL FIELD GA
                                          MONTH:     JUNE
                                          YEAR:      2015
                                          LATITUDE:   33 28 N
                                          LONGITUDE:  82  2 W

  TEMPERATURE IN F:       :PCPN:    SNOW:  WIND      :SUNSHINE: SKY     :PK WND
================================================================================
1   2   3   4   5  6A  6B    7    8   9   10  11  12  13   14  15   16   17  18
                                     12Z  AVG MX 2MIN
DY MAX MIN AVG DEP HDD CDD  WTR  SNW DPTH SPD SPD DIR MIN PSBL S-S WX    SPD DR
================================================================================

 1  89  70  80   3   0  15 0.38    M    M  4.2 14 340   M    M   2 13     27 200
 2  87  69  78   1   0  13 0.03    M    M  5.0 16 130   M    M   5 3      20 130
 3  84  66  75  -3   0  10 0.32    M    M  5.4 15 350   M    M   7 13     19 160
 4  84  64  74  -4   0   9 1.35    M    M  6.9 18  30   M    M   6 13     24  40
 5  86  68  77  -1   0  12 0.00    M    M  4.8 12  30   M    M   3        16  30
 6  91  71  81   3   0  16 0.00    M    M  3.5 12  20   M    M   2        16 340
 7  91  72  82   4   0  17 0.04    M    M  5.7 20 110   M    M   1 3      26 120
 8  91  71  81   3   0  16 0.04    M    M  6.2 18 190   M    M   5 1      24 190
 9  89  71  80   1   0  15 0.03    M    M  5.5 25 310   M    M   3 3      34 300
10  85  69  77  -2   0  12 0.00    M    M  3.9 13 170   M    M   3 13     15 160
11  87  71  79   0   0  14 0.08    M    M  5.2 18 170   M    M   5 1      25 170
12  91  72  82   3   0  17 0.00    M    M  5.5 15 220   M    M   2 3      22 210
13  94  73  84   5   0  19    T    M    M  4.5 15 200   M    M   2 3      20 200
14  97  75  86   7   0  21 0.00    M    M  4.4 12 310   M    M   0        16  10
15 100  79  90  10   0  25 0.00    M    M  5.1 12 310   M    M   1        15 310
16 100  79  90  10   0  25 0.00    M    M  3.5 10 300   M    M   0 3      16 320
17 102  80  91  11   0  26 0.00    M    M  4.6 13 330   M    M   0 3      16 200
18  99  77  88   8   0  23    T    M    M  3.9 18 210   M    M   1 3      25 200
19  97  76  87   7   0  22 0.00    M    M  4.7 12 220   M    M   1        17 220
20  97  78  88   8   0  23 0.09    M    M  6.0 17 200   M    M   1        22 220
21  99  76  88   8   0  23 0.00    M    M  5.7 15 300   M    M   0        21 300
22 102  79  91  11   0  26 0.00    M    M  5.2 15 330   M    M   0 3      19 320
23  97  76  87   7   0  22 0.21    M    M  5.7 14 200   M    M   1 3      21 280
24  99  75  87   6   0  22 0.20    M    M  4.9 17 290   M    M   1 3      24 290
25  99  74  87   6   0  22 0.00    M    M  5.8 13 310   M    M   0        16 310
26  98  77  88   7   0  23 0.00    M    M  7.2 17 210   M    M   1        23 190
27  92  73  83   2   0  18 0.31    M    M  6.4 21 260   M    M   5 13     34 260
28  89  73  81   0   0  16    T    M    M  5.6 13 310   M    M   3        17 320
29  90  69  80  -1   0  15 0.00    M    M  5.4 17 300   M    M   1        23 320
================================================================================
SM 2706 2123         0 537  3.08    M    150.4          M       62
================================================================================
AV 93.3 73.2                               5.2 FASTST   M    M   2    MAX(MPH)
                                 MISC ---->  # 25 310               # 34  300
================================================================================
NOTES:
# LAST OF SEVERAL OCCURRENCES

COLUMN 17 PEAK WIND IN M.P.H.

PRELIMINARY LOCAL CLIMATOLOGICAL DATA (WS FORM: F-6) , PAGE 2

                                          STATION:  AUGUSTA DANIEL FIELD GA
                                          MONTH:    JUNE
                                          YEAR:     2015
                                          LATITUDE:   33 28 N
                                          LONGITUDE:  82  2 W

[TEMPERATURE DATA]      [PRECIPITATION DATA]       SYMBOLS USED IN COLUMN 16

AVERAGE MONTHLY: 83.3   TOTAL FOR MONTH:   3.08    1 = FOG OR MIST
DPTR FM NORMAL:   3.9   DPTR FM NORMAL:   -1.07    2 = FOG REDUCING VISIBILITY
HIGHEST:   102 ON 22,17 GRTST 24HR  1.59 ON  3- 4      TO 1/4 MILE OR LESS
LOWEST:     64 ON  4                               3 = THUNDER
                        SNOW, ICE PELLETS, HAIL    4 = ICE PELLETS
                        TOTAL MONTH:    M          5 = HAIL
                        GRTST 24HR    M  ON   M    6 = FREEZING RAIN OR DRIZZLE
                        GRTST DEPTH:  M  ON   M    7 = DUSTSTORM OR SANDSTORM:
                                                       VSBY 1/2 MILE OR LESS
                                                   8 = SMOKE OR HAZE
[NO. OF DAYS WITH]      [WEATHER - DAYS WITH]      9 = BLOWING SNOW
                                                   X = TORNADO
MAX 32 OR BELOW:   0    0.01 INCH OR MORE:  12
MAX 90 OR ABOVE:  20    0.10 INCH OR MORE:   6
MIN 32 OR BELOW:   0    0.50 INCH OR MORE:   1
MIN  0 OR BELOW:   0    1.00 INCH OR MORE:   1

[HDD (BASE 65) ]
TOTAL THIS MO.     0    CLEAR  (SCALE 0-3)  23
DPTR FM NORMAL     0    PTCLDY (SCALE 4-7)   6
TOTAL FM JUL 1  2036    CLOUDY (SCALE 8-10)  0
DPTR FM NORMAL  -134

[CDD (BASE 65) ]
TOTAL THIS MO.   537
DPTR FM NORMAL   119    [PRESSURE DATA]
TOTAL FM JAN 1  1085    HIGHEST SLP M ON M
DPTR FM NORMAL   310    LOWEST  SLP 29.76 ON 27

[REMARKS]
