000
CXUS55 KVEF 011858
CF6DRA
PRELIMINARY LOCAL CLIMATOLOGICAL DATA (WS FORM: F-6)

                                          STATION:   DESERT ROCK-MERCURY NV
                                          MONTH:     AUGUST
                                          YEAR:      2015
                                          LATITUDE:   36 37 N
                                          LONGITUDE: 116  1 W

  TEMPERATURE IN F:       :PCPN:    SNOW:  WIND      :SUNSHINE: SKY     :PK WND
================================================================================
1   2   3   4   5  6A  6B    7    8   9   10  11  12  13   14  15   16   17  18
                                     12Z  AVG MX 2MIN
DY MAX MIN AVG DEP HDD CDD  WTR  SNW DPTH SPD SPD DIR MIN PSBL S-S WX    SPD DR
================================================================================

 1  93  75  84  -1   0  19 0.28  0.0    0 10.0 35 120   M    M   3        47 130
 2  98  69  84  -1   0  19 0.00  0.0    0  6.2 20 230   M    M   0        25 230
 3 101  73  87   2   0  22 0.00  0.0    0 10.1 23 210   M    M   0        34 190
 4  99  67  83  -2   0  18 0.00  0.0    0 11.0 28 220   M    M   0        37 220
 5  99  81  90   5   0  25 0.00  0.0    0 12.0 24 220   M    M   0        31 220
 6 100  73  87   2   0  22    T  0.0    0  7.3 30 240   M    M   2        38 230
 7  95  70  83  -2   0  18 0.00  0.0    0 13.4 30 210   M    M   2        40 200
 8  94  65  80  -5   0  15 0.00  0.0    0  7.8 21 240   M    M   0        30 240
 9  99  59  79  -5   0  14 0.00  0.0    0  7.0 28 230   M    M   0        34 220
10  99  70  85   1   0  20 0.00  0.0    0 11.3 25 220   M    M   0        34 220
11 100  71  86   2   0  21 0.00  0.0    0 10.9 28 220   M    M   0        38 180
12  99  77  88   4   0  23 0.00  0.0    0  7.5 24 220   M    M   4        35 230
13  98  74  86   2   0  21 0.90  0.0    0 11.1 31 110   M    M   1 8      38 110
14 102  71  87   3   0  22 0.00  0.0    0  7.6 25 200   M    M   0        32 220
15 103  72  88   4   0  23 0.00  0.0    0  6.2 22 200   M    M   0        29 220
16 106  73  90   7   0  25 0.00  0.0    0  6.6 20 240   M    M   0        27 250
17 105  76  91   8   0  26 0.00  0.0    0  7.2 16 260   M    M   0        22 260
18 105  70  88   5   0  23 0.00  0.0    0  7.3 20 220   M    M   0        25 220
19 104  69  87   4   0  22 0.00  0.0    0  9.1 18 200   M    M   0        23 200
20 102  71  87   4   0  22 0.00  0.0    0 10.4 28 220   M    M   0        36 220
21  99  70  85   3   0  20 0.00  0.0    0 10.9 30 220   M    M   0        38 230
22  99  68  84   2   0  19 0.00  0.0    0  8.1 23 240   M    M   0        32 230
23 101  67  84   2   0  19 0.00  0.0    0  8.1 24 190   M    M   0        31 190
24 103  68  86   4   0  21 0.00  0.0    0  7.5 24 220   M    M   0        31 180
25 101  71  86   4   0  21 0.00  0.0    0  5.6 21 180   M    M   0        26 210
26  95  76  86   4   0  21 0.01  0.0    0  7.3 18 120   M    M   4        22 130
27  99  72  86   5   0  21 0.00  0.0    0  6.0 15 160   M    M   0        18 120
28 103  72  88   7   0  23 0.00  0.0    0  5.7 20 230   M    M   1        24 230
29 102  78  90   9   0  25 0.00  0.0    0 12.7 28 220   M    M   0        37 190
30  96  76  86   6   0  21 0.00  0.0    0 12.4 29 220   M    M   0        36 220
31  98  67  83   3   0  18 0.00  0.0    0  8.0 26 230   M    M   0        35 220
================================================================================
SM 3097 2211         0 649  1.19     0.0 272.3          M       17
================================================================================
AV 99.9 71.3                               8.8 FASTST   M    M   1    MAX(MPH)
                                 MISC ---->  # 35 120               # 47  130
================================================================================
NOTES:
# LAST OF SEVERAL OCCURRENCES

COLUMN 17 PEAK WIND IN M.P.H.

PRELIMINARY LOCAL CLIMATOLOGICAL DATA (WS FORM: F-6) , PAGE 2

                                          STATION:  DESERT ROCK-MERCURY NV
                                          MONTH:    AUGUST
                                          YEAR:     2015
                                          LATITUDE:   36 37 N
                                          LONGITUDE: 116  1 W

[TEMPERATURE DATA]      [PRECIPITATION DATA]       SYMBOLS USED IN COLUMN 16

AVERAGE MONTHLY: 85.6   TOTAL FOR MONTH:   1.19    1 = FOG OR MIST
DPTR FM NORMAL:   2.4   DPTR FM NORMAL:    0.53    2 = FOG REDUCING VISIBILITY
HIGHEST:   106 ON 16    GRTST 24HR  0.90 ON 13-13      TO 1/4 MILE OR LESS
LOWEST:     59 ON  9                               3 = THUNDER
                        SNOW, ICE PELLETS, HAIL    4 = ICE PELLETS
                        TOTAL MONTH:   0.0 INCH    5 = HAIL
                        GRTST 24HR     0.0         6 = FREEZING RAIN OR DRIZZLE
                        GRTST DEPTH:   0           7 = DUSTSTORM OR SANDSTORM:
                                                       VSBY 1/2 MILE OR LESS
                                                   8 = SMOKE OR HAZE
[NO. OF DAYS WITH]      [WEATHER - DAYS WITH]      9 = BLOWING SNOW
                                                   X = TORNADO
MAX 32 OR BELOW:   0    0.01 INCH OR MORE:   3
MAX 90 OR ABOVE:  31    0.10 INCH OR MORE:   2
MIN 32 OR BELOW:   0    0.50 INCH OR MORE:   1
MIN  0 OR BELOW:   0    1.00 INCH OR MORE:   0

[HDD (BASE 65) ]
TOTAL THIS MO.     0    CLEAR  (SCALE 0-3)  29
DPTR FM NORMAL     0    PTCLDY (SCALE 4-7)   2
TOTAL FM JUL 1     0    CLOUDY (SCALE 8-10)  0
DPTR FM NORMAL     0

[CDD (BASE 65) ]
TOTAL THIS MO.   649
DPTR FM NORMAL    85    [PRESSURE DATA]
TOTAL FM JAN 1  1952    HIGHEST SLP 30.16 ON 27
DPTR FM NORMAL   136    LOWEST  SLP 29.62 ON 20

[REMARKS]
#FINAL-08-15#
