000
CXUS55 KGJT 251000
CF6DRO
PRELIMINARY LOCAL CLIMATOLOGICAL DATA (WS FORM: F-6)

                                          STATION:   DURANGO AIRPORT CO
                                          MONTH:     DECEMBER
                                          YEAR:      2014
                                          LATITUDE:   37  9 N
                                          LONGITUDE: 107 45 W

  TEMPERATURE IN F:       :PCPN:    SNOW:  WIND      :SUNSHINE: SKY     :PK WND
================================================================================
1   2   3   4   5  6A  6B    7    8   9   10  11  12  13   14  15   16   17  18
                                     12Z  AVG MX 2MIN
DY MAX MIN AVG DEP HDD CDD  WTR  SNW DPTH SPD SPD DIR MIN PSBL S-S WX    SPD DR
================================================================================

 1  50  18  34   4  31   0 0.00    M    M  4.6 12  30   M    M   1        15 240
 2  46  18  32   2  33   0 0.00    M    M  2.2  8  60   M    M   3         9  60
 3  46  32  39  10  26   0    T    M    M  3.7 12 360   M    M  10        14 360
 4  41  35  38   9  27   0 0.18    M    M  3.6 12  20   M    M  10 12     12  60
 5  46  29  38   9  27   0 0.00    M    M  2.3 10  10   M    M   7 12     10  10
 6  46  29  38  10  27   0 0.00    M    M  3.6 10 360   M    M   3        12  90
 7  50  24  37   9  28   0 0.00    M    M  3.6 13 210   M    M   1        17 250
 8  52  23  38  10  27   0 0.00    M    M  2.6 14  10   M    M   0        14  10
 9  54  20  37   9  28   0 0.00    M    M  3.1  9 360   M    M   0        10  10
10  50  17  34   7  31   0 0.00    M    M  4.1 10 220   M    M   0        13 250
11  53  19  36   9  29   0 0.00    M    M  3.8 13  10   M    M   0        14  10
12  52  23  38  11  27   0 0.00    M    M  3.8 12  10   M    M   0        12  10
13  48  30  39  12  26   0 0.38    M    M  6.8 24 250   M    M   6 18     30 250
14  38  25  32   6  33   0 0.00    M    M 13.5 26 260   M    M   2        31 270
15  35  15  25  -1  40   0 0.00    M    M  4.1  9  90   M    M   0        11  80
16  42  21  32   6  33   0 0.00    M    M  3.9 15  40   M    M   6        17  50
17  39  29  34   8  31   0 0.01    M    M  5.7 13 220   M    M   9 1      16 220
18  35  24  30   4  35   0    T    M    M  2.3 15 250   M    M   8 1      19 250
19  36  18  27   2  38   0 0.00    M    M  2.8  9 340   M    M   5        11 350
20  40  20  30   5  35   0 0.00    M    M  3.5 13 220   M    M   4        16 260
21  39  23  31   6  34   0 0.00    M    M  8.0 25 270   M    M   5 1      31 250
22  45  27  36  11  29   0 0.01    M    M 20.4 40 300   M    M   5 1      55 310
23  35  13  24  -1  41   0 0.00    M    M 11.5 25 350   M    M   0        34 350
24  35   8  22  -2  43   0 0.00    M    M  2.9  7  50   M    M   1        10 250
================================================================================
SM 1053  540       759   0  0.58    M    126.4          M       86
================================================================================
AV 43.9 22.5                               5.3 FASTST   M    M   4    MAX(MPH)
                                 MISC ---->  # 40 300               # 55  310
================================================================================
NOTES:
# LAST OF SEVERAL OCCURRENCES

COLUMN 17 PEAK WIND IN M.P.H.

PRELIMINARY LOCAL CLIMATOLOGICAL DATA (WS FORM: F-6) , PAGE 2

                                          STATION:  DURANGO AIRPORT CO
                                          MONTH:    DECEMBER
                                          YEAR:     2014
                                          LATITUDE:   37  9 N
                                          LONGITUDE: 107 45 W

[TEMPERATURE DATA]      [PRECIPITATION DATA]       SYMBOLS USED IN COLUMN 16

AVERAGE MONTHLY: 33.2   TOTAL FOR MONTH:   0.58    1 = FOG OR MIST
DPTR FM NORMAL:   6.3   DPTR FM NORMAL:   -0.22    2 = FOG REDUCING VISIBILITY
HIGHEST:    54 ON  9    GRTST 24HR  0.38 ON 13-13      TO 1/4 MILE OR LESS
LOWEST:      8 ON 24                               3 = THUNDER
                        SNOW, ICE PELLETS, HAIL    4 = ICE PELLETS
                        TOTAL MONTH:    M          5 = HAIL
                        GRTST 24HR    M  ON   M    6 = FREEZING RAIN OR DRIZZLE
                        GRTST DEPTH:  M  ON   M    7 = DUSTSTORM OR SANDSTORM:
                                                       VSBY 1/2 MILE OR LESS
                                                   8 = SMOKE OR HAZE
[NO. OF DAYS WITH]      [WEATHER - DAYS WITH]      9 = BLOWING SNOW
                                                   X = TORNADO
MAX 32 OR BELOW:   0    0.01 INCH OR MORE:   4
MAX 90 OR ABOVE:   0    0.10 INCH OR MORE:   2
MIN 32 OR BELOW:  23    0.50 INCH OR MORE:   0
MIN  0 OR BELOW:   0    1.00 INCH OR MORE:   0

[HDD (BASE 65) ]
TOTAL THIS MO.   759    CLEAR  (SCALE 0-3)  13
DPTR FM NORMAL  -155    PTCLDY (SCALE 4-7)   8
TOTAL FM JUL 1  2170    CLOUDY (SCALE 8-10)  3
DPTR FM NORMAL  -417

[CDD (BASE 65) ]
TOTAL THIS MO.     0
DPTR FM NORMAL     0    [PRESSURE DATA]
TOTAL FM JAN 1   305    HIGHEST SLP M ON M
DPTR FM NORMAL    62    LOWEST  SLP 29.61 ON 22

[REMARKS]
