000
CXUS53 KDTX 270800
CF6DTW
PRELIMINARY LOCAL CLIMATOLOGICAL DATA (WS FORM: F-6)

                                          STATION:   DETROIT MI
                                          MONTH:     MAY
                                          YEAR:      2015
                                          LATITUDE:   42 13 N
                                          LONGITUDE:  83 20 W

  TEMPERATURE IN F:       :PCPN:    SNOW:  WIND      :SUNSHINE: SKY     :PK WND
================================================================================
1   2   3   4   5  6A  6B    7    8   9   10  11  12  13   14  15   16   17  18
                                     12Z  AVG MX 2MIN
DY MAX MIN AVG DEP HDD CDD  WTR  SNW DPTH SPD SPD DIR MIN PSBL S-S WX    SPD DR
================================================================================

 1  75  46  61   6   4   0 0.00  0.0    0  5.6 18 350   M    M   4        24 320
 2  77  50  64   9   1   0 0.00  0.0    0  5.2 15 360   M    M   5        20 250
 3  82  52  67  11   0   2 0.00  0.0    0  9.7 22 180   M    M   4        28 190
 4  77  61  69  13   0   4 0.10  0.0    0 10.5 21 210   M    M   9 18     30 330
 5  64  51  58   2   7   0 0.81  0.0    0  6.2 15  30   M    M  10 18     26 340
 6  72  51  62   6   3   0 0.45  0.0    0  3.7 21  90   M    M   8 18     30  90
 7  82  54  68  11   0   3 0.00  0.0    0  3.9 12 120   M    M   5 18     16 120
 8  87  59  73  16   0   8 0.08  0.0    0  6.6 22 190   M    M   8 3      28 170
 9  83  60  72  15   0   7    T  0.0    0  8.1 21 210   M    M   6 18     25 220
10  79  59  69  11   0   4 0.46  0.0    0  5.3 22 190   M    M   9 18     23 190
11  85  62  74  16   0   9 0.48  0.0    0  8.2 37 220   M    M   9 12358  45 220
12  65  49  57  -1   8   0    T  0.0    0 15.8 25 240   M    M   9        33 250
13  55  44  50  -9  15   0 0.01  0.0    0  7.5 23 240   M    M   8         M 220
14  63  39  51  -8  14   0 0.00  0.0    0  4.8 12 140   M    M   8 8      16 110
15  79  52  66   7   0   1 0.18  0.0    0  6.0 18 220   M    M   9 13     26 190
16  78  63  71  11   0   6 0.06  0.0    0  4.1 13 170   M    M   8 18     15 180
17  81  63  72  12   0   7 0.04  0.0    0  6.9 23 150   M    M   8 1238   28 150
18  85  65  75  15   0  10 0.16  0.0    0 10.6 26 240   M    M   8 13     40 230
19  65  46  56  -5   9   0 0.00  0.0    0 11.5 18 290   M    M   8        30 300
20  60  41  51 -10  14   0    T  0.0    0  6.5 16 340   M    M   9        21 330
21  66  49  58  -3   7   0 0.00  0.0    0  7.9 18 250   M    M   8        24 260
22  68  46  57  -5   8   0 0.01  0.0    0  9.8 20 300   M    M   5        38 280
23  76  41  59  -3   6   0 0.00  0.0    0  5.3 14 150   M    M   4        17 200
24  79  53  66   4   0   1    T  0.0    0  5.6 16 190   M    M   6 8      20 190
25  84  65  75  13   0  10    T  0.0    0 16.0 33 210   M    M   9        41 200
26  83  64  74  11   0   9 0.35  0.0    0 10.5 28 220   M    M   9 13     40 260
================================================================================
SM 1950 1385        96  81  3.19     0.0 201.8          M      193
================================================================================
AV 75.0 53.3                               7.8 FASTST   M    M   7    MAX(MPH)
                                 MISC ---->  # 37 220               # 45  220
================================================================================
NOTES:
# LAST OF SEVERAL OCCURRENCES

COLUMN 17 PEAK WIND IN M.P.H.

PRELIMINARY LOCAL CLIMATOLOGICAL DATA (WS FORM: F-6) , PAGE 2

                                          STATION:  DETROIT MI
                                          MONTH:    MAY
                                          YEAR:     2015
                                          LATITUDE:   42 13 N
                                          LONGITUDE:  83 20 W

[TEMPERATURE DATA]      [PRECIPITATION DATA]       SYMBOLS USED IN COLUMN 16

AVERAGE MONTHLY: 64.1   TOTAL FOR MONTH:   3.19    1 = FOG OR MIST
DPTR FM NORMAL:   5.3   DPTR FM NORMAL:    0.38    2 = FOG REDUCING VISIBILITY
HIGHEST:    87 ON  8    GRTST 24HR  0.94 ON 10-11      TO 1/4 MILE OR LESS
LOWEST:     39 ON 14                               3 = THUNDER
                        SNOW, ICE PELLETS, HAIL    4 = ICE PELLETS
                        TOTAL MONTH:   0.0 INCH    5 = HAIL
                        GRTST 24HR     0.0         6 = FREEZING RAIN OR DRIZZLE
                        GRTST DEPTH:   0           7 = DUSTSTORM OR SANDSTORM:
                                                       VSBY 1/2 MILE OR LESS
                                                   8 = SMOKE OR HAZE
[NO. OF DAYS WITH]      [WEATHER - DAYS WITH]      9 = BLOWING SNOW
                                                   X = TORNADO
MAX 32 OR BELOW:   0    0.01 INCH OR MORE:  13
MAX 90 OR ABOVE:   0    0.10 INCH OR MORE:   8
MIN 32 OR BELOW:   0    0.50 INCH OR MORE:   1
MIN  0 OR BELOW:   0    1.00 INCH OR MORE:   0

[HDD (BASE 65) ]
TOTAL THIS MO.    96    CLEAR  (SCALE 0-3)   0
DPTR FM NORMAL   -94    PTCLDY (SCALE 4-7)  15
TOTAL FM JUL 1  6585    CLOUDY (SCALE 8-10) 11
DPTR FM NORMAL   501

[CDD (BASE 65) ]
TOTAL THIS MO.    81
DPTR FM NORMAL    53    [PRESSURE DATA]
TOTAL FM JAN 1    81    HIGHEST SLP M ON M
DPTR FM NORMAL    47    LOWEST  SLP 29.74 ON 11

[REMARKS]
