000
CXUS53 KDTX 280800
CF6DTW
PRELIMINARY LOCAL CLIMATOLOGICAL DATA (WS FORM: F-6)

                                          STATION:   DETROIT MI
                                          MONTH:     MARCH
                                          YEAR:      2015
                                          LATITUDE:   42 13 N
                                          LONGITUDE:  83 20 W

  TEMPERATURE IN F:       :PCPN:    SNOW:  WIND      :SUNSHINE: SKY     :PK WND
================================================================================
1   2   3   4   5  6A  6B    7    8   9   10  11  12  13   14  15   16   17  18
                                     12Z  AVG MX 2MIN
DY MAX MIN AVG DEP HDD CDD  WTR  SNW DPTH SPD SPD DIR MIN PSBL S-S WX    SPD DR
================================================================================

 1  25  15  20 -12  45   0 0.06  0.8   12  4.5 12 210   M    M   9 18     15 220
 2  33  20  27  -5  38   0    T  0.1   12  7.9 14 270   M    M   7 1      18 230
 3  37  22  30  -2  35   0 0.26  1.9   12 10.9 24 250   M    M  10 1468   31 260
 4  36  17  27  -6  38   0 0.00  0.0   13 12.8 29 250   M    M   9        38 230
 5  19   7  13 -20  52   0 0.00  0.0   13  7.7 18 320   M    M   6        26 210
 6  24   0  12 -21  53   0 0.00  0.0   12 11.9 25 190   M    M   4        31 190
 7  41  18  30  -4  35   0 0.00  0.0   12 11.3 21 210   M    M   7        24 200
 8  43  25  34   0  31   0 0.00  0.0   12  8.9 17 200   M    M   5 18     20 270
 9  48  24  36   2  29   0 0.00  0.0   10  5.8 16 210   M    M   2 18     20 210
10  48  29  39   4  26   0 0.00  0.0    8  4.6 10 200   M    M   9 18     14 210
11  55  33  44   9  21   0 0.00  0.0    7  5.8 17 310   M    M   3 18     21 310
12  45  31  38   2  27   0 0.00  0.0    5  6.3 13 120   M    M   3        17 100
13  53  30  42   6  23   0    T  0.0    3  4.7 14 150   M    M   9 128    18 140
14  53  38  46  10  19   0 0.00  0.0    T 12.5 25 290   M    M   8 128    33 290
15  55  35  45   8  20   0 0.00  0.0    T  8.7 23 310   M    M   9        30 320
16  62  40  51  14  14   0 0.00  0.0    0  8.5 16 180   M    M  10        20 170
17  54  29  42   4  23   0 0.00  0.0    0 14.9 28 330   M    M   6 8      37 330
18  50  26  38   0  27   0 0.00  0.0    0  9.6 22 310   M    M   5        30 260
19  41  27  34  -4  31   0 0.00  0.0    0  5.8 12  80   M    M  10        16  80
20  51  32  42   3  23   0 0.00  0.0    0  8.0 17 210   M    M   9        22 210
21  52  30  41   2  24   0    T  0.0    0 11.5 18 290   M    M   7 18     24 220
22  40  23  32  -8  33   0 0.00  0.0    0  5.5 14 350   M    M   4        20 350
23  31  21  26 -14  39   0 0.00  0.0    0  6.7 14  20   M    M   8        18  20
24  41  19  30 -10  35   0 0.00  0.0    0  5.9 12  90   M    M   5        15 100
25  54  29  42   1  23   0 0.20  0.0    0 12.0 28 230   M    M   9 18     36 240
26  46  35  41   0  24   0 0.07    T    0  8.6 16 290   M    M  10 18     21 280
27  35  17  26 -16  39   0    T    T    0 11.3 20 300   M    M   8        25 310
================================================================================
SM 1172  672       827   0  0.59     2.8 232.6          M      191
================================================================================
AV 43.4 24.9                               8.6 FASTST   M    M   7    MAX(MPH)
                                 MISC ---->  # 29 250               # 38  230
================================================================================
NOTES:
# LAST OF SEVERAL OCCURRENCES

COLUMN 17 PEAK WIND IN M.P.H.

PRELIMINARY LOCAL CLIMATOLOGICAL DATA (WS FORM: F-6) , PAGE 2

                                          STATION:  DETROIT MI
                                          MONTH:    MARCH
                                          YEAR:     2015
                                          LATITUDE:   42 13 N
                                          LONGITUDE:  83 20 W

[TEMPERATURE DATA]      [PRECIPITATION DATA]       SYMBOLS USED IN COLUMN 16

AVERAGE MONTHLY: 34.1   TOTAL FOR MONTH:   0.59    1 = FOG OR MIST
DPTR FM NORMAL:  -2.3   DPTR FM NORMAL:   -1.36    2 = FOG REDUCING VISIBILITY
HIGHEST:    62 ON 16    GRTST 24HR  0.26 ON  3- 3      TO 1/4 MILE OR LESS
LOWEST:      0 ON  6                               3 = THUNDER
                        SNOW, ICE PELLETS, HAIL    4 = ICE PELLETS
                        TOTAL MONTH:   2.8 INCHES  5 = HAIL
                        GRTST 24HR   1.9 ON   M    6 = FREEZING RAIN OR DRIZZLE
                        GRTST DEPTH:  13 ON  5, 4  7 = DUSTSTORM OR SANDSTORM:
                                                       VSBY 1/2 MILE OR LESS
                                                   8 = SMOKE OR HAZE
[NO. OF DAYS WITH]      [WEATHER - DAYS WITH]      9 = BLOWING SNOW
                                                   X = TORNADO
MAX 32 OR BELOW:   4    0.01 INCH OR MORE:   4
MAX 90 OR ABOVE:   0    0.10 INCH OR MORE:   2
MIN 32 OR BELOW:  22    0.50 INCH OR MORE:   0
MIN  0 OR BELOW:   1    1.00 INCH OR MORE:   0

[HDD (BASE 65) ]
TOTAL THIS MO.   827    CLEAR  (SCALE 0-3)   3
DPTR FM NORMAL    55    PTCLDY (SCALE 4-7)  12
TOTAL FM JUL 1  5938    CLOUDY (SCALE 8-10) 12
DPTR FM NORMAL   613

[CDD (BASE 65) ]
TOTAL THIS MO.     0
DPTR FM NORMAL     0    [PRESSURE DATA]
TOTAL FM JAN 1     0    HIGHEST SLP M ON M
DPTR FM NORMAL     0    LOWEST  SLP 29.56 ON  3

[REMARKS]
