000
CXUS55 KTWC 200855
CF6DUG
PRELIMINARY LOCAL CLIMATOLOGICAL DATA (WS FORM: F-6)

                                          STATION:   DOUGLAS AZ
                                          MONTH:     JANUARY
                                          YEAR:      2018
                                          LATITUDE:   31 28 N
                                          LONGITUDE: 109 36 W

  TEMPERATURE IN F:       :PCPN:    SNOW:  WIND      :SUNSHINE: SKY     :PK WND
================================================================================
1   2   3   4   5  6A  6B    7    8   9   10  11  12  13   14  15   16   17  18
                                     12Z  AVG MX 2MIN
DY MAX MIN AVG DEP HDD CDD  WTR  SNW DPTH SPD SPD DIR MIN PSBL S-S WX    SPD DR
================================================================================

 1  73  30  52   7  13   0 0.00  0.0    M  3.2 13 360   M    M   M        16 250
 2  71  35  53   7  12   0 0.00  0.0    M  3.9 12  80   M    M   M        14  80
 3  67  32  50   4  15   0    T    M    M  8.6 16  80   M    M   M        21  90
 4  63  34  49   3  16   0 0.00  0.0    M  4.2 15 340   M    M   M        19 350
 5  71  27  49   3  16   0 0.00  0.0    M  1.6  8  10   M    M   M         8 340
 6  72  29  51   5  14   0 0.00  0.0    M  5.0 12 330   M    M   M        15 160
 7  70  39  55   9  10   0 0.00  0.0    M  5.1 14 340   M    M   M        20 320
 8  71  33  52   6  13   0 0.00  0.0    M  5.0 13 160   M    M   M        17 140
 9  72  42  57  11   8   0 0.00  0.0    M 10.3 23 180   M    M   M        29 190
10  57  40  49   3  16   0 0.01  0.0    M 13.2 26 200   M    M   M        34 200
11  62  33  48   2  17   0 0.00  0.0    M  7.0 14 330   M    M   M        25 360
12  71  24  48   2  17   0 0.00  0.0    M  4.8 13  20   M    M   M        15 340
13  69  30  50   4  15   0 0.00  0.0    M  8.8 16  90   M    M   M        23  90
14  70  24  47   1  18   0 0.00  0.0    M  4.8 14  10   M    M   M        16 160
15  72  28  50   4  15   0 0.00  0.0    M  3.8 13  40   M    M   M        14  40
16  54  33  44  -2  21   0 0.00  0.0    M 10.6 23  90   M    M   M        27  90
17  58  22  40  -6  25   0 0.00  0.0    M  5.9 12  10   M    M   M        17  10
18  64  20  42  -4  23   0 0.00  0.0    M  2.8 12  10   M    M   M 8      12  10
19  70  20  45  -1  20   0 0.00  0.0    M  5.7 13 180   M    M   M        16 150
================================================================================
SM 1277  575       304   0  0.01     0.0 114.3          M        M
================================================================================
AV 67.2 30.3                               6.0 FASTST   M    M -nan   MAX(MPH)
                                 MISC ---->  # 26 200               # 34  200
================================================================================
NOTES:
# LAST OF SEVERAL OCCURRENCES

COLUMN 17 PEAK WIND IN M.P.H.

PRELIMINARY LOCAL CLIMATOLOGICAL DATA (WS FORM: F-6) , PAGE 2

                                          STATION:  DOUGLAS AZ
                                          MONTH:    JANUARY
                                          YEAR:     2018
                                          LATITUDE:   31 28 N
                                          LONGITUDE: 109 36 W

[TEMPERATURE DATA]      [PRECIPITATION DATA]       SYMBOLS USED IN COLUMN 16

AVERAGE MONTHLY: 48.7   TOTAL FOR MONTH:   0.01    1 = FOG OR MIST
DPTR FM NORMAL:   2.8   DPTR FM NORMAL:   -0.44    2 = FOG REDUCING VISIBILITY
HIGHEST:    73 ON  1    GRTST 24HR  0.01 ON 10-10      TO 1/4 MILE OR LESS
LOWEST:     20 ON 19,18                            3 = THUNDER
                        SNOW, ICE PELLETS, HAIL    4 = ICE PELLETS
                        TOTAL MONTH:   0.0 INCH    5 = HAIL
                        GRTST 24HR     0.0         6 = FREEZING RAIN OR DRIZZLE
                        GRTST DEPTH:  M  ON   M    7 = DUSTSTORM OR SANDSTORM:
                                                       VSBY 1/2 MILE OR LESS
                                                   8 = SMOKE OR HAZE
[NO. OF DAYS WITH]      [WEATHER - DAYS WITH]      9 = BLOWING SNOW
                                                   X = TORNADO
MAX 32 OR BELOW:   0    0.01 INCH OR MORE:   1
MAX 90 OR ABOVE:   0    0.10 INCH OR MORE:   0
MIN 32 OR BELOW:  11    0.50 INCH OR MORE:   0
MIN  0 OR BELOW:   0    1.00 INCH OR MORE:   0

[HDD (BASE 65) ]
TOTAL THIS MO.   304    CLEAR  (SCALE 0-3)   0
DPTR FM NORMAL   -59    PTCLDY (SCALE 4-7)   0
TOTAL FM JUL 1  1038    CLOUDY (SCALE 8-10)  0
DPTR FM NORMAL  -349

[CDD (BASE 65) ]
TOTAL THIS MO.     0
DPTR FM NORMAL     0    [PRESSURE DATA]
TOTAL FM JAN 1     0    HIGHEST SLP M ON M
DPTR FM NORMAL     0    LOWEST  SLP 29.73 ON  9

[REMARKS]
