560
CXUS51 KPBZ 260904
CF6DUJ
PRELIMINARY LOCAL CLIMATOLOGICAL DATA (WS FORM: F-6)

                                          STATION:   DUBOIS
                                          MONTH:     FEBRUARY
                                          YEAR:      2017
                                          LATITUDE:   41 10 N
                                          LONGITUDE:  78 54 W

  TEMPERATURE IN F:       :PCPN:    SNOW:  WIND      :SUNSHINE: SKY     :PK WND
================================================================================
1   2   3   4   5  6A  6B    7    8   9   10  11  12  13   14  15   16   17  18
                                     12Z  AVG MX 2MIN
DY MAX MIN AVG DEP HDD CDD  WTR  SNW DPTH SPD SPD DIR MIN PSBL S-S WX    SPD DR
================================================================================

 1  34  23  29   5  36   0 0.09    M    M 11.2 26 260   M    M   8 128    37 280
 2  29  13  21  -3  44   0    T    M    0 11.2 24 260   M    M   6 8      29 290
 3  20  10  15  -9  50   0    T    M    0 11.1 20 280   M    M   9 18     26 270
 4  25   6  16  -8  49   0 0.00  0.0    0  8.9 21 250   M    M   5 8      24 240
 5  36  20  28   3  37   0    T    M    M 12.7 29 250   M    M  10 8      35 250
 6  44  22  33   8  32   0 0.00    M    M  6.4 16 240   M    M   4 18     20 290
 7  53  36  45  20  20   0 0.70    M    M  8.6 26 220   M    M  10 128    37 240
 8  53  27  40  15  25   0 0.13    M    0 10.8 25 240   M    M  10 128    33 240
 9  27  14  21  -4  44   0 0.16    M    M 13.5 25 310   M    M   9 128    39 290
10  36  13  25   0  40   0 0.01    M    0 10.4 18 260   M    M   9 18     26 260
11  46  36  41  15  24   0 0.01    M    0 11.3 23 240   M    M   7        29 240
12  42  29  36  10  29   0 0.46    M    0 13.6 32 290   M    M  10 128    50 290
13  29  18  24  -2  41   0    T    M    0 12.5 28 300   M    M   7 128    41 330
14  44  16  30   4  35   0 0.00  0.0    0  9.0 23 240   M    M   1 1      32 250
15  38  23  31   5  34   0 0.01    M    0 13.7 24 280   M    M   9 8      31 270
16  24  21  23  -3  42   0    T    M    0 12.9 21 280   M    M   9 8      28 270
17  45  13  29   2  36   0 0.00  0.0    0  2.4 10 230   M    M   1        16 230
18  64  38  51  24  14   0 0.00  0.0    0 13.5 24 240   M    M   0        34 240
19  62  40  51  24  14   0 0.00  0.0    0 10.1 21 260   M    M   1 18     26 260
20  57  31  44  17  21   0 0.00  0.0    0  4.8 12 110   M    M   0        15 100
21  54  37  46  18  19   0 0.00  0.0    0 10.2 16 130   M    M   1        23 130
22  63  45  54  26  11   0 0.00    M    M  4.0 12 250   M    M   9        17 250
23  63  51  57  29   8   0 0.00  0.0    0  7.1 17 220   M    M   9 138    23 210
24  73  50  62  34   3   0 0.00    M    M  6.9 22 230   M    M   4 13     29 210
25  61  26  44  15  21   0 0.28    M    M 13.9 31 270   M    M   8 18     41 260
================================================================================
SM 1122  658       729   0  1.85     0.0 250.7          M      156
================================================================================
AV 44.9 26.3                              10.0 FASTST   M    M   6    MAX(MPH)
                                 MISC ---->  # 32 290               # 50  290
================================================================================
NOTES:
# LAST OF SEVERAL OCCURRENCES

COLUMN 17 PEAK WIND IN M.P.H.

PRELIMINARY LOCAL CLIMATOLOGICAL DATA (WS FORM: F-6) , PAGE 2

                                          STATION:  DUBOIS
                                          MONTH:    FEBRUARY
                                          YEAR:     2017
                                          LATITUDE:   41 10 N
                                          LONGITUDE:  78 54 W

[TEMPERATURE DATA]      [PRECIPITATION DATA]       SYMBOLS USED IN COLUMN 16

AVERAGE MONTHLY: 35.6   TOTAL FOR MONTH:   1.85    1 = FOG OR MIST
DPTR FM NORMAL:   9.6   DPTR FM NORMAL:   -0.22    2 = FOG REDUCING VISIBILITY
HIGHEST:    73 ON 24    GRTST 24HR  0.70 ON  7- 7      TO 1/4 MILE OR LESS
LOWEST:      6 ON  4                               3 = THUNDER
                        SNOW, ICE PELLETS, HAIL    4 = ICE PELLETS
                        TOTAL MONTH:   0.0 INCH    5 = HAIL
                        GRTST 24HR     0.0         6 = FREEZING RAIN OR DRIZZLE
                        GRTST DEPTH:   0           7 = DUSTSTORM OR SANDSTORM:
                                                       VSBY 1/2 MILE OR LESS
                                                   8 = SMOKE OR HAZE
[NO. OF DAYS WITH]      [WEATHER - DAYS WITH]      9 = BLOWING SNOW
                                                   X = TORNADO
MAX 32 OR BELOW:   6    0.01 INCH OR MORE:   9
MAX 90 OR ABOVE:   0    0.10 INCH OR MORE:   5
MIN 32 OR BELOW:  17    0.50 INCH OR MORE:   1
MIN  0 OR BELOW:   0    1.00 INCH OR MORE:   0

[HDD (BASE 65) ]
TOTAL THIS MO.   729    CLEAR  (SCALE 0-3)   6
DPTR FM NORMAL  -243    PTCLDY (SCALE 4-7)   7
TOTAL FM JUL 1  4007    CLOUDY (SCALE 8-10) 12
DPTR FM NORMAL  -909

[CDD (BASE 65) ]
TOTAL THIS MO.     0
DPTR FM NORMAL     0    [PRESSURE DATA]
TOTAL FM JAN 1     0    HIGHEST SLP M ON M
DPTR FM NORMAL     0    LOWEST  SLP 29.49 ON  7

[REMARKS]
