000
CXUS55 KPSR 221005
CF6DVT
PRELIMINARY LOCAL CLIMATOLOGICAL DATA (WS FORM: F-6)

                                          STATION:   DEER VLY/PHOENIX AZ
                                          MONTH:     MAY
                                          YEAR:      2017
                                          LATITUDE:   33 41 N
                                          LONGITUDE: 112  4 W

  TEMPERATURE IN F:       :PCPN:    SNOW:  WIND      :SUNSHINE: SKY     :PK WND
================================================================================
1   2   3   4   5  6A  6B    7    8   9   10  11  12  13   14  15   16   17  18
                                     12Z  AVG MX 2MIN
DY MAX MIN AVG DEP HDD CDD  WTR  SNW DPTH SPD SPD DIR MIN PSBL S-S WX    SPD DR
================================================================================

 1  91  57  74   0   0   9 0.00  0.0    0  5.7 81 220   M    M   0        81 220
 2  94  61  78   4   0  13 0.00  0.0    0  5.7 16 200   M    M   0        21 230
 3  98  64  81   7   0  16 0.00  0.0    0  4.7 16 250   M    M   0        25 240
 4 101  69  85  10   0  20 0.00  0.0    0  4.9 15 260   M    M   0        19 240
 5 105  73  89  14   0  24 0.00  0.0    0  7.6 21 220   M    M   0        28 210
 6  96  70  83   8   0  18 0.00  0.0    0 12.3 32 240   M    M   0        38 250
 7  71  59  65 -11   0   0 0.00  0.0    0  7.9 21 240   M    M   4 8      24 240
 8  81  57  69  -7   0   4    T  0.0    0  7.4 21 230   M    M   3 3      25 230
 9  72  55  64 -12   1   0 0.09  0.0    0  6.5 16 110   M    M   5 1      21 110
10  78  56  67 -10   0   2 0.00  0.0    0  6.4 18 210   M    M   2        22 210
11  89  59  74  -3   0   9 0.00  0.0    0  6.8 16 230   M    M   0        22 220
12  95  65  80   3   0  15 0.00  0.0    0  4.0 15 230   M    M   0        19 240
13  96  63  80   2   0  15 0.00  0.0    0  8.7 26 250   M    M   0        35 240
14  91  66  79   1   0  14 0.00  0.0    0  9.5 22 260   M    M   0        26 250
15  84  62  73  -5   0   8 0.00  0.0    0 12.7 28 240   M    M   0        34 230
16  76  57  67 -11   0   2 0.00  0.0    0  8.1 17 250   M    M   1        26 260
17  82  54  68 -11   0   3 0.00  0.0    0  8.1 21 250   M    M   1        27 220
18  85  63  74  -5   0   9 0.00  0.0    0 10.3 31 350   M    M   0        39 350
19  85  59  72  -7   0   7 0.00  0.0    0  8.1 22 350   M    M   0        27 360
20  94  61  78  -2   0  13 0.00  0.0    0  5.1 17 340   M    M   0        22 320
21  99  66  83   3   0  18 0.00  0.0    0  5.0 16 230   M    M   0        23 210
================================================================================
SM 1863 1296         1 219  0.09     0.0 155.5          M       16
================================================================================
AV 88.7 61.7                               7.4 FASTST   M    M   1    MAX(MPH)
                                 MISC ---->  # 81 220               # 81  220
================================================================================
NOTES:
# LAST OF SEVERAL OCCURRENCES

COLUMN 17 PEAK WIND IN M.P.H.

PRELIMINARY LOCAL CLIMATOLOGICAL DATA (WS FORM: F-6) , PAGE 2

                                          STATION:  DEER VLY/PHOENIX AZ
                                          MONTH:    MAY
                                          YEAR:     2017
                                          LATITUDE:   33 41 N
                                          LONGITUDE: 112  4 W

[TEMPERATURE DATA]      [PRECIPITATION DATA]       SYMBOLS USED IN COLUMN 16

AVERAGE MONTHLY: 75.2   TOTAL FOR MONTH:   0.09    1 = FOG OR MIST
DPTR FM NORMAL:  -1.7   DPTR FM NORMAL:   -0.01    2 = FOG REDUCING VISIBILITY
HIGHEST:   105 ON  5    GRTST 24HR  0.09 ON  9- 9      TO 1/4 MILE OR LESS
LOWEST:     54 ON 17                               3 = THUNDER
                        SNOW, ICE PELLETS, HAIL    4 = ICE PELLETS
                        TOTAL MONTH:   0.0 INCH    5 = HAIL
                        GRTST 24HR     0.0         6 = FREEZING RAIN OR DRIZZLE
                        GRTST DEPTH:   0           7 = DUSTSTORM OR SANDSTORM:
                                                       VSBY 1/2 MILE OR LESS
                                                   8 = SMOKE OR HAZE
[NO. OF DAYS WITH]      [WEATHER - DAYS WITH]      9 = BLOWING SNOW
                                                   X = TORNADO
MAX 32 OR BELOW:   0    0.01 INCH OR MORE:   1
MAX 90 OR ABOVE:  11    0.10 INCH OR MORE:   0
MIN 32 OR BELOW:   0    0.50 INCH OR MORE:   0
MIN  0 OR BELOW:   0    1.00 INCH OR MORE:   0

[HDD (BASE 65) ]
TOTAL THIS MO.     1    CLEAR  (SCALE 0-3)  18
DPTR FM NORMAL     1    PTCLDY (SCALE 4-7)   3
TOTAL FM JUL 1   912    CLOUDY (SCALE 8-10)  0
DPTR FM NORMAL  -376

[CDD (BASE 65) ]
TOTAL THIS MO.   219
DPTR FM NORMAL   -31    [PRESSURE DATA]
TOTAL FM JAN 1   545    HIGHEST SLP M ON M
DPTR FM NORMAL    79    LOWEST  SLP 29.48 ON  6

[REMARKS]
