000
CXUS54 KHGX 011415
CF6DWH
PRELIMINARY LOCAL CLIMATOLOGICAL DATA (WS FORM: F-6)

                                          STATION:   HOUSTON/D.W._HOOKS
                                          MONTH:     JULY
                                          YEAR:      2015
                                          LATITUDE:   30  4 N
                                          LONGITUDE:  95 33 W

  TEMPERATURE IN F:       :PCPN:    SNOW:  WIND      :SUNSHINE: SKY     :PK WND
================================================================================
1   2   3   4   5  6A  6B    7    8   9   10  11  12  13   14  15   16   17  18
                                     12Z  AVG MX 2MIN
DY MAX MIN AVG DEP HDD CDD  WTR  SNW DPTH SPD SPD DIR MIN PSBL S-S WX    SPD DR
================================================================================

 1  87  71  79  -3   0  14 0.13  0.0    0  3.3 23 230   M    M   1 13     34 170
 2  91  72  82   0   0  17 0.00  0.0    0  5.7 15 190   M    M   2        21 180
 3  92  74  83   1   0  18    T  0.0    0  5.0 14 180   M    M   2 13     21 180
 4  92  77  85   3   0  20    T  0.0    0  7.0 16 190   M    M   2 3      22 180
 5  93  79  86   4   0  21 0.00  0.0    0  7.8 16 210   M    M   3        21 210
 6  92  79  86   4   0  21 0.00  0.0    0  6.6 17 190   M    M   3        23 180
 7  92  79  86   4   0  21 0.04  0.0    0  7.9 17 180   M    M   5 8      25 180
 8  92  79  86   4   0  21 0.00  0.0    0  9.1 18 190   M    M   5        25 200
 9  94  74  84   2   0  19 0.00  0.0    0  5.7 14 130   M    M   2 1      19 120
10  94  74  84   2   0  19 0.00  0.0    0  3.7 10 150   M    M   2 1      16 160
11  94  74  84   2   0  19    T  0.0    0  3.3 16 120   M    M   3 13     19 110
12  94  74  84   2   0  19    T  0.0    0  4.0 13 190   M    M   3        17 200
13  94  76  85   3   0  20 0.00  0.0    0  6.4 15 200   M    M   2        20 200
14  95  75  85   3   0  20 0.00  0.0    0  6.7 15 200   M    M   2        20 210
15  96  75  86   4   0  21 0.00  0.0    0  5.6 14 190   M    M   3        20 210
16  95  75  85   3   0  20 0.00  0.0    0  5.5 13 130   M    M   2        18 160
17  95  75  85   3   0  20 0.00  0.0    0  5.8 15 120   M    M   2 3      23 130
18  97  79  88   6   0  23 0.00  0.0    0  7.1 13 130   M    M   2        18 120
19  97  74  86   4   0  21 0.00  0.0    0  5.0 13 130   M    M   2        16 130
20  96  75  86   4   0  21 0.00  0.0    0  4.7 13 210   M    M   2 1      16 190
21  95  75  85   3   0  20    T  0.0    0  6.0 14 120   M    M   3        18 130
22  98  78  88   6   0  23    T  0.0    0  6.7 16 200   M    M   4        22 190
23  98  77  88   6   0  23 0.00  0.0    0  7.7 16 230   M    M   2        22 230
24  98  74  86   4   0  21 0.00  0.0    0  5.3 13 200   M    M   3 1      19 140
25  97  73  85   3   0  20 0.00  0.0    0  4.7 12 140   M    M   2 1      16 130
26  98  76  87   4   0  22 0.00  0.0    0  4.6 13 200   M    M   2 1      16 130
27  97  79  88   5   0  23 0.00  0.0    0  4.9 16 150   M    M   3        21 140
28 100  75  88   5   0  23 0.04  0.0    0  5.4 14 130   M    M   1 1      19 130
29  99  75  87   4   0  22 0.00  0.0    0  3.7 12 200   M    M   1 1      17 180
30 100  78  89   6   0  24 0.00  0.0    0  3.6 13  50   M    M   2 3      20  40
31  98  75  87   4   0  22 0.00  0.0    0  5.2 15  30   M    M   0        21  40
================================================================================
SM 2950 2345         0 638  0.21     0.0 173.7          M       73
================================================================================
AV 95.2 75.6                               5.6 FASTST   M    M   2    MAX(MPH)
                                 MISC ---->  # 23 230               # 34  170
================================================================================
NOTES:
# LAST OF SEVERAL OCCURRENCES

COLUMN 17 PEAK WIND IN M.P.H.

PRELIMINARY LOCAL CLIMATOLOGICAL DATA (WS FORM: F-6) , PAGE 2

                                          STATION:  HOUSTON/D.W._HOOKS
                                          MONTH:    JULY
                                          YEAR:     2015
                                          LATITUDE:   30  4 N
                                          LONGITUDE:  95 33 W

[TEMPERATURE DATA]      [PRECIPITATION DATA]       SYMBOLS USED IN COLUMN 16

AVERAGE MONTHLY: 85.4   TOTAL FOR MONTH:   0.21    1 = FOG OR MIST
DPTR FM NORMAL:   3.3   DPTR FM NORMAL:   -3.63    2 = FOG REDUCING VISIBILITY
HIGHEST:   100 ON 30,28 GRTST 24HR  1.33 ON 30- 1      TO 1/4 MILE OR LESS
LOWEST:     71 ON  1                               3 = THUNDER
                        SNOW, ICE PELLETS, HAIL    4 = ICE PELLETS
                        TOTAL MONTH:   0.0 INCH    5 = HAIL
                        GRTST 24HR     0.0         6 = FREEZING RAIN OR DRIZZLE
                        GRTST DEPTH:   0           7 = DUSTSTORM OR SANDSTORM:
                                                       VSBY 1/2 MILE OR LESS
                                                   8 = SMOKE OR HAZE
[NO. OF DAYS WITH]      [WEATHER - DAYS WITH]      9 = BLOWING SNOW
                                                   X = TORNADO
MAX 32 OR BELOW:   0    0.01 INCH OR MORE:   3
MAX 90 OR ABOVE:  30    0.10 INCH OR MORE:   1
MIN 32 OR BELOW:   0    0.50 INCH OR MORE:   0
MIN  0 OR BELOW:   0    1.00 INCH OR MORE:   0

[HDD (BASE 65) ]
TOTAL THIS MO.     0    CLEAR  (SCALE 0-3)  24
DPTR FM NORMAL     0    PTCLDY (SCALE 4-7)   7
TOTAL FM JUL 1     0    CLOUDY (SCALE 8-10)  0
DPTR FM NORMAL     0

[CDD (BASE 65) ]
TOTAL THIS MO.   638
DPTR FM NORMAL   106    [PRESSURE DATA]
TOTAL FM JAN 1  1820    HIGHEST SLP 30.15 ON 11
DPTR FM NORMAL   263    LOWEST  SLP 29.82 ON 14

[REMARKS]
#FINAL-07-15#
