000
CXUS54 KEWX 300910
CF6DZB
PRELIMINARY LOCAL CLIMATOLOGICAL DATA (WS FORM: F-6)

                                          STATION:   Horseshoe Bay
                                          MONTH:     JUNE
                                          YEAR:      2015
                                          LATITUDE:   30 31 N
                                          LONGITUDE:  98 22 W

  TEMPERATURE IN F:       :PCPN:    SNOW:  WIND      :SUNSHINE: SKY     :PK WND
================================================================================
1   2   3   4   5  6A  6B    7    8   9   10  11  12  13   14  15   16   17  18
                                     12Z  AVG MX 2MIN
DY MAX MIN AVG DEP HDD CDD  WTR  SNW DPTH SPD SPD DIR MIN PSBL S-S WX    SPD DR
================================================================================

 1  90  62  76   M   0  11 0.00  0.0    0  2.6  8 150   M    M   2         M  M
 2  91  66  79   M   0  14 0.00  0.0    0  4.7  8 180   M    M   1         M  M
 3  90  67  79   M   0  14 0.00  0.0    0  6.3 12 170   M    M   0        17 170
 4  91  63  77   M   0  12 0.00    M    0  4.9  9 140   M    M   2         M  M
 5  91  66  79   M   0  14 0.00  0.0    0  4.2  8 140   M    M   2         M  M
 6  92  66  79   M   0  14 0.00  0.0    0  3.6  8 170   M    M   1         M  M
 7  92  66  79   M   0  14 0.00  0.0    0  3.8 10 160   M    M   0         M  M
 8  94  68  81   M   0  16 0.00  0.0    0  2.8  9 240   M    M   1         M  M
 9  95  68  82   M   0  17 0.00  0.0    0  1.5  6 180   M    M   1         M  M
10  95  69  82   M   0  17 0.00  0.0    0  3.5  9 160   M    M   1         M  M
11  93  71  82   M   0  17 0.00    M    0  7.7 14 170   M    M   3        20 170
12  94  75  85   M   0  20 0.00    M    0  7.8 13 160   M    M   3        21 160
13  95  73  84   M   0  19 0.00  0.0    0  6.6 12 150   M    M   4        25 150
14  89  72  81   M   0  16 0.01  0.0    0  6.5 10 170   M    M   3 3      20 170
15  91  72  82   M   0  17 0.00  0.0    0  4.6 10 130   M    M   4 13     17  80
16  84  73  79   M   0  14 0.25  0.0    0  4.1  8  70   M    M   8 13      M  M
17  94  73  84   M   0  19 0.00  0.0    0  5.6 15 150   M    M   5        27 150
18  94  70  82   M   0  17 0.00  0.0    0  3.7 15 170   M    M   5 3      22 170
19  87  71  79   M   0  14 0.00  0.0    0  2.8  8 260   M    M   2 1       M  M
20  83  71  77   M   0  12 0.15  0.0    0  5.0  9 180   M    M   6 1      22 180
21  88  73  81   M   0  16 0.11  0.0    0  7.0 16 190   M    M   9 138    29 190
22  88  72  80   M   0  15 0.00  0.0    0  5.6 10 180   M    M   6 13     18 190
23  93  71  82   M   0  17 0.07    M    0  4.4  9 150   M    M   5 1      16 180
24  93  69  81   M   0  16 0.00    M    0  4.6 12 150   M    M   4 12     17 150
25  94  70  82   M   0  17 0.00  0.0    0  5.2  9 180   M    M   1         M  M
26  95  74  85   M   0  20 0.00  0.0    0  6.9 12 170   M    M   2        17 180
27  93  73  83   M   0  18 0.00  0.0    0  2.6 10 330   M    M   4 3       M  M
28  92  72  82   M   0  17 0.18  0.0    0  1.7 12 180   M    M   5 3      22 180
29  94  71  83   M   0  18 0.00  0.0    0  4.2 12 170   M    M   1 1      17 170
================================================================================
SM 2655 2027         0 462  0.77     0.0 134.5          M       91
================================================================================
AV 91.6 69.9                               4.6 FASTST   M    M   3    MAX(MPH)
                                 MISC ---->    16   M                 29    M
================================================================================
NOTES:
# LAST OF SEVERAL OCCURRENCES

COLUMN 17 PEAK WIND IN M.P.H.

PRELIMINARY LOCAL CLIMATOLOGICAL DATA (WS FORM: F-6) , PAGE 2

                                          STATION:  Horseshoe Bay
                                          MONTH:    JUNE
                                          YEAR:     2015
                                          LATITUDE:   30 31 N
                                          LONGITUDE:  98 22 W

[TEMPERATURE DATA]      [PRECIPITATION DATA]       SYMBOLS USED IN COLUMN 16

AVERAGE MONTHLY: 80.7   TOTAL FOR MONTH:   0.77    1 = FOG OR MIST
DPTR FM NORMAL:     M   DPTR FM NORMAL:       M    2 = FOG REDUCING VISIBILITY
HIGHEST:    95 ON 26,13 GRTST 24HR  0.25 ON 16-16      TO 1/4 MILE OR LESS
LOWEST:     62 ON  1                               3 = THUNDER
                        SNOW, ICE PELLETS, HAIL    4 = ICE PELLETS
                        TOTAL MONTH:   0.0 INCH    5 = HAIL
                        GRTST 24HR     0.0         6 = FREEZING RAIN OR DRIZZLE
                        GRTST DEPTH:   0           7 = DUSTSTORM OR SANDSTORM:
                                                       VSBY 1/2 MILE OR LESS
                                                   8 = SMOKE OR HAZE
[NO. OF DAYS WITH]      [WEATHER - DAYS WITH]      9 = BLOWING SNOW
                                                   X = TORNADO
MAX 32 OR BELOW:   0    0.01 INCH OR MORE:   6
MAX 90 OR ABOVE:  23    0.10 INCH OR MORE:   4
MIN 32 OR BELOW:   0    0.50 INCH OR MORE:   0
MIN  0 OR BELOW:   0    1.00 INCH OR MORE:   0

[HDD (BASE 65) ]
TOTAL THIS MO.     0    CLEAR  (SCALE 0-3)  16
DPTR FM NORMAL     M    PTCLDY (SCALE 4-7)  11
TOTAL FM JUL 1  1933    CLOUDY (SCALE 8-10)  2
DPTR FM NORMAL     M

[CDD (BASE 65) ]
TOTAL THIS MO.   462
DPTR FM NORMAL     M    [PRESSURE DATA]
TOTAL FM JAN 1   998    HIGHEST SLP M ON M
DPTR FM NORMAL     M    LOWEST  SLP M ON M

[REMARKS]
