000
CXUS56 KOTX 250900
CF6EAT
PRELIMINARY LOCAL CLIMATOLOGICAL DATA (WS FORM: F-6)

                                          STATION:   WENATCHEE WA PANGBORN FIELD
                                          MONTH:     APRIL
                                          YEAR:      2017
                                          LATITUDE:   47 23 N
                                          LONGITUDE: 120 12 W

  TEMPERATURE IN F:       :PCPN:    SNOW:  WIND      :SUNSHINE: SKY     :PK WND
================================================================================
1   2   3   4   5  6A  6B    7    8   9   10  11  12  13   14  15   16   17  18
                                     12Z  AVG MX 2MIN
DY MAX MIN AVG DEP HDD CDD  WTR  SNW DPTH SPD SPD DIR MIN PSBL S-S WX    SPD DR
================================================================================

 1  64  42  53   4  12   0 0.00    M    M 13.0 33 310   M    M   1        42 310
 2  55  38  47  -2  18   0 0.00    M    M 15.5 28 310   M    M   2 8      35 300
 3  56  34  45  -4  20   0 0.00    M    M  8.5 20 310   M    M   0        22 310
 4  54  33  44  -5  21   0    T    M    M  4.4 13 160   M    M   5        17 190
 5  54  41  48  -2  17   0 0.01    M    M  6.7 17 290   M    M   7        20 290
 6  59  44  52   2  13   0 0.14    M    M  4.6 10 310   M    M   8 1      13 280
 7  57  39  48  -2  17   0 0.42    M    M 10.7 38 250   M    M   6 1      49 160
 8  55  35  45  -5  20   0 0.00    M    M 11.3 24 270   M    M   1        32 270
 9  52  34  43  -7  22   0 0.00    M    M  9.1 22 140   M    M   1        27 130
10  54  38  46  -4  19   0 0.04    M    M  6.5 26 300   M    M   6        32 300
11  54  31  43  -8  22   0    T    M    M  6.4 14 280   M    M   4        17 290
12  49  42  46  -5  19   0 0.59    M    M  4.0  8 310   M    M   9 1      10 320
13  56  41  49  -2  16   0 0.45    M    M  8.3 18 270   M    M   6 1      22 270
14  56  39  48  -3  17   0 0.01    M    M 11.5 22 260   M    M   2        26 280
15  57  34  46  -5  19   0 0.00    M    M  5.8 17 220   M    M   1        21 210
16  57  35  46  -6  19   0    T    M    M  7.7 16 280   M    M   3        18 280
17  62  44  53   1  12   0 0.01    M    M  6.7 17 160   M    M   7        23 140
18  62  40  51  -1  14   0 0.16    M    M  6.6 22 300   M    M   2 3      27 250
19  60  39  50  -2  15   0 0.21    M    M  5.6 17 330   M    M   3 1      22 320
20  62  43  53   1  12   0 0.10    M    M 13.8 24 300   M    M   2 1      31 300
21  63  40  52  -1  13   0 0.00    M    M  7.1 16 150   M    M   0        20 180
22  63  43  53   0  12   0    T    M    M  6.1 21 310   M    M   2        24 320
23  61  43  52  -1  13   0 0.01    M    M  6.6 20 250   M    M   3        24 250
24  58  44  51  -2  14   0 0.00    M    M  6.9 15 130   M    M   4        20 140
================================================================================
SM 1380  936       396   0  2.15    M    193.4          M       85
================================================================================
AV 57.5 39.0                               8.1 FASTST   M    M   4    MAX(MPH)
                                 MISC ---->  # 38 250               # 49  160
================================================================================
NOTES:
# LAST OF SEVERAL OCCURRENCES

COLUMN 17 PEAK WIND IN M.P.H.

PRELIMINARY LOCAL CLIMATOLOGICAL DATA (WS FORM: F-6) , PAGE 2

                                          STATION:  WENATCHEE WA PANGBORN FIELD
                                          MONTH:    APRIL
                                          YEAR:     2017
                                          LATITUDE:   47 23 N
                                          LONGITUDE: 120 12 W

[TEMPERATURE DATA]      [PRECIPITATION DATA]       SYMBOLS USED IN COLUMN 16

AVERAGE MONTHLY: 48.3   TOTAL FOR MONTH:   2.15    1 = FOG OR MIST
DPTR FM NORMAL:  -2.7   DPTR FM NORMAL:    1.78    2 = FOG REDUCING VISIBILITY
HIGHEST:    64 ON  1    GRTST 24HR  0.83 ON 12-13      TO 1/4 MILE OR LESS
LOWEST:     31 ON 11                               3 = THUNDER
                        SNOW, ICE PELLETS, HAIL    4 = ICE PELLETS
                        TOTAL MONTH:    M          5 = HAIL
                        GRTST 24HR    M  ON   M    6 = FREEZING RAIN OR DRIZZLE
                        GRTST DEPTH:  M  ON   M    7 = DUSTSTORM OR SANDSTORM:
                                                       VSBY 1/2 MILE OR LESS
                                                   8 = SMOKE OR HAZE
[NO. OF DAYS WITH]      [WEATHER - DAYS WITH]      9 = BLOWING SNOW
                                                   X = TORNADO
MAX 32 OR BELOW:   0    0.01 INCH OR MORE:  12
MAX 90 OR ABOVE:   0    0.10 INCH OR MORE:   7
MIN 32 OR BELOW:   1    0.50 INCH OR MORE:   1
MIN  0 OR BELOW:   0    1.00 INCH OR MORE:   0

[HDD (BASE 65) ]
TOTAL THIS MO.   396    CLEAR  (SCALE 0-3)  12
DPTR FM NORMAL    59    PTCLDY (SCALE 4-7)  11
TOTAL FM JUL 1  5925    CLOUDY (SCALE 8-10)  1
DPTR FM NORMAL   476

[CDD (BASE 65) ]
TOTAL THIS MO.     0
DPTR FM NORMAL     0    [PRESSURE DATA]
TOTAL FM JAN 1     0    HIGHEST SLP M ON M
DPTR FM NORMAL    -2    LOWEST  SLP 29.32 ON  7

[REMARKS]
