000
CXUS56 KOTX 210900
CF6EAT
PRELIMINARY LOCAL CLIMATOLOGICAL DATA (WS FORM: F-6)

                                          STATION:   WENATCHEE WA PANGBORN FIELD
                                          MONTH:     OCTOBER
                                          YEAR:      2017
                                          LATITUDE:   47 23 N
                                          LONGITUDE: 120 12 W

  TEMPERATURE IN F:       :PCPN:    SNOW:  WIND      :SUNSHINE: SKY     :PK WND
================================================================================
1   2   3   4   5  6A  6B    7    8   9   10  11  12  13   14  15   16   17  18
                                     12Z  AVG MX 2MIN
DY MAX MIN AVG DEP HDD CDD  WTR  SNW DPTH SPD SPD DIR MIN PSBL S-S WX    SPD DR
================================================================================

 1  66  43  55  -3  10   0    T    M    M 11.6 23 300   M    M   3        28 310
 2  65  46  56  -2   9   0 0.00    M    M 11.7 31  40   M    M   5 8      41  40
 3  64  39  52  -5  13   0 0.00    M    M  4.1 13 310   M    M   0 8      14 310
 4  66  39  53  -4  12   0 0.00    M    M  5.3 14 280   M    M   0 8      17 310
 5  69  41  55  -1  10   0 0.00    M    M  5.6 14 300   M    M   0 8      18 120
 6  73  37  55  -1  10   0 0.00    M    M  8.5 32 270   M    M   0        44 250
 7  64  45  55   0  10   0    T    M    M 10.9 28 320   M    M   4        33 320
 8  64  44  54  -1  11   0 0.00    M    M  8.9 18 300   M    M   0        21 300
 9  60  36  48  -6  17   0 0.00    M    M  5.0 15 100   M    M   0        18 100
10  56  40  48  -6  17   0 0.00    M    M  6.4 20 300   M    M   0        26 280
11  53  34  44  -9  21   0 0.04    M    M  5.4 23 300   M    M   2        29 300
12  48  35  42 -11  23   0 0.01    M    M  4.6 14 130   M    M   8        18 120
13  54  35  45  -7  20   0 0.00    M    M  7.3 22 300   M    M   5        29 300
14  56  32  44  -8  21   0 0.00    M    M  4.5 13 310   M    M   0        15 320
15  57  32  45  -6  20   0 0.00    M    M  3.5 10 120   M    M   0        15 140
16  60  33  47  -4  18   0 0.00    M    M  4.3 14 130   M    M   0 18     18 120
17  69  39  54   4  11   0    T    M    M 10.9 40 270   M    M   1        51 260
18  57  39  48  -2  17   0    T    M    M  5.3 15 150   M    M   5        19 140
19  54  45  50   1  15   0 0.02    M    M  5.6 14 320   M    M   9        19 350
20  59  41  50   1  15   0 0.00    M    M  8.5 23 260   M    M   2        32 270
================================================================================
SM 1214  775       300   0  0.07    M    137.9          M       44
================================================================================
AV 60.7 38.8                               6.9 FASTST   M    M   2    MAX(MPH)
                                 MISC ---->  # 40 270               # 51  260
================================================================================
NOTES:
# LAST OF SEVERAL OCCURRENCES

COLUMN 17 PEAK WIND IN M.P.H.

PRELIMINARY LOCAL CLIMATOLOGICAL DATA (WS FORM: F-6) , PAGE 2

                                          STATION:  WENATCHEE WA PANGBORN FIELD
                                          MONTH:    OCTOBER
                                          YEAR:     2017
                                          LATITUDE:   47 23 N
                                          LONGITUDE: 120 12 W

[TEMPERATURE DATA]      [PRECIPITATION DATA]       SYMBOLS USED IN COLUMN 16

AVERAGE MONTHLY: 49.7   TOTAL FOR MONTH:   0.07    1 = FOG OR MIST
DPTR FM NORMAL:  -3.8   DPTR FM NORMAL:   -0.15    2 = FOG REDUCING VISIBILITY
HIGHEST:    73 ON  6    GRTST 24HR  0.04 ON 11-11      TO 1/4 MILE OR LESS
LOWEST:     32 ON 15,14                            3 = THUNDER
                        SNOW, ICE PELLETS, HAIL    4 = ICE PELLETS
                        TOTAL MONTH:    M          5 = HAIL
                        GRTST 24HR    M  ON   M    6 = FREEZING RAIN OR DRIZZLE
                        GRTST DEPTH:  M  ON   M    7 = DUSTSTORM OR SANDSTORM:
                                                       VSBY 1/2 MILE OR LESS
                                                   8 = SMOKE OR HAZE
[NO. OF DAYS WITH]      [WEATHER - DAYS WITH]      9 = BLOWING SNOW
                                                   X = TORNADO
MAX 32 OR BELOW:   0    0.01 INCH OR MORE:   3
MAX 90 OR ABOVE:   0    0.10 INCH OR MORE:   0
MIN 32 OR BELOW:   2    0.50 INCH OR MORE:   0
MIN  0 OR BELOW:   0    1.00 INCH OR MORE:   0

[HDD (BASE 65) ]
TOTAL THIS MO.   300    CLEAR  (SCALE 0-3)  14
DPTR FM NORMAL    68    PTCLDY (SCALE 4-7)   5
TOTAL FM JUL 1   402    CLOUDY (SCALE 8-10)  1
DPTR FM NORMAL    58

[CDD (BASE 65) ]
TOTAL THIS MO.     0
DPTR FM NORMAL     0    [PRESSURE DATA]
TOTAL FM JAN 1  1058    HIGHEST SLP M ON M
DPTR FM NORMAL   268    LOWEST  SLP 29.48 ON 19

[REMARKS]
