000
CXUS53 KMPX 161000
CF6EAU
PRELIMINARY LOCAL CLIMATOLOGICAL DATA (WS FORM: F-6)

                                          STATION:   EAU CLAIRE WI
                                          MONTH:     JANUARY
                                          YEAR:      2017
                                          LATITUDE:   44 52 N
                                          LONGITUDE:  91 29 W

  TEMPERATURE IN F:       :PCPN:    SNOW:  WIND      :SUNSHINE: SKY     :PK WND
================================================================================
1   2   3   4   5  6A  6B    7    8   9   10  11  12  13   14  15   16   17  18
                                     12Z  AVG MX 2MIN
DY MAX MIN AVG DEP HDD CDD  WTR  SNW DPTH SPD SPD DIR MIN PSBL S-S WX    SPD DR
================================================================================

 1  29  20  25  10  40   0 0.00  0.0    3  5.9 15 200   M    M   5        19 200
 2  33  26  30  15  35   0 0.15  2.0    3  9.1 16  80   M    M  10 126    20 110
 3  32   2  17   2  48   0 0.02  0.1    5 11.0 23 290   M    M   7 18     29 290
 4   3  -6  -1 -16  66   0    T    T    5 12.0 22 290   M    M   1 8      30 290
 5  -1 -13  -7 -22  72   0    T    T    5  6.8 16 280   M    M   4 8      20 270
 6   0 -15  -7 -21  72   0 0.00  0.0    5  4.8 10 250   M    M   0 18     14 250
 7   7 -12  -2 -16  67   0 0.00  0.0    5  6.8 18 300   M    M   1 18     24 300
 8  13 -15  -1 -15  66   0    T  0.1    5  5.5 17 160   M    M   3 1      21 140
 9  25   8  17   3  48   0 0.11  1.4    5  5.8 16 160   M    M   7 128    22 150
10  28   4  16   2  49   0 0.47  6.1    6 10.6 28 270   M    M   8 128    37 290
11   9   2   6  -8  59   0 0.06  1.3   10  5.6 13 360   M    M   8 18     18 240
12  14  -4   5  -9  60   0 0.00  0.0   10  8.4 22 280   M    M   5        28 280
13   9 -11  -1 -15  66   0 0.00  0.0   10  2.7  7 260   M    M   4         M  M
14  18  -7   6  -8  59   0 0.00  0.0   10  2.9  9 250   M    M   1 18     11 170
15  27 -10   9  -5  56   0 0.00  0.0   10  2.3  8 190   M    M   0 18     10 190
================================================================================
SM  246  -31       863   0  0.81    11.0 100.2          M       64
================================================================================
AV 16.4 -2.1                               6.7 FASTST   M    M   4    MAX(MPH)
                                 MISC ---->  # 28 270               # 37  290
================================================================================
NOTES:
# LAST OF SEVERAL OCCURRENCES

COLUMN 17 PEAK WIND IN M.P.H.

PRELIMINARY LOCAL CLIMATOLOGICAL DATA (WS FORM: F-6) , PAGE 2

                                          STATION:  EAU CLAIRE WI
                                          MONTH:    JANUARY
                                          YEAR:     2017
                                          LATITUDE:   44 52 N
                                          LONGITUDE:  91 29 W

[TEMPERATURE DATA]      [PRECIPITATION DATA]       SYMBOLS USED IN COLUMN 16

AVERAGE MONTHLY:  7.2   TOTAL FOR MONTH:   0.81    1 = FOG OR MIST
DPTR FM NORMAL:  -7.2   DPTR FM NORMAL:    0.39    2 = FOG REDUCING VISIBILITY
HIGHEST:    33 ON  2    GRTST 24HR  0.47 ON 10-10      TO 1/4 MILE OR LESS
LOWEST:    -15 ON  8, 6                            3 = THUNDER
                        SNOW, ICE PELLETS, HAIL    4 = ICE PELLETS
                        TOTAL MONTH:  11.0 INCHES  5 = HAIL
                        GRTST 24HR   6.1 ON   M    6 = FREEZING RAIN OR DRIZZLE
                        GRTST DEPTH:  10 ON 15,14  7 = DUSTSTORM OR SANDSTORM:
                                                       VSBY 1/2 MILE OR LESS
                                                   8 = SMOKE OR HAZE
[NO. OF DAYS WITH]      [WEATHER - DAYS WITH]      9 = BLOWING SNOW
                                                   X = TORNADO
MAX 32 OR BELOW:  14    0.01 INCH OR MORE:   5
MAX 90 OR ABOVE:   0    0.10 INCH OR MORE:   3
MIN 32 OR BELOW:  15    0.50 INCH OR MORE:   0
MIN  0 OR BELOW:   9    1.00 INCH OR MORE:   0

[HDD (BASE 65) ]
TOTAL THIS MO.   863    CLEAR  (SCALE 0-3)   6
DPTR FM NORMAL   103    PTCLDY (SCALE 4-7)   8
TOTAL FM JUL 1  3483    CLOUDY (SCALE 8-10)  1
DPTR FM NORMAL  -453

[CDD (BASE 65) ]
TOTAL THIS MO.     0
DPTR FM NORMAL     0    [PRESSURE DATA]
TOTAL FM JAN 1     0    HIGHEST SLP M ON M
DPTR FM NORMAL     0    LOWEST  SLP 29.45 ON 10

[REMARKS]
