000
CXUS55 KEAX 230736
CF6EAX
PRELIMINARY LOCAL CLIMATOLOGICAL DATA (WS FORM: F-6)

                                          STATION:   Pleasant Hill NWS MO
                                          MONTH:     MAY
                                          YEAR:      2017
                                          LATITUDE:   38 48 N
                                          LONGITUDE:  94 16 W

  TEMPERATURE IN F:       :PCPN:    SNOW:  WIND      :SUNSHINE: SKY     :PK WND
================================================================================
1   2   3   4   5  6A  6B    7    8   9   10  11  12  13   14  15   16   17  18
                                     12Z  AVG MX 2MIN
DY MAX MIN AVG DEP HDD CDD  WTR  SNW DPTH SPD SPD DIR MIN PSBL S-S WX    SPD DR
================================================================================

 1  60  39  50  -9  15   0 0.03  0.0    0   M   M   M   0    0   0         0   0
 2  66  49  58  -2   7   0    T  0.0    0   M   M   M   0    0   0         0   0
 3  56  44  50 -10  15   0 0.32  0.0    0   M   M   M   0    0   0         0   0
 4  67  40  54  -6  11   0 0.00  0.0    0   M   M   M   0    0   0         0   0
 5  72  48  60  -1   5   0 0.00  0.0    0   M   M   M   0    0   0         0   0
 6  77  54  66   5   0   1 0.00  0.0    0   M   M   M   0    0   0         0   0
 7  80  49  65   4   0   0 0.00  0.0    0   M   M   M   0    0   0         0   0
 8  83  59  71   9   0   6 0.00  0.0    0   M   M   M   0    0   0         0   0
 9  84  61  73  11   0   8 0.00  0.0    0   M   M   M   0    0   0         0   0
10  78  65  72  10   0   7 0.06  0.0    0   M   M   M   0    0   0         0   0
11  69  61  65   2   0   0 0.01  0.0    0   M   M   M   0    0   0         0   0
12  74  56  65   2   0   0 0.00  0.0    0   M   M   M   0    0   0         0   0
13  79  50  65   2   0   0 0.00  0.0    0   M   M   M   0    0   0         0   0
14  81  55  68   4   0   3 0.00  0.0    0   M   M   M   0    0   0         0   0
15  87  60  74  10   0   9 0.00  0.0    0   M   M   M   0    0   0         0   0
16  84  60  72   8   0   7 0.00  0.0    0   M   M   M   0    0   0         0   0
17  80  65  73   9   0   8 0.03  0.0    0   M   M   M   0    0   0         0   0
18  86  58  72   7   0   7 1.40  0.0    0   M   M   M   0    0   0         0   0
19  74  59  67   2   0   2 1.12  0.0    0   M   M   M   0    0   0         0   0
20  68  51  60  -6   5   0 0.15  0.0    0   M   M   M   0    0   0         0   0
21  70  45  58  -8   7   0 0.00  0.0    0   M   M   M   0    0   0         0   0
22  72  49  61  -5   4   0 0.29  0.0    0   M   M   M   0    0   0         0   0
================================================================================
SM 1647 1177        69  58  3.41     0.0     M            0      0
================================================================================
AV 74.9 53.5                                 M FASTST    0   0   0    MAX(MPH)
                                 MISC ---->     M   M               #  0    0
================================================================================
NOTES:
# LAST OF SEVERAL OCCURRENCES

COLUMN 17 PEAK WIND IN M.P.H.

PRELIMINARY LOCAL CLIMATOLOGICAL DATA (WS FORM: F-6) , PAGE 2

                                          STATION:  Pleasant Hill NWS MO
                                          MONTH:    MAY
                                          YEAR:     2017
                                          LATITUDE:   38 48 N
                                          LONGITUDE:  94 16 W

[TEMPERATURE DATA]      [PRECIPITATION DATA]       SYMBOLS USED IN COLUMN 16

AVERAGE MONTHLY: 64.2   TOTAL FOR MONTH:   3.41    1 = FOG OR MIST
DPTR FM NORMAL:   1.4   DPTR FM NORMAL:   -0.32    2 = FOG REDUCING VISIBILITY
HIGHEST:    87 ON 15    GRTST 24HR  1.40 ON 18-18      TO 1/4 MILE OR LESS
LOWEST:     39 ON  1                               3 = THUNDER
                        SNOW, ICE PELLETS, HAIL    4 = ICE PELLETS
                        TOTAL MONTH:   0.0 INCH    5 = HAIL
                        GRTST 24HR     0.0         6 = FREEZING RAIN OR DRIZZLE
                        GRTST DEPTH:   0           7 = DUSTSTORM OR SANDSTORM:
                                                       VSBY 1/2 MILE OR LESS
                                                   8 = SMOKE OR HAZE
[NO. OF DAYS WITH]      [WEATHER - DAYS WITH]      9 = BLOWING SNOW
                                                   X = TORNADO
MAX 32 OR BELOW:   0    0.01 INCH OR MORE:   9
MAX 90 OR ABOVE:   0    0.10 INCH OR MORE:   5
MIN 32 OR BELOW:   0    0.50 INCH OR MORE:   2
MIN  0 OR BELOW:   0    1.00 INCH OR MORE:   2

[HDD (BASE 65) ]
TOTAL THIS MO.    69    CLEAR  (SCALE 0-3)  22
DPTR FM NORMAL   -26    PTCLDY (SCALE 4-7)   0
TOTAL FM JUL 1  3885    CLOUDY (SCALE 8-10)  0
DPTR FM NORMAL -1248

[CDD (BASE 65) ]
TOTAL THIS MO.    58
DPTR FM NORMAL    15    [PRESSURE DATA]
TOTAL FM JAN 1    88    HIGHEST SLP  0.00 ON M
DPTR FM NORMAL    31    LOWEST  SLP  0.00 ON M

[REMARKS]
