000
CXUS54 KBMX 011216
CF6EET
PRELIMINARY LOCAL CLIMATOLOGICAL DATA (WS FORM: F-6)

                                          STATION:   SHELBY COUNTY AIRPORT
                                          MONTH:     JUNE
                                          YEAR:      2015
                                          LATITUDE:   33 10 N
                                          LONGITUDE:  86 47 W

  TEMPERATURE IN F:       :PCPN:    SNOW:  WIND      :SUNSHINE: SKY     :PK WND
================================================================================
1   2   3   4   5  6A  6B    7    8   9   10  11  12  13   14  15   16   17  18
                                     12Z  AVG MX 2MIN
DY MAX MIN AVG DEP HDD CDD  WTR  SNW DPTH SPD SPD DIR MIN PSBL S-S WX    SPD DR
================================================================================

 1  82  66  74  -1   0   9 0.17  0.0    0  2.2  9 190   M    M   6 13     15 190
 2  82  66  74  -1   0   9 0.00  0.0    0  3.5 10 280   M    M   4 12     15 290
 3  82  62  72  -3   0   7 0.00  0.0    0  2.3 10 300   M    M   1 1      13 310
 4  85  64  75   0   0  10 0.00  0.0    0  1.3  8 130   M    M   4 1      12 120
 5  88  67  78   2   0  13 0.00  0.0    0  1.5  7 350   M    M   2 1      10 110
 6  89  68  79   3   0  14 0.00  0.0    0  1.8  9 320   M    M   1 1      13 300
 7  91  67  79   3   0  14 0.00  0.0    0  1.5  9 150   M    M   1 18     15 180
 8  89  71  80   4   0  15    T  0.0    0  4.6 12 190   M    M   1 3      17 210
 9  86  69  78   2   0  13 0.31  0.0    0  4.0 16 150   M    M   2 13     22 150
10  87  69  78   2   0  13 0.00  0.0    0  2.0 12 170   M    M   4 138    15 170
11  87  70  79   2   0  14 0.37  0.0    0  2.7 12 170   M    M   4 138    15 360
12  86  70  78   1   0  13 0.04  0.0    0  4.3 21 200   M    M   5 1      27 210
13  88  69  79   2   0  14 0.22  0.0    0  2.4 31 150   M    M   2 138    47 150
14  91  68  80   3   0  15 0.00  0.0    0  2.5 10 150   M    M   1        16 160
15  93  71  82   4   0  17 0.00  0.0    0  2.2 10 200   M    M   1 1      14 160
16  94  72  83   5   0  18 0.00  0.0    0  1.8  8 180   M    M   1 1      14 160
17  95  72  84   6   0  19 0.00  0.0    0  1.8 10 160   M    M   1 13     14 160
18  90  74  82   4   0  17 0.00  0.0    0  2.5  9 230   M    M   1 1      14 230
19  91  74  83   5   0  18 0.00  0.0    0  5.8 14 200   M    M   1        20 210
20  88  74  81   3   0  16 0.06  0.0    0  5.0 15 270   M    M   4 13     24 300
21  92  72  82   4   0  17 0.01  0.0    0  3.5 12 340   M    M   1 13     16 330
22  95  72  84   5   0  19 0.00  0.0    0  1.4  9 290   M    M   1 13     14 210
23  96  74  85   6   0  20 0.00  0.0    0  3.2 12 300   M    M   2 8      17 310
24  94  72  83   4   0  18 0.71  0.0    0  3.3 16 130   M    M   3 138    33 130
25  91  70  81   2   0  16 0.00  0.0    0  1.2 12 340   M    M   1 3      17 330
26  89  72  81   2   0  16 0.04  0.0    0  3.5 14 330   M    M   1 13     21 290
27  85  71  78  -1   0  13 0.01  0.0    0  5.0 14 320   M    M   6 13     21 310
28  85  67  76  -4   0  11 0.00  0.0    0  3.5 12 330   M    M   1        16 350
29  88  65  77  -3   0  12 0.00  0.0    0  3.7 10 220   M    M   1        16 210
30  78  71  75  -5   0  10 0.08  0.0    0  5.3 14 250   M    M   3 13     24 240
================================================================================
SM 2657 2089         0 430  2.02     0.0  89.3          M       67
================================================================================
AV 88.6 69.6                               3.0 FASTST   M    M   2    MAX(MPH)
                                 MISC ---->  # 31 150               # 47  150
================================================================================
NOTES:
# LAST OF SEVERAL OCCURRENCES

COLUMN 17 PEAK WIND IN M.P.H.

PRELIMINARY LOCAL CLIMATOLOGICAL DATA (WS FORM: F-6) , PAGE 2

                                          STATION:  SHELBY COUNTY AIRPORT
                                          MONTH:    JUNE
                                          YEAR:     2015
                                          LATITUDE:   33 10 N
                                          LONGITUDE:  86 47 W

[TEMPERATURE DATA]      [PRECIPITATION DATA]       SYMBOLS USED IN COLUMN 16

AVERAGE MONTHLY: 79.1   TOTAL FOR MONTH:   2.02    1 = FOG OR MIST
DPTR FM NORMAL:   1.7   DPTR FM NORMAL:   -2.61    2 = FOG REDUCING VISIBILITY
HIGHEST:    96 ON 23    GRTST 24HR  0.82 ON 31- 1      TO 1/4 MILE OR LESS
LOWEST:     62 ON  3                               3 = THUNDER
                        SNOW, ICE PELLETS, HAIL    4 = ICE PELLETS
                        TOTAL MONTH:   0.0 INCH    5 = HAIL
                        GRTST 24HR     0.0         6 = FREEZING RAIN OR DRIZZLE
                        GRTST DEPTH:   0           7 = DUSTSTORM OR SANDSTORM:
                                                       VSBY 1/2 MILE OR LESS
                                                   8 = SMOKE OR HAZE
[NO. OF DAYS WITH]      [WEATHER - DAYS WITH]      9 = BLOWING SNOW
                                                   X = TORNADO
MAX 32 OR BELOW:   0    0.01 INCH OR MORE:  11
MAX 90 OR ABOVE:  12    0.10 INCH OR MORE:   5
MIN 32 OR BELOW:   0    0.50 INCH OR MORE:   1
MIN  0 OR BELOW:   0    1.00 INCH OR MORE:   0

[HDD (BASE 65) ]
TOTAL THIS MO.     0    CLEAR  (SCALE 0-3)  22
DPTR FM NORMAL     0    PTCLDY (SCALE 4-7)   8
TOTAL FM JUL 1  2488    CLOUDY (SCALE 8-10)  0
DPTR FM NORMAL  -101

[CDD (BASE 65) ]
TOTAL THIS MO.   430
DPTR FM NORMAL    56    [PRESSURE DATA]
TOTAL FM JAN 1   780    HIGHEST SLP 30.20 ON 24
DPTR FM NORMAL   137    LOWEST  SLP 29.82 ON  9

[REMARKS]
#FINAL-06-15#
