000
CXUS54 KEPZ 181200
CF6ELP
PRELIMINARY LOCAL CLIMATOLOGICAL DATA (WS FORM: F-6)

                                          STATION:   EL PASO
                                          MONTH:     OCTOBER
                                          YEAR:      2017
                                          LATITUDE:   31 47 N
                                          LONGITUDE: 106 24 W

  TEMPERATURE IN F:       :PCPN:    SNOW:  WIND      :SUNSHINE: SKY     :PK WND
================================================================================
1   2   3   4   5  6A  6B    7    8   9   10  11  12  13   14  15   16   17  18
                                     12Z  AVG MX 2MIN
DY MAX MIN AVG DEP HDD CDD  WTR  SNW DPTH SPD SPD DIR MIN PSBL S-S WX    SPD DR
================================================================================

 1  89  65  77   7   0  12 0.00  0.0    0  8.7 20 250   M    M   1        26 240
 2  89  66  78   8   0  13 0.00  0.0    0  8.7 18 250   M    M   1        23 220
 3  89  62  76   6   0  11 0.00  0.0    0  7.6 22 100   M    M   2        27 110
 4  87  69  78   9   0  13 0.00  0.0    0 10.8 21 110   M    M   4        25 110
 5  91  75  83  14   0  18    T  0.0    0  9.2 23 130   M    M   7 3      30 120
 6  92  68  80  11   0  15 0.00  0.0    0 10.1 24 360   M    M   2        31 300
 7  85  59  72   4   0   7 0.00  0.0    0  8.1 21 360   M    M   0        24 360
 8  89  52  71   3   0   6 0.00  0.0    0 10.7 26 240   M    M   0        36 240
 9  85  56  71   3   0   6 0.00  0.0    0 13.7 29 360   M    M   1        40 250
10  70  50  60  -7   5   0 0.00  0.0    0  9.2 21  40   M    M   2        27  30
11  82  49  66  -1   0   1 0.00  0.0    0  4.4 10 140   M    M   1        14 140
12  89  62  76   9   0  11 0.00  0.0    0  3.0  9 190   M    M   2        13 180
13  91  66  79  13   0  14 0.00  0.0    0  4.1 12 250   M    M   4 8      15 230
14  90  73  82  16   0  17    T  0.0    0  8.5 16 270   M    M   6        21 260
15  80  58  69   3   0   4 0.00  0.0    0  8.7 21 130   M    M   5        26  80
16  80  56  68   3   0   3 0.00  0.0    0  3.3  9 110   M    M   1        14 110
17  85  53  69   4   0   4 0.00  0.0    0  2.8 10  10   M    M   3        12  10
================================================================================
SM 1463 1039         5 155    T      0.0 131.6          M       42
================================================================================
AV 86.1 61.1                               7.7 FASTST   M    M   2    MAX(MPH)
                                 MISC ---->  # 29 360               # 40  250
================================================================================
NOTES:
# LAST OF SEVERAL OCCURRENCES

COLUMN 17 PEAK WIND IN M.P.H.

PRELIMINARY LOCAL CLIMATOLOGICAL DATA (WS FORM: F-6) , PAGE 2

                                          STATION:  EL PASO
                                          MONTH:    OCTOBER
                                          YEAR:     2017
                                          LATITUDE:   31 47 N
                                          LONGITUDE: 106 24 W

[TEMPERATURE DATA]      [PRECIPITATION DATA]       SYMBOLS USED IN COLUMN 16

AVERAGE MONTHLY: 73.6   TOTAL FOR MONTH:      T    1 = FOG OR MIST
DPTR FM NORMAL:   5.9   DPTR FM NORMAL:   -0.36    2 = FOG REDUCING VISIBILITY
HIGHEST:    92 ON  6    GRTST 24HR    T  ON 14-14      TO 1/4 MILE OR LESS
LOWEST:     49 ON 11                               3 = THUNDER
                        SNOW, ICE PELLETS, HAIL    4 = ICE PELLETS
                        TOTAL MONTH:   0.0 INCH    5 = HAIL
                        GRTST 24HR     0.0         6 = FREEZING RAIN OR DRIZZLE
                        GRTST DEPTH:   0           7 = DUSTSTORM OR SANDSTORM:
                                                       VSBY 1/2 MILE OR LESS
                                                   8 = SMOKE OR HAZE
[NO. OF DAYS WITH]      [WEATHER - DAYS WITH]      9 = BLOWING SNOW
                                                   X = TORNADO
MAX 32 OR BELOW:   0    0.01 INCH OR MORE:   0
MAX 90 OR ABOVE:   4    0.10 INCH OR MORE:   0
MIN 32 OR BELOW:   0    0.50 INCH OR MORE:   0
MIN  0 OR BELOW:   0    1.00 INCH OR MORE:   0

[HDD (BASE 65) ]
TOTAL THIS MO.     5    CLEAR  (SCALE 0-3)  11
DPTR FM NORMAL   -17    PTCLDY (SCALE 4-7)   6
TOTAL FM JUL 1     5    CLOUDY (SCALE 8-10)  0
DPTR FM NORMAL   -21

[CDD (BASE 65) ]
TOTAL THIS MO.   155
DPTR FM NORMAL    88    [PRESSURE DATA]
TOTAL FM JAN 1  2867    HIGHEST SLP M ON M
DPTR FM NORMAL   554    LOWEST  SLP 29.55 ON  8

[REMARKS]
