000
CXUS56 KLKN 221009
CF6ELY
PRELIMINARY LOCAL CLIMATOLOGICAL DATA (WS FORM: F-6)

                                          STATION:   ELY AIRPORT NV
                                          MONTH:     JUNE
                                          YEAR:      2017
                                          LATITUDE:   39 16 N
                                          LONGITUDE: 114 51 W

  TEMPERATURE IN F:       :PCPN:    SNOW:  WIND      :SUNSHINE: SKY     :PK WND
================================================================================
1   2   3   4   5  6A  6B    7    8   9   10  11  12  13   14  15   16   17  18
                                     12Z  AVG MX 2MIN
DY MAX MIN AVG DEP HDD CDD  WTR  SNW DPTH SPD SPD DIR MIN PSBL S-S WX    SPD DR
================================================================================

 1  78  38  58   3   7   0 0.00  0.0    0 11.9 26 200   M    M   3        45 180
 2  81  37  59   4   6   0 0.00  0.0    0  6.0 13 140   M    M   2        18  30
 3  86  39  63   7   2   0 0.00  0.0    0  9.2 23 200   M    M   0        30 230
 4  87  45  66  10   0   1 0.00  0.0    0 13.0 30 190   M    M   0        49 150
 5  86  42  64   8   1   0 0.00  0.0    0  6.9 21 150   M    M   0        28 150
 6  86  39  63   6   2   0 0.00  0.0    0 10.3 21 170   M    M   0        35 210
 7  87  45  66   9   0   1 0.00  0.0    0 13.1 26 190   M    M   0        36 190
 8  84  52  68  11   0   3 0.00  0.0    0 17.7 30 190   M    M   0        40 190
 9  83  42  63   5   2   0 0.00  0.0    0 14.3 33 190   M    M   0        51 180
10  81  37  59   1   6   0 0.00  0.0    0 11.9 31 190   M    M   2        41 230
11  77  46  62   4   3   0 0.00  0.0    0 21.5 44 200   M    M   2 8      58 200
12  54  35  45 -14  20   0 0.02    T    0 13.7 32 200   M    M   9 13     43 200
13  72  39  56  -3   9   0 0.00  0.0    0  5.9 17 290   M    M   5        22 280
14  81  34  58  -1   7   0 0.00  0.0    0  8.1 16 210   M    M   0        25 220
15  86  37  62   2   3   0 0.00  0.0    0  8.1 21 210   M    M   0        43 220
16  90  42  66   6   0   1 0.00  0.0    0  7.7 18 300   M    M   0        23 270
17  90  49  70  10   0   5 0.00  0.0    0 10.2 22 290   M    M   0        32 300
18  90  47  69   8   0   4 0.00  0.0    0  7.0 16 340   M    M   0        22  10
19  95  48  72  11   0   7    T  0.0    0  8.5 26 330   M    M   0 3      35 330
20  97  57  77  15   0  12 0.00  0.0    0 10.6 28  40   M    M   1        31 280
21  96  46  71   9   0   6 0.00  0.0    0  9.2 28 360   M    M   0        36 360
================================================================================
SM 1767  896        68  40  0.02    T    224.8          M       24
================================================================================
AV 84.1 42.7                              10.7 FASTST   M    M   1    MAX(MPH)
                                 MISC ---->  # 44 200               # 58  200
================================================================================
NOTES:
# LAST OF SEVERAL OCCURRENCES

COLUMN 17 PEAK WIND IN M.P.H.

PRELIMINARY LOCAL CLIMATOLOGICAL DATA (WS FORM: F-6) , PAGE 2

                                          STATION:  ELY AIRPORT NV
                                          MONTH:    JUNE
                                          YEAR:     2017
                                          LATITUDE:   39 16 N
                                          LONGITUDE: 114 51 W

[TEMPERATURE DATA]      [PRECIPITATION DATA]       SYMBOLS USED IN COLUMN 16

AVERAGE MONTHLY: 63.4   TOTAL FOR MONTH:   0.02    1 = FOG OR MIST
DPTR FM NORMAL:   5.0   DPTR FM NORMAL:   -0.53    2 = FOG REDUCING VISIBILITY
HIGHEST:    97 ON 20    GRTST 24HR  0.02 ON 12-12      TO 1/4 MILE OR LESS
LOWEST:     34 ON 14                               3 = THUNDER
                        SNOW, ICE PELLETS, HAIL    4 = ICE PELLETS
                        TOTAL MONTH:    T          5 = HAIL
                        GRTST 24HR    T  ON 12-12  6 = FREEZING RAIN OR DRIZZLE
                        GRTST DEPTH:   0           7 = DUSTSTORM OR SANDSTORM:
                                                       VSBY 1/2 MILE OR LESS
                                                   8 = SMOKE OR HAZE
[NO. OF DAYS WITH]      [WEATHER - DAYS WITH]      9 = BLOWING SNOW
                                                   X = TORNADO
MAX 32 OR BELOW:   0    0.01 INCH OR MORE:   1
MAX 90 OR ABOVE:   6    0.10 INCH OR MORE:   0
MIN 32 OR BELOW:   0    0.50 INCH OR MORE:   0
MIN  0 OR BELOW:   0    1.00 INCH OR MORE:   0

[HDD (BASE 65) ]
TOTAL THIS MO.    68    CLEAR  (SCALE 0-3)  19
DPTR FM NORMAL   -82    PTCLDY (SCALE 4-7)   1
TOTAL FM JUL 1  6857    CLOUDY (SCALE 8-10)  1
DPTR FM NORMAL  -640

[CDD (BASE 65) ]
TOTAL THIS MO.    40
DPTR FM NORMAL    31    [PRESSURE DATA]
TOTAL FM JAN 1    40    HIGHEST SLP M ON M
DPTR FM NORMAL    30    LOWEST  SLP 29.45 ON 11

[REMARKS]
