000
CXUS53 KTOP 170800
CF6EMP
PRELIMINARY LOCAL CLIMATOLOGICAL DATA (WS FORM: F-6)

                                          STATION:   Emporia KS
                                          MONTH:     JANUARY
                                          YEAR:      2018
                                          LATITUDE:   38 19 N
                                          LONGITUDE:  96 12 W

  TEMPERATURE IN F:       :PCPN:    SNOW:  WIND      :SUNSHINE: SKY     :PK WND
================================================================================
1   2   3   4   5  6A  6B    7    8   9   10  11  12  13   14  15   16   17  18
                                     12Z  AVG MX 2MIN
DY MAX MIN AVG DEP HDD CDD  WTR  SNW DPTH SPD SPD DIR MIN PSBL S-S WX    SPD DR
================================================================================

 1  14  -8   3 -28  62   0 0.00    M    M  6.2 13 350   M    M   0        16  10
 2  24  -2  11 -20  54   0 0.00    M    M  6.7 16 240   M    M   1        21 230
 3  31  14  23  -8  42   0 0.00    M    M 10.4 24 330   M    M   2        32 360
 4  36   6  21 -10  44   0 0.00    M    M  5.1 13 170   M    M   0        16 170
 5  32  14  23  -8  42   0 0.00    M    M  8.0 14  50   M    M   0        18  40
 6  36  10  23  -8  42   0 0.00    M    M 10.4 16 140   M    M   0        19 120
 7  40  31  36   5  29   0 0.16    M    M 10.3 26 170   M    M   5 1      36 160
 8  52  24  38   7  27   0 0.00    M    M  6.1 12 190   M    M   0 1      13 320
 9  49  32  41  10  24   0 0.00    M    M 13.8 24 160   M    M   2 18     30 160
10  59  38  49  18  16   0 0.00    M    M 19.4 32 170   M    M   4 1      40 180
11  49  12  31   0  34   0 0.38    M    M 18.4 33 340   M    M   7 169    45 330
12  21   6  14 -17  51   0 0.00    M    M 11.5 21 340   M    M   3        27 340
13  23  13  18 -13  47   0    T    M    M  7.6 15 350   M    M  10        20 350
14  41  19  30  -1  35   0 0.01    M    M  9.7 21 210   M    M   8 1      25 210
15  37   3  20 -11  45   0 0.09    M    M 15.9 24 360   M    M   8 1      32  10
16  12  -1   6 -25  59   0 0.00    M    M  9.6 22 340   M    M   3        27 350
================================================================================
SM  556  211       653   0  0.64    M    169.1          M       53
================================================================================
AV 34.8 13.2                              10.6 FASTST   M    M   3    MAX(MPH)
                                 MISC ---->  # 33 340               # 45  330
================================================================================
NOTES:
# LAST OF SEVERAL OCCURRENCES

COLUMN 17 PEAK WIND IN M.P.H.

PRELIMINARY LOCAL CLIMATOLOGICAL DATA (WS FORM: F-6) , PAGE 2

                                          STATION:  Emporia KS
                                          MONTH:    JANUARY
                                          YEAR:     2018
                                          LATITUDE:   38 19 N
                                          LONGITUDE:  96 12 W

[TEMPERATURE DATA]      [PRECIPITATION DATA]       SYMBOLS USED IN COLUMN 16

AVERAGE MONTHLY: 24.0   TOTAL FOR MONTH:   0.64    1 = FOG OR MIST
DPTR FM NORMAL:  -7.0   DPTR FM NORMAL:    0.44    2 = FOG REDUCING VISIBILITY
HIGHEST:    59 ON 10    GRTST 24HR  0.38 ON 11-11      TO 1/4 MILE OR LESS
LOWEST:     -8 ON  1                               3 = THUNDER
                        SNOW, ICE PELLETS, HAIL    4 = ICE PELLETS
                        TOTAL MONTH:    M          5 = HAIL
                        GRTST 24HR    M  ON   M    6 = FREEZING RAIN OR DRIZZLE
                        GRTST DEPTH:  M  ON   M    7 = DUSTSTORM OR SANDSTORM:
                                                       VSBY 1/2 MILE OR LESS
                                                   8 = SMOKE OR HAZE
[NO. OF DAYS WITH]      [WEATHER - DAYS WITH]      9 = BLOWING SNOW
                                                   X = TORNADO
MAX 32 OR BELOW:   7    0.01 INCH OR MORE:   4
MAX 90 OR ABOVE:   0    0.10 INCH OR MORE:   2
MIN 32 OR BELOW:  15    0.50 INCH OR MORE:   0
MIN  0 OR BELOW:   3    1.00 INCH OR MORE:   0

[HDD (BASE 65) ]
TOTAL THIS MO.   653    CLEAR  (SCALE 0-3)   9
DPTR FM NORMAL   109    PTCLDY (SCALE 4-7)   5
TOTAL FM JUL 1  2427    CLOUDY (SCALE 8-10)  2
DPTR FM NORMAL   -50

[CDD (BASE 65) ]
TOTAL THIS MO.     0
DPTR FM NORMAL     0    [PRESSURE DATA]
TOTAL FM JAN 1     0    HIGHEST SLP M ON M
DPTR FM NORMAL     0    LOWEST  SLP 29.51 ON 10

[REMARKS]
