000
CXUS53 KMKX 300653
CF6ENW
PRELIMINARY LOCAL CLIMATOLOGICAL DATA (WS FORM: F-6)

                                          STATION:   KENOSHA WI
                                          MONTH:     JUNE
                                          YEAR:      2014
                                          LATITUDE:   42 35 N
                                          LONGITUDE:  87 56 W

  TEMPERATURE IN F:       :PCPN:    SNOW:  WIND      :SUNSHINE: SKY     :PK WND
================================================================================
1   2   3   4   5  6A  6B    7    8   9   10  11  12  13   14  15   16   17  18
                                     12Z  AVG MX 2MIN
DY MAX MIN AVG DEP HDD CDD  WTR  SNW DPTH SPD SPD DIR MIN PSBL S-S WX    SPD DR
================================================================================

 1  87  62  75  14   0  10 0.00    M    M 11.5 26 210   M    M   1 3      33 210
 2  81  68  75  14   0  10 0.52  0.0    0 15.0 25 200   M    M   4 13     34 210
 3  77  60  69   7   0   4 0.00  0.0    0 10.9 24 290   M    M   0        33 300
 4  66  49  58  -4   7   0 0.33  0.0    0  6.1 15 150   M    M   7 12     18 150
 5  73  45  59  -3   6   0 0.00    M    M  4.0  9 100   M    M   0 1      12 120
 6  77  51  64   1   1   0 0.00    M    M  5.4 15 130   M    M   0        18 120
 7  80  50  65   2   0   0 0.15    M    M  5.8 17 360   M    M   1 1      24  10
 8  67  54  61  -3   4   0    T    M    M 12.5 22  30   M    M   4        30  10
 9  70  50  60  -4   5   0 0.00  0.0    0  7.6 15  80   M    M   0        18  90
10  62  53  58  -6   7   0 0.42  0.0    0  8.0 20  50   M    M   5 1      26  50
11  60  53  57  -8   8   0 1.54  0.0    0 10.2 23  60   M    M  10 12     30  60
12  79  56  68   3   0   3 0.00  0.0    0  9.2 21 280   M    M   4 12     27 270
13  72  49  61  -4   4   0 0.00  0.0    0  8.7 17 330   M    M   0        24 280
14  74  46  60  -6   5   0 0.00  0.0    0  7.9 17 140   M    M   0        23 130
15  83  57  70   4   0   5 0.00  0.0    0 11.4 24 190   M    M   2        30 190
16  85  62  74   8   0   9 0.00    M    M  9.1 16 150   M    M   1        22 150
17  85  66  76   9   0  11 0.76    M    M 10.3 29 290   M    M   2 13     42 290
18  75  59  67   0   0   2 0.21    M    M  9.0 24 100   M    M   7 13     32 100
19  71  58  65  -2   0   0 0.33    M    M  7.8 15 100   M    M   9 1238   20 270
20  82  59  71   3   0   6 0.02  0.0    0  7.1 18 310   M    M   8 128    24 290
21  74  59  67  -1   0   2 0.08  0.0    0  5.7 14 140   M    M   8 123    17 130
22  73  55  64  -4   1   0 0.00  0.0    0  4.4 10  70   M    M   6 12     12  80
23  80  56  68  -1   0   3 0.01  0.0    0  3.2 10 100   M    M   8 18     13 280
24  85  62  74   5   0   9 0.18  0.0    0  4.4 13  60   M    M   7 128    16  50
25  70  57  64  -5   1   0 0.00  0.0    0  7.0 16  40   M    M  10 128    20  50
26  70  55  63  -6   2   0 0.00  0.0    0  6.1 12 100   M    M   9 12     14 100
27  80  54  67  -3   0   2 0.00    M    M  7.6 17 130   M    M   4 12     22 150
28  84  65  75   5   0  10 0.00    M    M  9.2 24 150   M    M   2 13     29 140
29  84  68  76   6   0  11 0.11    M    M 11.9 24 230   M    M   3 13     31 240
================================================================================
SM 2206 1638        51  97  4.66     0.0 237.0          M      122
================================================================================
AV 76.1 56.5                               8.2 FASTST   M    M   4    MAX(MPH)
                                 MISC ---->  # 29 290               # 42  290
================================================================================
NOTES:
# LAST OF SEVERAL OCCURRENCES

COLUMN 17 PEAK WIND IN M.P.H.

PRELIMINARY LOCAL CLIMATOLOGICAL DATA (WS FORM: F-6) , PAGE 2

                                          STATION:  KENOSHA WI
                                          MONTH:    JUNE
                                          YEAR:     2014
                                          LATITUDE:   42 35 N
                                          LONGITUDE:  87 56 W

[TEMPERATURE DATA]      [PRECIPITATION DATA]       SYMBOLS USED IN COLUMN 16

AVERAGE MONTHLY: 66.3   TOTAL FOR MONTH:   4.66    1 = FOG OR MIST
DPTR FM NORMAL:   0.4   DPTR FM NORMAL:    0.89    2 = FOG REDUCING VISIBILITY
HIGHEST:    87 ON  1    GRTST 24HR  1.96 ON 10-11      TO 1/4 MILE OR LESS
LOWEST:     45 ON  5                               3 = THUNDER
                        SNOW, ICE PELLETS, HAIL    4 = ICE PELLETS
                        TOTAL MONTH:   0.0 INCH    5 = HAIL
                        GRTST 24HR     0.0         6 = FREEZING RAIN OR DRIZZLE
                        GRTST DEPTH:   0           7 = DUSTSTORM OR SANDSTORM:
                                                       VSBY 1/2 MILE OR LESS
                                                   8 = SMOKE OR HAZE
[NO. OF DAYS WITH]      [WEATHER - DAYS WITH]      9 = BLOWING SNOW
                                                   X = TORNADO
MAX 32 OR BELOW:   0    0.01 INCH OR MORE:  13
MAX 90 OR ABOVE:   0    0.10 INCH OR MORE:  10
MIN 32 OR BELOW:   0    0.50 INCH OR MORE:   3
MIN  0 OR BELOW:   0    1.00 INCH OR MORE:   1

[HDD (BASE 65) ]
TOTAL THIS MO.    51    CLEAR  (SCALE 0-3)  13
DPTR FM NORMAL   -26    PTCLDY (SCALE 4-7)  11
TOTAL FM JUL 1  7862    CLOUDY (SCALE 8-10)  5
DPTR FM NORMAL   869

[CDD (BASE 65) ]
TOTAL THIS MO.    97
DPTR FM NORMAL    -7    [PRESSURE DATA]
TOTAL FM JAN 1   124    HIGHEST SLP M ON M
DPTR FM NORMAL    -4    LOWEST  SLP 29.62 ON 15

[REMARKS]
