000
CXUS56 KOTX 280900
CF6EPH
PRELIMINARY LOCAL CLIMATOLOGICAL DATA (WS FORM: F-6)

                                          STATION:   EPHRATA WA AIRPORT
                                          MONTH:     AUGUST
                                          YEAR:      2016
                                          LATITUDE:   47 18 N
                                          LONGITUDE: 119 31 W

  TEMPERATURE IN F:       :PCPN:    SNOW:  WIND      :SUNSHINE: SKY     :PK WND
================================================================================
1   2   3   4   5  6A  6B    7    8   9   10  11  12  13   14  15   16   17  18
                                     12Z  AVG MX 2MIN
DY MAX MIN AVG DEP HDD CDD  WTR  SNW DPTH SPD SPD DIR MIN PSBL S-S WX    SPD DR
================================================================================

 1  88  63  76   0   0  11 0.00    M    M  7.2 20 320   M    M   0        22 320
 2  83  54  69  -7   0   4 0.00    M    M 12.8 29 270   M    M   0        36 280
 3  84  51  68  -8   0   3 0.00    M    M  7.4 17 220   M    M   0        24 330
 4  90  57  74  -2   0   9 0.00    M    M  5.7  9 260   M    M   0        16 140
 5  94  57  76   1   0  11 0.00    M    M  7.5 22 300   M    M   0 8      28 310
 6  86  57  72  -3   0   7 0.00    M    M  6.7 22 300   M    M   0        26 310
 7  83  53  68  -7   0   3 0.00    M    M 10.5 23 200   M    M   0        29 220
 8  76  49  63 -12   2   0 0.00    M    M  8.1 17 270   M    M   1        23 240
 9  75  55  65 -10   0   0    T    M    M  4.4 12 200   M    M   7        16 130
10  83  54  69  -5   0   4 0.00    M    M  4.7 12 200   M    M   0        17 160
11  90  56  73  -1   0   8 0.00    M    M  5.2 14 230   M    M   0        19 200
12  93  59  76   2   0  11 0.00    M    M  5.0 13 200   M    M   0        18 210
13  96  61  79   5   0  14 0.00    M    M  6.6 14 200   M    M   0        19 180
14  96  63  80   6   0  15 0.00    M    M  9.8 24 310   M    M   0        29 300
15  95  67  81   8   0  16 0.00    M    M  7.0 21 300   M    M   0        26 300
16  97  61  79   6   0  14 0.00    M    M  6.7 17 300   M    M   0        22 310
17  96  62  79   6   0  14 0.00    M    M  6.8 18 310   M    M   0        23 320
18  98  75  87  14   0  22 0.00    M    M 16.1 28 350   M    M   1 8      33 350
19  91  65  78   6   0  13 0.00    M    M  7.7 22  40   M    M   0        28  50
20  93  52  73   1   0   8 0.00    M    M  6.2 15 220   M    M   0        18 160
21  96  54  75   3   0  10 0.00    M    M 13.0 33 310   M    M   0        42 310
22  80  57  69  -3   0   4 0.00    M    M  8.7 23 270   M    M   0        30 270
23  84  58  71   0   0   6 0.00    M    M  8.3 16 210   M    M   1        22 210
24  88  65  77   6   0  12 0.00    M    M  8.1 18  10   M    M   0        23  10
25  90  60  75   4   0  10 0.00    M    M  5.6 14 250   M    M   0        17 240
26  90  60  75   5   0  10 0.00    M    M  7.5 15 170   M    M   0        19 180
27  87  60  74   4   0   9 0.00    M    M 12.6 36 290   M    M   0 8      44 290
================================================================================
SM 2402 1585         2 248    T     M    215.9          M       10
================================================================================
AV 89.0 58.7                               8.0 FASTST   M    M   0    MAX(MPH)
                                 MISC ---->  # 36 290               # 44  290
================================================================================
NOTES:
# LAST OF SEVERAL OCCURRENCES

COLUMN 17 PEAK WIND IN M.P.H.

PRELIMINARY LOCAL CLIMATOLOGICAL DATA (WS FORM: F-6) , PAGE 2

                                          STATION:  EPHRATA WA AIRPORT
                                          MONTH:    AUGUST
                                          YEAR:     2016
                                          LATITUDE:   47 18 N
                                          LONGITUDE: 119 31 W

[TEMPERATURE DATA]      [PRECIPITATION DATA]       SYMBOLS USED IN COLUMN 16

AVERAGE MONTHLY: 73.8   TOTAL FOR MONTH:      T    1 = FOG OR MIST
DPTR FM NORMAL:   0.4   DPTR FM NORMAL:   -0.17    2 = FOG REDUCING VISIBILITY
HIGHEST:    98 ON 18    GRTST 24HR    T  ON  9- 9      TO 1/4 MILE OR LESS
LOWEST:     49 ON  8                               3 = THUNDER
                        SNOW, ICE PELLETS, HAIL    4 = ICE PELLETS
                        TOTAL MONTH:    M          5 = HAIL
                        GRTST 24HR    M  ON   M    6 = FREEZING RAIN OR DRIZZLE
                        GRTST DEPTH:  M  ON   M    7 = DUSTSTORM OR SANDSTORM:
                                                       VSBY 1/2 MILE OR LESS
                                                   8 = SMOKE OR HAZE
[NO. OF DAYS WITH]      [WEATHER - DAYS WITH]      9 = BLOWING SNOW
                                                   X = TORNADO
MAX 32 OR BELOW:   0    0.01 INCH OR MORE:   0
MAX 90 OR ABOVE:  15    0.10 INCH OR MORE:   0
MIN 32 OR BELOW:   0    0.50 INCH OR MORE:   0
MIN  0 OR BELOW:   0    1.00 INCH OR MORE:   0

[HDD (BASE 65) ]
TOTAL THIS MO.     2    CLEAR  (SCALE 0-3)  26
DPTR FM NORMAL     1    PTCLDY (SCALE 4-7)   1
TOTAL FM JUL 1     2    CLOUDY (SCALE 8-10)  0
DPTR FM NORMAL    -7

[CDD (BASE 65) ]
TOTAL THIS MO.   248
DPTR FM NORMAL    15    [PRESSURE DATA]
TOTAL FM JAN 1   707    HIGHEST SLP  0.00 ON  4
DPTR FM NORMAL    34    LOWEST  SLP  0.00 ON M

[REMARKS]
