000
CXUS56 KPQR 261200
CF6EUG
PRELIMINARY LOCAL CLIMATOLOGICAL DATA (WS FORM: F-6)

                                          STATION:   EUGENE OR
                                          MONTH:     SEPTEMBER
                                          YEAR:      2016
                                          LATITUDE:   44  7 N
                                          LONGITUDE: 123 13 W

  TEMPERATURE IN F:       :PCPN:    SNOW:  WIND      :SUNSHINE: SKY     :PK WND
================================================================================
1   2   3   4   5  6A  6B    7    8   9   10  11  12  13   14  15   16   17  18
                                     12Z  AVG MX 2MIN
DY MAX MIN AVG DEP HDD CDD  WTR  SNW DPTH SPD SPD DIR MIN PSBL S-S WX    SPD DR
================================================================================

 1  74  51  63  -2   2   0    T  0.0    0  5.4 14 290   M    M   8        18 270
 2  75  50  63  -2   2   0 0.03  0.0    0  7.7 17 280   M    M   6 1      20 280
 3  75  44  60  -5   5   0    T  0.0    0  5.8 24 350   M    M   3 1      27 350
 4  75  45  60  -5   5   0 0.00  0.0    0  2.8 15 320   M    M   5        17 320
 5  76  42  59  -5   6   0 0.00  0.0    0  3.9 12  10   M    M   4        15  20
 6  71  52  62  -2   3   0 0.70  0.0    0  7.6 15 210   M    M   7 1      23 210
 7  77  56  67   3   0   2    T  0.0    0  4.6 12  20   M    M   6        16  30
 8  80  47  64   0   1   0 0.00  0.0    0  8.0 20  20   M    M   4 1      23  10
 9  82  48  65   1   0   0 0.00  0.0    0 12.2 24  20   M    M   1 8      28  20
10  90  47  69   5   0   4 0.00  0.0    0  5.2 14  30   M    M   1 8      16  30
11  77  47  62  -1   3   0 0.00  0.0    0  9.2 18 320   M    M   3        23  30
12  80  42  61  -2   4   0 0.00  0.0    0 10.6 28 360   M    M   0 8      38  10
13  83  41  62  -1   3   0 0.00  0.0    0  8.4 20 360   M    M   0 8      29 330
14  80  47  64   1   1   0 0.00  0.0    0  8.9 15 250   M    M   0        18 250
15  83  40  62   0   3   0 0.00  0.0    0  5.2 15  10   M    M   1 18     18  10
16  87  43  65   3   0   0 0.00  0.0    0  3.7  9 230   M    M   4        10  20
17  74  53  64   2   1   0 0.00  0.0    0  8.1 17 250   M    M   8        20 250
18  74  47  61  -1   4   0 0.03    M    0  4.6 15 260   M    M   8 128    18 260
19  72  46  59  -2   6   0 0.00  0.0    0  6.2 15  20   M    M   8 12     19  10
20  73  47  60  -1   5   0 0.00  0.0    0  6.0 14 340   M    M   3 8      20  40
21  72  42  57  -4   8   0 0.00  0.0    0  4.4 16 280   M    M   4        19 280
22  71  46  59  -1   6   0 0.01    M    0  4.9 20 110   M    M   5        25 110
23  62  45  54  -6  11   0 0.01    M    0  8.9 20 190   M    M   8        25 200
24  72  51  62   2   3   0    T  0.0    0  6.5 13  20   M    M   6 12     18 360
25  84  44  64   4   1   0 0.00  0.0    0  6.0 20  10   M    M   3        23  10
================================================================================
SM 1919 1163        83   6  0.78     0.0 164.8          M      106
================================================================================
AV 76.8 46.5                               6.6 FASTST   M    M   4    MAX(MPH)
                                 MISC ---->  # 28 360               # 38   10
================================================================================
NOTES:
# LAST OF SEVERAL OCCURRENCES

COLUMN 17 PEAK WIND IN M.P.H.

PRELIMINARY LOCAL CLIMATOLOGICAL DATA (WS FORM: F-6) , PAGE 2

                                          STATION:  EUGENE OR
                                          MONTH:    SEPTEMBER
                                          YEAR:     2016
                                          LATITUDE:   44  7 N
                                          LONGITUDE: 123 13 W

[TEMPERATURE DATA]      [PRECIPITATION DATA]       SYMBOLS USED IN COLUMN 16

AVERAGE MONTHLY: 61.6   TOTAL FOR MONTH:   0.78    1 = FOG OR MIST
DPTR FM NORMAL:  -1.0   DPTR FM NORMAL:   -0.23    2 = FOG REDUCING VISIBILITY
HIGHEST:    90 ON 10    GRTST 24HR  0.70 ON  6- 6      TO 1/4 MILE OR LESS
LOWEST:     40 ON 15                               3 = THUNDER
                        SNOW, ICE PELLETS, HAIL    4 = ICE PELLETS
                        TOTAL MONTH:   0.0 INCH    5 = HAIL
                        GRTST 24HR     0.0         6 = FREEZING RAIN OR DRIZZLE
                        GRTST DEPTH:   0           7 = DUSTSTORM OR SANDSTORM:
                                                       VSBY 1/2 MILE OR LESS
                                                   8 = SMOKE OR HAZE
[NO. OF DAYS WITH]      [WEATHER - DAYS WITH]      9 = BLOWING SNOW
                                                   X = TORNADO
MAX 32 OR BELOW:   0    0.01 INCH OR MORE:   5
MAX 90 OR ABOVE:   1    0.10 INCH OR MORE:   1
MIN 32 OR BELOW:   0    0.50 INCH OR MORE:   1
MIN  0 OR BELOW:   0    1.00 INCH OR MORE:   0

[HDD (BASE 65) ]
TOTAL THIS MO.    83    CLEAR  (SCALE 0-3)   8
DPTR FM NORMAL    -4    PTCLDY (SCALE 4-7)  15
TOTAL FM JUL 1   106    CLOUDY (SCALE 8-10)  2
DPTR FM NORMAL   -48

[CDD (BASE 65) ]
TOTAL THIS MO.     6
DPTR FM NORMAL   -24    [PRESSURE DATA]
TOTAL FM JAN 1   319    HIGHEST SLP M ON M
DPTR FM NORMAL    81    LOWEST  SLP 29.88 ON 13

[REMARKS]
