000
CXUS56 KPQR 231330
CF6EUG
PRELIMINARY LOCAL CLIMATOLOGICAL DATA (WS FORM: F-6)

                                          STATION:   EUGENE OR
                                          MONTH:     NOVEMBER
                                          YEAR:      2014
                                          LATITUDE:   44  7 N
                                          LONGITUDE: 123 13 W

  TEMPERATURE IN F:       :PCPN:    SNOW:  WIND      :SUNSHINE: SKY     :PK WND
================================================================================
1   2   3   4   5  6A  6B    7    8   9   10  11  12  13   14  15   16   17  18
                                     12Z  AVG MX 2MIN
DY MAX MIN AVG DEP HDD CDD  WTR  SNW DPTH SPD SPD DIR MIN PSBL S-S WX    SPD DR
================================================================================

 1  57  41  49   1  16   0 0.05    M    0  3.0 14 290   M    M   8 12     16 290
 2  56  40  48   0  17   0 0.07    M    0  7.9 14 150   M    M   9 1      16 150
 3  57  51  54   6  11   0 0.25  0.0    0  8.1 14 190   M    M   8 1      17 180
 4  58  53  56   8   9   0 0.26  0.0    0  7.9 14 180   M    M  10 1      18 190
 5  67  50  59  12   6   0    T  0.0    0  3.7  9 160   M    M   8 12     11 220
 6  61  45  53   6  12   0 0.04    M    0  7.7 18 200   M    M   7 12     24 220
 7  55  38  47   0  18   0 0.00  0.0    0  4.8 14  20   M    M   7 12     17  30
 8  54  41  48   1  17   0 0.00  0.0    0  3.5 10 360   M    M   9 12     12  20
 9  58  39  49   3  16   0 0.00  0.0    0  6.9 14 190   M    M   8 12     18 170
10  52  37  45  -1  20   0 0.00  0.0    0  8.7 21  10   M    M   7 12     25 360
11  59  33  46   0  19   0 0.00  0.0    0 12.3 20 350   M    M   1        25 350
12  46  29  38  -8  27   0    T    M    0 11.5 17 360   M    M   6        22 360
13  37  32  35 -11  30   0 1.60    M    0  7.5 15  20   M    M  10 16     18  20
14  39  30  35 -10  30   0 0.69    M    0  6.7 13  10   M    M   9 1      14  10
15  45  26  36  -9  29   0 0.00  0.0    0 10.0 15  20   M    M   5        19  20
16  42  21  32 -13  33   0 0.00  0.0    0  4.8 10  20   M    M   2        13  10
17  43  20  32 -13  33   0 0.00  0.0    0  2.1 10  30   M    M   4 12     14  40
18  41  21  31 -13  34   0 0.00  0.0    0  2.4  8  40   M    M   6 18      9  40
19  45  31  38  -6  27   0 0.24    M    0  2.1  9  20   M    M   7 1      11  30
20  55  42  49   5  16   0 0.06    M    0  2.4  8 220   M    M   9 12     10 180
21  57  44  51   7  14   0 0.79    M    0 11.5 26 180   M    M  10 128    33 180
22  56  39  48   5  17   0 0.40    M    0  6.2 18 310   M    M   6 1      22 310
================================================================================
SM 1140  803       451   0  4.45     0.0 141.7          M      156
================================================================================
AV 51.8 36.5                               6.4 FASTST   M    M   7    MAX(MPH)
                                 MISC ---->  # 26 180               # 33  180
================================================================================
NOTES:
# LAST OF SEVERAL OCCURRENCES

COLUMN 17 PEAK WIND IN M.P.H.

PRELIMINARY LOCAL CLIMATOLOGICAL DATA (WS FORM: F-6) , PAGE 2

                                          STATION:  EUGENE OR
                                          MONTH:    NOVEMBER
                                          YEAR:     2014
                                          LATITUDE:   44  7 N
                                          LONGITUDE: 123 13 W

[TEMPERATURE DATA]      [PRECIPITATION DATA]       SYMBOLS USED IN COLUMN 16

AVERAGE MONTHLY: 44.2   TOTAL FOR MONTH:   4.45    1 = FOG OR MIST
DPTR FM NORMAL:  -1.7   DPTR FM NORMAL:   -0.89    2 = FOG REDUCING VISIBILITY
HIGHEST:    67 ON  5    GRTST 24HR  2.06 ON 13-14      TO 1/4 MILE OR LESS
LOWEST:     20 ON 17                               3 = THUNDER
                        SNOW, ICE PELLETS, HAIL    4 = ICE PELLETS
                        TOTAL MONTH:   0.0 INCH    5 = HAIL
                        GRTST 24HR     0.0         6 = FREEZING RAIN OR DRIZZLE
                        GRTST DEPTH:   0           7 = DUSTSTORM OR SANDSTORM:
                                                       VSBY 1/2 MILE OR LESS
                                                   8 = SMOKE OR HAZE
[NO. OF DAYS WITH]      [WEATHER - DAYS WITH]      9 = BLOWING SNOW
                                                   X = TORNADO
MAX 32 OR BELOW:   0    0.01 INCH OR MORE:  11
MAX 90 OR ABOVE:   0    0.10 INCH OR MORE:   7
MIN 32 OR BELOW:   8    0.50 INCH OR MORE:   3
MIN  0 OR BELOW:   0    1.00 INCH OR MORE:   1

[HDD (BASE 65) ]
TOTAL THIS MO.   451    CLEAR  (SCALE 0-3)   2
DPTR FM NORMAL    29    PTCLDY (SCALE 4-7)  11
TOTAL FM JUL 1   672    CLOUDY (SCALE 8-10)  9
DPTR FM NORMAL  -320

[CDD (BASE 65) ]
TOTAL THIS MO.     0
DPTR FM NORMAL     0    [PRESSURE DATA]
TOTAL FM JAN 1   475    HIGHEST SLP M ON M
DPTR FM NORMAL   236    LOWEST  SLP 29.42 ON 21

[REMARKS]
