000
CXUS53 KPAH 300634
CF6EVV
PRELIMINARY LOCAL CLIMATOLOGICAL DATA (WS FORM: F-6)

                                          STATION:   EVANSVILLE IN
                                          MONTH:     JUNE
                                          YEAR:      2015
                                          LATITUDE:   38  2 N
                                          LONGITUDE:  87 32 W

  TEMPERATURE IN F:       :PCPN:    SNOW:  WIND      :SUNSHINE: SKY     :PK WND
================================================================================
1   2   3   4   5  6A  6B    7    8   9   10  11  12  13   14  15   16   17  18
                                     12Z  AVG MX 2MIN
DY MAX MIN AVG DEP HDD CDD  WTR  SNW DPTH SPD SPD DIR MIN PSBL S-S WX    SPD DR
================================================================================

 1  65  58  62  -9   3   0 0.02  0.0    0  8.0 15  30   M    M  10 1      18  30
 2  67  56  62  -9   3   0    T  0.0    0  4.4 10  30   M    M   8 18     15 360
 3  74  53  64  -7   1   0 0.00  0.0    0  2.9 10  70   M    M   4 18     15  60
 4  83  53  68  -4   0   3 0.00  0.0    0  1.3  9 250   M    M   1 18     12 340
 5  87  62  75   3   0  10    T  0.0    0  2.4 14  20   M    M   2 138    18  30
 6  87  66  77   5   0  12 0.00  0.0    0  5.7 13  30   M    M   0 8      15  30
 7  92  66  79   6   0  14 0.00  0.0    0 10.7 23 220   M    M   1 18     30 200
 8  80  67  74   1   0   9 0.47  0.0    0  6.3 21 230   M    M   6 13     29 280
 9  90  66  78   5   0  13 0.00  0.0    0  4.9 13 340   M    M   0 18     18 260
10  91  64  78   4   0  13 0.00  0.0    0  3.2 12 240   M    M   1 18     15 250
11  93  68  81   7   0  16 0.00  0.0    0  7.4 16 190   M    M   1 18     22 230
12  93  75  84  10   0  19    T  0.0    0 12.2 22 280   M    M   3 3      29 270
13  89  75  82   8   0  17 0.05  0.0    0  9.4 24 230   M    M   3 38     28 230
14  89  73  81   6   0  16 0.09  0.0    0  8.8 18 190   M    M   3        23 220
15  90  72  81   6   0  16 0.10  0.0    M  8.1 21 230   M    M   5 18     28 200
16  89  75  82   7   0  17 0.13  0.0    0  5.0 16 180   M    M   4 3      22 180
17  87  72  80   5   0  15 1.35  0.0    0  5.0 30 290   M    M   2 138    43 290
18  89  73  81   5   0  16 0.36  0.0    0  4.0 16 170   M    M   3 138    21 270
19  84  71  78   2   0  13 3.65  0.0    0  6.9 20  80   M    M   7 138    29 130
20  83  72  78   2   0  13 0.59  0.0    0  8.3 17 240   M    M   8 18     22 260
21  91  71  81   5   0  16 0.03  0.0    0  8.1 23 210   M    M   2 3      27 350
22  89  70  80   3   0  15 0.16  0.0    0 10.0 17 210   M    M   2 138    23 200
23  90  71  81   4   0  16 0.00  0.0    0  8.5 18 220   M    M   3 8      24 210
24  86  67  77   0   0  12 0.00  0.0    0  3.8  9 170   M    M   1        14  10
25  92  70  81   4   0  16 0.15  0.0    0  5.2 24 320   M    M   2 138    33 320
26  87  71  79   2   0  14 0.05  0.0    0  4.7 14 210   M    M   6 138    18 150
27  80  61  71  -6   0   6    T  0.0    0  7.8 17 310   M    M   5 1      26 330
28  81  57  69  -9   0   4 0.04  0.0    0  5.4 16 240   M    M   4        19 240
29  83  67  75  -3   0  10 0.15  0.0    0  8.8 18 250   M    M   3 1      23 260
================================================================================
SM 2481 1942         7 341  7.39     0.0 187.2          M      100
================================================================================
AV 85.6 67.0                               6.5 FASTST   M    M   3    MAX(MPH)
                                 MISC ---->  # 30 290               # 43  290
================================================================================
NOTES:
# LAST OF SEVERAL OCCURRENCES

COLUMN 17 PEAK WIND IN M.P.H.

PRELIMINARY LOCAL CLIMATOLOGICAL DATA (WS FORM: F-6) , PAGE 2

                                          STATION:  EVANSVILLE IN
                                          MONTH:    JUNE
                                          YEAR:     2015
                                          LATITUDE:   38  2 N
                                          LONGITUDE:  87 32 W

[TEMPERATURE DATA]      [PRECIPITATION DATA]       SYMBOLS USED IN COLUMN 16

AVERAGE MONTHLY: 76.3   TOTAL FOR MONTH:   7.39    1 = FOG OR MIST
DPTR FM NORMAL:   1.6   DPTR FM NORMAL:    3.72    2 = FOG REDUCING VISIBILITY
HIGHEST:    93 ON 12,11 GRTST 24HR  4.08 ON 19-20      TO 1/4 MILE OR LESS
LOWEST:     53 ON  4, 3                            3 = THUNDER
                        SNOW, ICE PELLETS, HAIL    4 = ICE PELLETS
                        TOTAL MONTH:   0.0 INCH    5 = HAIL
                        GRTST 24HR     0.0         6 = FREEZING RAIN OR DRIZZLE
                        GRTST DEPTH:   0           7 = DUSTSTORM OR SANDSTORM:
                                                       VSBY 1/2 MILE OR LESS
                                                   8 = SMOKE OR HAZE
[NO. OF DAYS WITH]      [WEATHER - DAYS WITH]      9 = BLOWING SNOW
                                                   X = TORNADO
MAX 32 OR BELOW:   0    0.01 INCH OR MORE:  16
MAX 90 OR ABOVE:   9    0.10 INCH OR MORE:  10
MIN 32 OR BELOW:   0    0.50 INCH OR MORE:   3
MIN  0 OR BELOW:   0    1.00 INCH OR MORE:   2

[HDD (BASE 65) ]
TOTAL THIS MO.     7    CLEAR  (SCALE 0-3)  16
DPTR FM NORMAL     3    PTCLDY (SCALE 4-7)  12
TOTAL FM JUL 1  4713    CLOUDY (SCALE 8-10)  1
DPTR FM NORMAL   168

[CDD (BASE 65) ]
TOTAL THIS MO.   341
DPTR FM NORMAL    55    [PRESSURE DATA]
TOTAL FM JAN 1   532    HIGHEST SLP M ON M
DPTR FM NORMAL   111    LOWEST  SLP 29.63 ON 20

[REMARKS]
