000
CXUS56 KSLC 011320
CF6EVW
PRELIMINARY LOCAL CLIMATOLOGICAL DATA (WS FORM: F-6)

                                          STATION:   EVANSTON WY
                                          MONTH:     AUGUST
                                          YEAR:      2014
                                          LATITUDE:   41 16 N
                                          LONGITUDE: 111  2 W

  TEMPERATURE IN F:       :PCPN:    SNOW:  WIND      :SUNSHINE: SKY     :PK WND
================================================================================
1   2   3   4   5  6A  6B    7    8   9   10  11  12  13   14  15   16   17  18
                                     12Z  AVG MX 2MIN
DY MAX MIN AVG DEP HDD CDD  WTR  SNW DPTH SPD SPD DIR MIN PSBL S-S WX    SPD DR
================================================================================

 1  83  52  68   0   0   3 0.00  0.0    0  5.5 16  80   M    M   2        20  80
 2  86  55  71   3   0   6    T  0.0    0  6.4 17 230   M    M   1 3      21 240
 3  83  56  70   2   0   5 0.01  0.0    0  8.9 23 250   M    M   5 3      28 250
 4  77  54  66  -2   0   1 0.13  0.0    0  5.7 23 300   M    M   8 13     28 300
 5  76  55  66  -1   0   1 0.12  0.0    0  9.2 32 240   M    M   5 3      40 240
 6  77  49  63  -4   2   0 0.05    M    0 10.4 30 210   M    M   2 13     38 230
 7  77  49  63  -4   2   0 0.05    M    0  7.8 24 230   M    M   4 13     32 240
 8  75  50  63  -4   2   0 0.00  0.0    0 11.1 32  10   M    M   6        40 360
 9  77  47  62  -5   3   0    T    M    0  6.3 22 320   M    M   1        27 320
10  82  52  67   1   0   2    T  0.0    0  5.7 16 130   M    M   0        22 120
11  83  54  69   3   0   4 0.00  0.0    0  7.5 28 130   M    M   1        33 130
12  82  53  68   2   0   3 0.03  0.0    0  6.9 22 290   M    M   4 3      27 260
13  77  51  64  -2   1   0 0.00  0.0    0  7.3 18 220   M    M   5 123    25 220
14  79  52  66   0   0   1 0.02  0.0    0  9.4 24 200   M    M   3 3      34 210
15  82  53  68   3   0   3 0.07  0.0    0 11.5 23 260   M    M   2        35 260
16  81  53  67   2   0   2 0.00  0.0    0 10.9 29 270   M    M   0        42 240
17  87  54  71   6   0   6 0.00  0.0    0  8.7 26 230   M    M   0        40 230
18  87  47  67   2   0   2 0.00  0.0    0  7.7 22 260   M    M   0 38     30 270
19  65  52  59  -5   6   0 0.28  0.0    0  7.9 15 260   M    M   6 1      22 220
20  74  50  62  -2   3   0 0.34  0.0    0 11.7 32 320   M    M   6 13     41 310
21  71  50  61  -3   4   0 0.03  0.0    0 10.4 25 260   M    M   6 13     31 280
22  71  45  58  -6   7   0 0.43    M    0  9.9 28  10   M    M   6 13     33 350
23  58  42  50 -13  15   0 0.16    M    0 10.8 28 240   M    M   5 13     33 230
24  68  39  54  -9  11   0 0.00  0.0    0 10.3 23 250   M    M   1        28 250
25  67  46  57  -6   8   0 0.14    M    0  9.2 18  80   M    M   3 38     25 180
26  69  47  58  -4   7   0 0.11    M    0  7.3 24 110   M    M   3 13     28 110
27  60  47  54  -8  11   0 0.20    M    0  5.9 17 190   M    M   8 13     19 200
28  73  46  60  -2   5   0 0.00  0.0    0  7.9 14 280   M    M   2        21 280
29  79  48  64   3   1   0 0.00  0.0    0  9.4 21 260   M    M   1        25 240
30  71  51  61   0   4   0    T  0.0    0 13.1 35 250   M    M   3        44 260
31  65  47  56  -5   9   0 0.08    M    0 12.6 30 250   M    M   4 13     37 250
================================================================================
SM 2342 1546       101  39  2.25     0.0 273.3          M      103
================================================================================
AV 75.5 49.9                               8.8 FASTST   M    M   3    MAX(MPH)
                                 MISC ---->  # 35 250               # 44  260
================================================================================
NOTES:
# LAST OF SEVERAL OCCURRENCES

COLUMN 17 PEAK WIND IN M.P.H.

PRELIMINARY LOCAL CLIMATOLOGICAL DATA (WS FORM: F-6) , PAGE 2

                                          STATION:  EVANSTON WY
                                          MONTH:    AUGUST
                                          YEAR:     2014
                                          LATITUDE:   41 16 N
                                          LONGITUDE: 111  2 W

[TEMPERATURE DATA]      [PRECIPITATION DATA]       SYMBOLS USED IN COLUMN 16

AVERAGE MONTHLY: 62.7   TOTAL FOR MONTH:   2.25    1 = FOG OR MIST
DPTR FM NORMAL:  -2.1   DPTR FM NORMAL:    1.29    2 = FOG REDUCING VISIBILITY
HIGHEST:    87 ON 18,17 GRTST 24HR  0.59 ON 22-23      TO 1/4 MILE OR LESS
LOWEST:     39 ON 24                               3 = THUNDER
                        SNOW, ICE PELLETS, HAIL    4 = ICE PELLETS
                        TOTAL MONTH:   0.0 INCH    5 = HAIL
                        GRTST 24HR     0.0         6 = FREEZING RAIN OR DRIZZLE
                        GRTST DEPTH:   0           7 = DUSTSTORM OR SANDSTORM:
                                                       VSBY 1/2 MILE OR LESS
                                                   8 = SMOKE OR HAZE
[NO. OF DAYS WITH]      [WEATHER - DAYS WITH]      9 = BLOWING SNOW
                                                   X = TORNADO
MAX 32 OR BELOW:   0    0.01 INCH OR MORE:  17
MAX 90 OR ABOVE:   0    0.10 INCH OR MORE:   9
MIN 32 OR BELOW:   0    0.50 INCH OR MORE:   0
MIN  0 OR BELOW:   0    1.00 INCH OR MORE:   0

[HDD (BASE 65) ]
TOTAL THIS MO.   101    CLEAR  (SCALE 0-3)  17
DPTR FM NORMAL    34    PTCLDY (SCALE 4-7)  14
TOTAL FM JUL 1   120    CLOUDY (SCALE 8-10)  0
DPTR FM NORMAL    17

[CDD (BASE 65) ]
TOTAL THIS MO.    39
DPTR FM NORMAL   -22    [PRESSURE DATA]
TOTAL FM JAN 1   206    HIGHEST SLP 30.22 ON 27
DPTR FM NORMAL    49    LOWEST  SLP 29.71 ON 30

[REMARKS]
#FINAL-08-14#
