000
CXUS52 KMHX 202112
CF6EWN
PRELIMINARY LOCAL CLIMATOLOGICAL DATA (WS FORM: F-6)

                                          STATION:   NEW BERN NC
                                          MONTH:     JANUARY
                                          YEAR:      2018
                                          LATITUDE:   35  4 N
                                          LONGITUDE:  77  3 W

  TEMPERATURE IN F:       :PCPN:    SNOW:  WIND      :SUNSHINE: SKY     :PK WND
================================================================================
1   2   3   4   5  6A  6B    7    8   9   10  11  12  13   14  15   16   17  18
                                     12Z  AVG MX 2MIN
DY MAX MIN AVG DEP HDD CDD  WTR  SNW DPTH SPD SPD DIR MIN PSBL S-S WX    SPD DR
================================================================================

 1  28  14  21 -23  44   0 0.00  0.0    0 12.8 25  30   M    M   3        32  30
 2  31  13  22 -22  43   0 0.00  0.0    0  6.7 15 360   M    M   0        20  20
 3  39  10  25 -19  40   0 0.61    M    0  9.8 21 330   M    M   6 16     32 340
 4  31  20  26 -18  39   0    M  5.0    5 13.7 25 320   M    M   4 12     39 320
 5  29   5  17 -27  48   0 0.00  0.0    5  7.2 20 290   M    M   0        29 280
 6  24   7  16 -28  49   0 0.00  0.0    5  5.5 17 340   M    M   0        22 310
 7  26   5  16 -28  49   0 0.00  0.0    4  4.6 14  10   M    M   0        19  30
 8  49   8  29 -15  36   0 0.00  0.0    0  1.2  8 140   M    M   1        10 140
 9  61  29  45   1  20   0 0.00  0.0    M  2.0 10 320   M    M   2 1      13 310
10  62  30  46   2  19   0 0.00  0.0    0  4.1 10  80   M    M   3 1      13  80
11  67  37  52   8  13   0 0.02  0.0    0  4.3 16 160   M    M   7 12     26 150
12  73  63  68  24   0   3 0.74  0.0    0 13.5 28 190   M    M  10 138    41 220
13  63  35  49   5  16   0 0.00  0.0    0 11.2 20  10   M    M   6        25  10
14  35  25  30 -14  35   0 0.00  0.0    0 13.1 20  10   M    M   1        24  20
15  42  26  34 -10  31   0 0.00  0.0    0  8.4 16  20   M    M   6        20 360
16  52  27  40  -4  25   0 0.00  0.0    0  3.3  8 330   M    M   0 1      11 320
17  51  25  38  -6  27   0 0.01    T    0  9.1 24  10   M    M   3 18     28 350
18  39  22  31 -13  34   0 0.17  1.0    1 10.7 17 330   M    M   3 1      24 340
19  58  25  42  -2  23   0 0.00  0.0    T  5.3 14 260   M    M   0        19 240
================================================================================
SM  860  426       591   3  1.55     6.0 146.5          M       55
================================================================================
AV 45.3 22.4                               7.7 FASTST   M    M   3    MAX(MPH)
                                 MISC ---->  # 28 190               # 41  220
================================================================================
NOTES:
# LAST OF SEVERAL OCCURRENCES

COLUMN 17 PEAK WIND IN M.P.H.

PRELIMINARY LOCAL CLIMATOLOGICAL DATA (WS FORM: F-6) , PAGE 2

                                          STATION:  NEW BERN NC
                                          MONTH:    JANUARY
                                          YEAR:     2018
                                          LATITUDE:   35  4 N
                                          LONGITUDE:  77  3 W

[TEMPERATURE DATA]      [PRECIPITATION DATA]       SYMBOLS USED IN COLUMN 16

AVERAGE MONTHLY: 33.8   TOTAL FOR MONTH:   1.55    1 = FOG OR MIST
DPTR FM NORMAL: -10.2   DPTR FM NORMAL:   -0.95    2 = FOG REDUCING VISIBILITY
HIGHEST:    73 ON 12    GRTST 24HR  0.74 ON 12-12      TO 1/4 MILE OR LESS
LOWEST:      5 ON  7, 5                            3 = THUNDER
                        SNOW, ICE PELLETS, HAIL    4 = ICE PELLETS
                        TOTAL MONTH:   6.0 INCHES  5 = HAIL
                        GRTST 24HR   5.0 ON  4- 4  6 = FREEZING RAIN OR DRIZZLE
                        GRTST DEPTH:   5 ON  6, 5  7 = DUSTSTORM OR SANDSTORM:
                                                       VSBY 1/2 MILE OR LESS
                                                   8 = SMOKE OR HAZE
[NO. OF DAYS WITH]      [WEATHER - DAYS WITH]      9 = BLOWING SNOW
                                                   X = TORNADO
MAX 32 OR BELOW:   6    0.01 INCH OR MORE:   5
MAX 90 OR ABOVE:   0    0.10 INCH OR MORE:   3
MIN 32 OR BELOW:  16    0.50 INCH OR MORE:   2
MIN  0 OR BELOW:   0    1.00 INCH OR MORE:   0

[HDD (BASE 65) ]
TOTAL THIS MO.   591    CLEAR  (SCALE 0-3)  11
DPTR FM NORMAL   192    PTCLDY (SCALE 4-7)   7
TOTAL FM JUL 1  1651    CLOUDY (SCALE 8-10)  1
DPTR FM NORMAL   258

[CDD (BASE 65) ]
TOTAL THIS MO.     3
DPTR FM NORMAL     3    [PRESSURE DATA]
TOTAL FM JAN 1     3    HIGHEST SLP M ON M
DPTR FM NORMAL     3    LOWEST  SLP 29.25 ON  4

[REMARKS]
