000
CXUS52 KFFC 261110
CF6FFC
PRELIMINARY LOCAL CLIMATOLOGICAL DATA (WS FORM: F-6)

                                          STATION:   PEACHTREE CITY
                                          MONTH:     JULY
                                          YEAR:      2017
                                          LATITUDE:   33 20 N
                                          LONGITUDE:  84 34 W

  TEMPERATURE IN F:       :PCPN:    SNOW:  WIND      :SUNSHINE: SKY     :PK WND
================================================================================
1   2   3   4   5  6A  6B    7    8   9   10  11  12  13   14  15   16   17  18
                                     12Z  AVG MX 2MIN
DY MAX MIN AVG DEP HDD CDD  WTR  SNW DPTH SPD SPD DIR MIN PSBL S-S WX    SPD DR
================================================================================

 1  89  70  80   2   0  15 0.18  0.0    0  3.9 18 320   M    M   6 13     22 320
 2  89  69  79   1   0  14 1.98  0.0    0  2.8 25 340   M    M   2 13     30 340
 3  88  71  80   1   0  15 0.09  0.0    0  4.3 14 280   M    M   3 1      17 290
 4  90  68  79   0   0  14    T  0.0    0  3.1 26 320   M    M   1 13     32 340
 5  92  68  80   1   0  15 0.00  0.0    0  2.6 10 280   M    M   0 1      14 270
 6  91  70  81   2   0  16 0.00  0.0    0  3.0 10 250   M    M   1 13     15 260
 7  91  70  81   2   0  16 0.01  0.0    0  4.0 14 330   M    M   1 3      20 200
 8  90  71  81   2   0  16 0.00  0.0    0  3.0 17 300   M    M   1        21 310
 9  91  68  80   1   0  15 0.00  0.0    0  2.8  9 120   M    M   2 13     12  10
10  90  68  79   0   0  14 0.00  0.0    0  2.2 13 250   M    M   2 13     18 250
11  90  69  80   1   0  15 0.34  0.0    0  2.7 23 330   M    M   3 123    27 320
12  89  68  79   0   0  14 0.00  0.0    0  1.4  9 240   M    M   2 1      12 230
13  92  70  81   2   0  16 0.00  0.0    0  1.4  9 120   M    M   0        12 130
14  93  71  82   3   0  17 0.07  0.0    0  2.1 12 140   M    M   2 13     17 120
15  91  71  81   1   0  16 0.42  0.0    0  2.1 18 290   M    M   2 13     23 290
16  84  72  78  -2   0  13 0.45  0.0    0  1.8 12 290   M    M   5 13     17 300
17  88  70  79  -1   0  14 0.54  0.0    0  2.8 20  30   M    M   5 13     26  60
18  90  69  80   0   0  15 0.00  0.0    0  1.6  8 140   M    M   4 12     11 180
19  89  71  80   0   0  15 0.00  0.0    0  1.2  5 280   M    M   2 1       M  M
20  94  70  82   2   0  17 0.00  0.0    0  3.8 15 340   M    M   1 13     20  10
21  94  72  83   3   0  18 0.00  0.0    0  1.1 12 130   M    M   1 1      16 140
22  92  71  82   2   0  17 0.06  0.0    0  2.0 20 320   M    M   2 138    24 320
23  91  72  82   2   0  17 0.00  0.0    0  1.9 12 260   M    M   0 1      17 250
24  91  72  82   2   0  17 0.32  0.0    0  2.5 16 140   M    M   2 138    21 140
25  88  71  80   0   0  15 0.30  0.0    0  1.3  8  80   M    M   2 13     14  80
================================================================================
SM 2257 1752         0 386  4.76     0.0  61.4          M       52
================================================================================
AV 90.3 70.1                               2.5 FASTST   M    M   2    MAX(MPH)
                                 MISC ---->  # 26 320               # 32  340
================================================================================
NOTES:
# LAST OF SEVERAL OCCURRENCES

COLUMN 17 PEAK WIND IN M.P.H.

PRELIMINARY LOCAL CLIMATOLOGICAL DATA (WS FORM: F-6) , PAGE 2

                                          STATION:  PEACHTREE CITY
                                          MONTH:    JULY
                                          YEAR:     2017
                                          LATITUDE:   33 20 N
                                          LONGITUDE:  84 34 W

[TEMPERATURE DATA]      [PRECIPITATION DATA]       SYMBOLS USED IN COLUMN 16

AVERAGE MONTHLY: 80.2   TOTAL FOR MONTH:   4.76    1 = FOG OR MIST
DPTR FM NORMAL:   0.8   DPTR FM NORMAL:    0.19    2 = FOG REDUCING VISIBILITY
HIGHEST:    94 ON 21,20 GRTST 24HR  1.98 ON  2- 2      TO 1/4 MILE OR LESS
LOWEST:     68 ON 12,10                            3 = THUNDER
                        SNOW, ICE PELLETS, HAIL    4 = ICE PELLETS
                        TOTAL MONTH:   0.0 INCH    5 = HAIL
                        GRTST 24HR     0.0         6 = FREEZING RAIN OR DRIZZLE
                        GRTST DEPTH:   0           7 = DUSTSTORM OR SANDSTORM:
                                                       VSBY 1/2 MILE OR LESS
                                                   8 = SMOKE OR HAZE
[NO. OF DAYS WITH]      [WEATHER - DAYS WITH]      9 = BLOWING SNOW
                                                   X = TORNADO
MAX 32 OR BELOW:   0    0.01 INCH OR MORE:  12
MAX 90 OR ABOVE:  17    0.10 INCH OR MORE:   8
MIN 32 OR BELOW:   0    0.50 INCH OR MORE:   2
MIN  0 OR BELOW:   0    1.00 INCH OR MORE:   1

[HDD (BASE 65) ]
TOTAL THIS MO.     0    CLEAR  (SCALE 0-3)  20
DPTR FM NORMAL     0    PTCLDY (SCALE 4-7)   5
TOTAL FM JUL 1     0    CLOUDY (SCALE 8-10)  0
DPTR FM NORMAL     0

[CDD (BASE 65) ]
TOTAL THIS MO.   386
DPTR FM NORMAL    29    [PRESSURE DATA]
TOTAL FM JAN 1   997    HIGHEST SLP M ON M
DPTR FM NORMAL   123    LOWEST  SLP 29.82 ON 23

[REMARKS]
