000
CXUS53 KLMK 230800
CF6FFT
PRELIMINARY LOCAL CLIMATOLOGICAL DATA (WS FORM: F-6)

                                          STATION:   FRANKFORT KY
                                          MONTH:     SEPTEMBER
                                          YEAR:      2017
                                          LATITUDE:   38 10 N
                                          LONGITUDE:  84 54 W

  TEMPERATURE IN F:       :PCPN:    SNOW:  WIND      :SUNSHINE: SKY     :PK WND
================================================================================
1   2   3   4   5  6A  6B    7    8   9   10  11  12  13   14  15   16   17  18
                                     12Z  AVG MX 2MIN
DY MAX MIN AVG DEP HDD CDD  WTR  SNW DPTH SPD SPD DIR MIN PSBL S-S WX    SPD DR
================================================================================

 1  72  58  65  -8   0   0 3.23    M    M 11.4 17  30   M    M  10 1      30  30
 2  65  56  61 -12   4   0 0.11    M    M  4.5 12  40   M    M   8 1      16  40
 3  80  54  67  -5   0   2 0.00    M    M  4.6 14 240   M    M   5 12     17 240
 4  87  67  77   5   0  12 0.00    M    M 11.5 22 220   M    M   1        29 210
 5  73  53  63  -9   2   0 0.17    M    M  5.7 16 220   M    M   4 138    21 210
 6  70  48  59 -12   6   0 0.00    M    M  3.5 14 260   M    M   3        19 300
 7  70  46  58 -13   7   0 0.00    M    M  4.3 13 270   M    M   2        17 250
 8  77  47  62  -9   3   0 0.00    M    M  1.6 10 270   M    M   0        14 280
 9  77  50  64  -6   1   0 0.00    M    M  4.4 14  40   M    M   2 1      18  50
10  77  52  65  -5   0   0 0.00    M    M  7.6 16 100   M    M   0        22 100
11  69  54  62  -8   3   0 0.00    M    M  8.5 17  60   M    M   0        22  60
12  76  59  68  -1   0   3 0.44    M    M  9.2 21  60   M    M   8 1      27  70
13  64  60  62  -7   3   0 0.34    M    M  6.7 14 200   M    M  10 18     18 190
14  72  58  65  -3   0   0 0.01    M    M  2.1  8 230   M    M   9 1      10 240
15  82  55  69   1   0   4 0.00    M    M  0.9  7 320   M    M   5 12      9  60
16  86  59  73   5   0   8 0.00    M    M  2.0  9 340   M    M   1 1      11  30
17  88  59  74   7   0   9 0.00    M    M  0.8  7 330   M    M   0 128    10 350
18  88  61  75   8   0  10 0.00    M    M  1.8  8 230   M    M   2 1      12 320
19  77  64  71   5   0   6 0.66    M    M  2.6 10 120   M    M   7 138    12 300
20  87  60  74   8   0   9 0.00    M    M  0.8  9 220   M    M   3 12     11 250
21  90  64  77  11   0  12    T    M    M  0.6  8 120   M    M   1 18      9 110
22  90  64  77  12   0  12 0.00    M    M  1.8 10  70   M    M   1 128    13 100
================================================================================
SM 1717 1248        29  87  4.96    M     96.9          M       82
================================================================================
AV 78.1 56.7                               4.4 FASTST   M    M   4    MAX(MPH)
                                 MISC ---->  # 22 220               # 30   30
================================================================================
NOTES:
# LAST OF SEVERAL OCCURRENCES

COLUMN 17 PEAK WIND IN M.P.H.

PRELIMINARY LOCAL CLIMATOLOGICAL DATA (WS FORM: F-6) , PAGE 2

                                          STATION:  FRANKFORT KY
                                          MONTH:    SEPTEMBER
                                          YEAR:     2017
                                          LATITUDE:   38 10 N
                                          LONGITUDE:  84 54 W

[TEMPERATURE DATA]      [PRECIPITATION DATA]       SYMBOLS USED IN COLUMN 16

AVERAGE MONTHLY: 67.4   TOTAL FOR MONTH:   4.96    1 = FOG OR MIST
DPTR FM NORMAL:  -1.9   DPTR FM NORMAL:    2.52    2 = FOG REDUCING VISIBILITY
HIGHEST:    90 ON 22,21 GRTST 24HR  3.23 ON  1- 1      TO 1/4 MILE OR LESS
LOWEST:     46 ON  7                               3 = THUNDER
                        SNOW, ICE PELLETS, HAIL    4 = ICE PELLETS
                        TOTAL MONTH:    M          5 = HAIL
                        GRTST 24HR    M  ON   M    6 = FREEZING RAIN OR DRIZZLE
                        GRTST DEPTH:  M  ON   M    7 = DUSTSTORM OR SANDSTORM:
                                                       VSBY 1/2 MILE OR LESS
                                                   8 = SMOKE OR HAZE
[NO. OF DAYS WITH]      [WEATHER - DAYS WITH]      9 = BLOWING SNOW
                                                   X = TORNADO
MAX 32 OR BELOW:   0    0.01 INCH OR MORE:   7
MAX 90 OR ABOVE:   2    0.10 INCH OR MORE:   6
MIN 32 OR BELOW:   0    0.50 INCH OR MORE:   2
MIN  0 OR BELOW:   0    1.00 INCH OR MORE:   1

[HDD (BASE 65) ]
TOTAL THIS MO.    29    CLEAR  (SCALE 0-3)  13
DPTR FM NORMAL     8    PTCLDY (SCALE 4-7)   5
TOTAL FM JUL 1    29    CLOUDY (SCALE 8-10)  4
DPTR FM NORMAL     7

[CDD (BASE 65) ]
TOTAL THIS MO.    87
DPTR FM NORMAL   -28    [PRESSURE DATA]
TOTAL FM JAN 1  1174    HIGHEST SLP M ON M
DPTR FM NORMAL    57    LOWEST  SLP 29.72 ON 12

[REMARKS]
