000
CXUS53 KARX 260930
CF6FKA
PRELIMINARY LOCAL CLIMATOLOGICAL DATA (WS FORM: F-6)

                                          STATION:   PRESTON MN
                                          MONTH:     FEBRUARY
                                          YEAR:      2015
                                          LATITUDE:   43 40 N
                                          LONGITUDE:  92 11 W

  TEMPERATURE IN F:       :PCPN:    SNOW:  WIND      :SUNSHINE: SKY     :PK WND
================================================================================
1   2   3   4   5  6A  6B    7    8   9   10  11  12  13   14  15   16   17  18
                                     12Z  AVG MX 2MIN
DY MAX MIN AVG DEP HDD CDD  WTR  SNW DPTH SPD SPD DIR MIN PSBL S-S WX    SPD DR
================================================================================

 1  24   4  14   M  51   0    M    M    4 15.1 21  30   M    M   5 8      30  30
 2  10  -6   2   M  63   0 0.00  0.0    5  7.8 14 210   M    M   1         M  M
 3  13  -1   6   M  59   0    M    M    5  3.7  9 220   M    M   7 1       M  M
 4  13 -10   2   M  63   0    M    M    7 10.9 20 320   M    M   5        24 320
 5  10 -14  -2   M  67   0 0.00  0.0    7 12.2 25 190   M    M   1 8      29 190
 6  28   6  17   M  48   0 0.00  0.0    7  7.6 15 210   M    M   3         M  M
 7  37  17  27   M  38   0 0.00  0.0    7  5.3 13 190   M    M   1 18     17 170
 8  31  25  28   M  37   0 0.03  0.0    5  8.5 13  10   M    M   9 16     17  30
 9  26  17  22   M  43   0 0.00  0.0    M  3.2  7  40   M    M   7         M  M
10  33  13  23   M  42   0    M    M    M 11.6 20 140   M    M   7 146    25 140
11  33   2  18   M  47   0    M    M    M 21.4 27 310   M    M   8 169    35 310
12   5  -5   0   M  65   0    M    M    M  9.8 21 340   M    M   0        29 340
13  28  -4  12   M  53   0    M    M    M 14.0 23 300   M    M   8        30 310
14  13  -6   4   M  61   0    M    M    M 16.7 29 350   M    M   2 8      40 350
15   7  -6   1   M  64   0 0.00  0.0    M  7.0 13 140   M    M   9         M  M
16  18   6  12   M  53   0    M    M    M  7.6 15 320   M    M  10        20 320
17   8  -2   3   M  62   0    M    M    M 14.1 23 310   M    M   6 8      25 300
18   0 -10  -5   M  70   0    M    M    M 14.1 20 340   M    M   4 8      28 320
19   1 -15  -7   M  72   0 0.00  0.0    0  4.9 12 320   M    M   1         M  M
20  23   1  12   M  53   0    M  0.0    0 12.7 21 180   M    M  10 8      25 180
21  23   4  14   M  51   0    T  0.0    0  9.0 15 310   M    M   7 1      22 320
22   4 -12  -4   M  69   0 0.00  0.0    0 12.5 17 320   M    M   0        22 320
23  12 -17  -2   M  67   0 0.00  0.0    M 11.6 24 210   M    M   0        36 210
24  31  11  21   M  44   0    M    M    M 18.5 25 310   M    M   5 8      36 310
25  12   2   7   M  58   0    M    M    M  7.0 13 360   M    M   8        18  30
================================================================================
SM  443    0      1400   0  0.03     0.0 266.8          M      124
================================================================================
AV 17.7  0.0                              10.7 FASTST   M    M   5    MAX(MPH)
                                 MISC ---->    29   M                 40    M
================================================================================
NOTES:
# LAST OF SEVERAL OCCURRENCES

COLUMN 17 PEAK WIND IN M.P.H.

PRELIMINARY LOCAL CLIMATOLOGICAL DATA (WS FORM: F-6) , PAGE 2

                                          STATION:  PRESTON MN
                                          MONTH:    FEBRUARY
                                          YEAR:     2015
                                          LATITUDE:   43 40 N
                                          LONGITUDE:  92 11 W

[TEMPERATURE DATA]      [PRECIPITATION DATA]       SYMBOLS USED IN COLUMN 16

AVERAGE MONTHLY:  8.9   TOTAL FOR MONTH:   0.03    1 = FOG OR MIST
DPTR FM NORMAL:     M   DPTR FM NORMAL:       M    2 = FOG REDUCING VISIBILITY
HIGHEST:    37 ON  7    GRTST 24HR  0.03 ON  8- 8      TO 1/4 MILE OR LESS
LOWEST:    -17 ON 23                               3 = THUNDER
                        SNOW, ICE PELLETS, HAIL    4 = ICE PELLETS
                        TOTAL MONTH:   0.0 INCH    5 = HAIL
                        GRTST 24HR     0.0         6 = FREEZING RAIN OR DRIZZLE
                        GRTST DEPTH:   7 ON  7, 6  7 = DUSTSTORM OR SANDSTORM:
                                                       VSBY 1/2 MILE OR LESS
                                                   8 = SMOKE OR HAZE
[NO. OF DAYS WITH]      [WEATHER - DAYS WITH]      9 = BLOWING SNOW
                                                   X = TORNADO
MAX 32 OR BELOW:  22    0.01 INCH OR MORE:   1
MAX 90 OR ABOVE:   0    0.10 INCH OR MORE:   0
MIN 32 OR BELOW:  25    0.50 INCH OR MORE:   0
MIN  0 OR BELOW:  13    1.00 INCH OR MORE:   0

[HDD (BASE 65) ]
TOTAL THIS MO.  1400    CLEAR  (SCALE 0-3)   9
DPTR FM NORMAL     M    PTCLDY (SCALE 4-7)  12
TOTAL FM JUL 1  6120    CLOUDY (SCALE 8-10)  4
DPTR FM NORMAL     M

[CDD (BASE 65) ]
TOTAL THIS MO.     0
DPTR FM NORMAL     M    [PRESSURE DATA]
TOTAL FM JAN 1     0    HIGHEST SLP M ON M
DPTR FM NORMAL     M    LOWEST  SLP M ON M

[REMARKS]
