000
CXUS54 KLZK 231330
CF6FLP
PRELIMINARY LOCAL CLIMATOLOGICAL DATA (WS FORM: F-6)

                                          STATION:   Flippin
                                          MONTH:     JULY
                                          YEAR:      2014
                                          LATITUDE:   36 17 N
                                          LONGITUDE:  92 28 W

  TEMPERATURE IN F:       :PCPN:    SNOW:  WIND      :SUNSHINE: SKY     :PK WND
================================================================================
1   2   3   4   5  6A  6B    7    8   9   10  11  12  13   14  15   16   17  18
                                     12Z  AVG MX 2MIN
DY MAX MIN AVG DEP HDD CDD  WTR  SNW DPTH SPD SPD DIR MIN PSBL S-S WX    SPD DR
================================================================================

 1  90  70  80   M   0  15 0.01  0.0    0  4.0 12 250   M    M   0 3       M  M
 2  82  66  74   M   0   9 0.00  0.0    0  6.1 13 270   M    M   0        16 330
 3  81  59  70   M   0   5 0.00  0.0    0  3.9  8 360   M    M   1         M  M
 4  82  57  70   M   0   5 0.00  0.0    0  1.9  7 130   M    M   3         M  M
 5  82  57  70   M   0   5 0.00  0.0    0  2.6  7 140   M    M   0         M  M
 6  88  64  76   M   0  11 0.00  0.0    0  2.2  7 170   M    M   1         M  M
 7  91  68  80   M   0  15 0.22  0.0    0  7.0 16 240   M    M   1 3      25 240
 8  88  66  77   M   0  12 0.22  0.0    0  3.2  7 220   M    M   3         M  M
 9  88  64  76   M   0  11 0.00  0.0    0  1.8  8  20   M    M   1         M  M
10  82  61  72   M   0   7 0.00  0.0    0  1.8  7 100   M    M   3         M  M
11  91  68  80   M   0  15 0.00  0.0    0  2.3  7 110   M    M   3         M  M
12  93  72  83   M   0  18 0.00  0.0    0  2.9  7 220   M    M   0         M  M
13  93  70  82   M   0  17 0.00  0.0    0  3.5  8 210   M    M   0         M  M
14  86  72  79   M   0  14 0.00  0.0    0  3.0 10  10   M    M   2         M  M
15  81  61  71   M   0   6 0.00  0.0    0  5.6 10 330   M    M   1        21 350
16  79  52  66   M   0   1 0.00  0.0    0  1.8  9 360   M    M   1         M  M
17  73  57  65   M   0   0 0.00  0.0    0  1.9  6 100   M    M   2         M  M
18  73  61  67   M   0   2 0.00  0.0    0  2.1  7  80   M    M   6         M  M
19  82  57  70   M   0   5 0.00  0.0    0  1.4  6 170   M    M   4         M  M
20  82  57  70   M   0   5 0.00  0.0    0  1.9  6 110   M    M   1         M  M
21  86  59  73   M   0   8 0.00  0.0    0  2.3  8 110   M    M   1         M  M
22  91  63  77   M   0  12 0.00  0.0    0  2.3  7 120   M    M   1         M  M
================================================================================
SM 1864 1381         0 198  0.45     0.0  65.5          M       35
================================================================================
AV 84.7 62.8                               3.0 FASTST   M    M   2    MAX(MPH)
                                 MISC ---->    16   M                 25    M
================================================================================
NOTES:
# LAST OF SEVERAL OCCURRENCES

COLUMN 17 PEAK WIND IN M.P.H.

PRELIMINARY LOCAL CLIMATOLOGICAL DATA (WS FORM: F-6) , PAGE 2

                                          STATION:  Flippin
                                          MONTH:    JULY
                                          YEAR:     2014
                                          LATITUDE:   36 17 N
                                          LONGITUDE:  92 28 W

[TEMPERATURE DATA]      [PRECIPITATION DATA]       SYMBOLS USED IN COLUMN 16

AVERAGE MONTHLY: 73.8   TOTAL FOR MONTH:   0.45    1 = FOG OR MIST
DPTR FM NORMAL:     M   DPTR FM NORMAL:       M    2 = FOG REDUCING VISIBILITY
HIGHEST:    93 ON 13,12 GRTST 24HR  0.22 ON  8- 8      TO 1/4 MILE OR LESS
LOWEST:     52 ON 16                               3 = THUNDER
                        SNOW, ICE PELLETS, HAIL    4 = ICE PELLETS
                        TOTAL MONTH:   0.0 INCH    5 = HAIL
                        GRTST 24HR     0.0         6 = FREEZING RAIN OR DRIZZLE
                        GRTST DEPTH:   0           7 = DUSTSTORM OR SANDSTORM:
                                                       VSBY 1/2 MILE OR LESS
                                                   8 = SMOKE OR HAZE
[NO. OF DAYS WITH]      [WEATHER - DAYS WITH]      9 = BLOWING SNOW
                                                   X = TORNADO
MAX 32 OR BELOW:   0    0.01 INCH OR MORE:   3
MAX 90 OR ABOVE:   6    0.10 INCH OR MORE:   2
MIN 32 OR BELOW:   0    0.50 INCH OR MORE:   0
MIN  0 OR BELOW:   0    1.00 INCH OR MORE:   0

[HDD (BASE 65) ]
TOTAL THIS MO.     0    CLEAR  (SCALE 0-3)  20
DPTR FM NORMAL     M    PTCLDY (SCALE 4-7)   2
TOTAL FM JUL 1     0    CLOUDY (SCALE 8-10)  0
DPTR FM NORMAL     M

[CDD (BASE 65) ]
TOTAL THIS MO.   198
DPTR FM NORMAL     M    [PRESSURE DATA]
TOTAL FM JAN 1   696    HIGHEST SLP M ON M
DPTR FM NORMAL     M    LOWEST  SLP M ON M

[REMARKS]
