000
CXUS54 KLZK 231130
CF6FLP
PRELIMINARY LOCAL CLIMATOLOGICAL DATA (WS FORM: F-6)

                                          STATION:   Flippin
                                          MONTH:     SEPTEMBER
                                          YEAR:      2017
                                          LATITUDE:   36 17 N
                                          LONGITUDE:  92 28 W

  TEMPERATURE IN F:       :PCPN:    SNOW:  WIND      :SUNSHINE: SKY     :PK WND
================================================================================
1   2   3   4   5  6A  6B    7    8   9   10  11  12  13   14  15   16   17  18
                                     12Z  AVG MX 2MIN
DY MAX MIN AVG DEP HDD CDD  WTR  SNW DPTH SPD SPD DIR MIN PSBL S-S WX    SPD DR
================================================================================

 1   M   M   M   M   M   M    M    M    M   M   M   M   M    M   M         M  M
 2   M   M   M   M   M   M    M    M    M   M   M   M   M    M   M         M  M
 3   M   M   M   M   M   M    M    M    M   M   M   M   M    M   M         M  M
 4   M   M   M   M   M   M    M    M    M   M   M   M   M    M   M         M  M
 5  78  60  69   M   0   4 0.00    M    M  4.1  8 360   M    M   1         M  M
 6  75  52  64   M   1   0 0.00    M    M  4.6 15  20   M    M   0        21  20
 7  82  46  64   M   1   0 0.00    M    M  1.8  7 120   M    M   0         M  M
 8  86  51  69   M   0   4 0.00    M    M  1.4  5 120   M    M   0         M  M
 9  86  54  70   M   0   5 0.00    M    M  1.9  7  90   M    M   0         M  M
10  83  53  68   M   0   3 0.00    M    M  2.8 10  70   M    M   2         M  M
11  84  50  67   M   0   2 0.00    M    M  4.2 10  30   M    M   0         M  M
12  76  61  69   M   0   4 0.10    M    M  6.8 12 330   M    M   3        20 340
13  86  58  72   M   0   7 0.00    M    M  4.1 10 300   M    M   2         M  M
14  90  50  70   M   0   5 0.00    M    M  2.4  8 170   M    M   0         M  M
15  89  60  75   M   0  10 0.00    M    M  3.2 10 220   M    M   1         M  M
16  91  62  77   M   0  12 0.00    M    M  2.9 10 220   M    M   2 1      16 220
17  85  63  74   M   0   9    T  0.0    0  4.0 16 360   M    M   1 1      20 360
18  82  64  73   M   0   8 0.14  0.0    0  0.8  8 340   M    M   7 13      M  M
19  93  63  78   M   0  13    T  0.0    0  2.9  7  99   M    M   4 128     M  M
20  94  68  81   M   0  16 0.00  0.0    0  4.9 12 180   M    M   1 1      17 190
21  92  68  80   M   0  15 0.00  0.0    0  3.0  9 180   M    M   1 1      17 180
22  94  66  80   M   0  15 0.00  0.0    0  2.0  8  80   M    M   2 1       M  M
================================================================================
SM 1546 1049         2 132  0.24     0.0  57.8          M       27
================================================================================
AV 85.9 58.3                               3.2 FASTST   M    M   2    MAX(MPH)
                                 MISC ---->  # 16 360               # 21   20
================================================================================
NOTES:
# LAST OF SEVERAL OCCURRENCES

COLUMN 17 PEAK WIND IN M.P.H.

PRELIMINARY LOCAL CLIMATOLOGICAL DATA (WS FORM: F-6) , PAGE 2

                                          STATION:  Flippin
                                          MONTH:    SEPTEMBER
                                          YEAR:     2017
                                          LATITUDE:   36 17 N
                                          LONGITUDE:  92 28 W

[TEMPERATURE DATA]      [PRECIPITATION DATA]       SYMBOLS USED IN COLUMN 16

AVERAGE MONTHLY: 72.1   TOTAL FOR MONTH:   0.24    1 = FOG OR MIST
DPTR FM NORMAL:     M   DPTR FM NORMAL:       M    2 = FOG REDUCING VISIBILITY
HIGHEST:    94 ON 22,20 GRTST 24HR  0.14 ON 18-18      TO 1/4 MILE OR LESS
LOWEST:     46 ON  7                               3 = THUNDER
                        SNOW, ICE PELLETS, HAIL    4 = ICE PELLETS
                        TOTAL MONTH:   0.0 INCH    5 = HAIL
                        GRTST 24HR     0.0         6 = FREEZING RAIN OR DRIZZLE
                        GRTST DEPTH:   0           7 = DUSTSTORM OR SANDSTORM:
                                                       VSBY 1/2 MILE OR LESS
                                                   8 = SMOKE OR HAZE
[NO. OF DAYS WITH]      [WEATHER - DAYS WITH]      9 = BLOWING SNOW
                                                   X = TORNADO
MAX 32 OR BELOW:   0    0.01 INCH OR MORE:   2
MAX 90 OR ABOVE:   6    0.10 INCH OR MORE:   2
MIN 32 OR BELOW:   0    0.50 INCH OR MORE:   0
MIN  0 OR BELOW:   0    1.00 INCH OR MORE:   0

[HDD (BASE 65) ]
TOTAL THIS MO.     2    CLEAR  (SCALE 0-3)  16
DPTR FM NORMAL     M    PTCLDY (SCALE 4-7)   2
TOTAL FM JUL 1     2    CLOUDY (SCALE 8-10)  0
DPTR FM NORMAL     M

[CDD (BASE 65) ]
TOTAL THIS MO.   132
DPTR FM NORMAL     M    [PRESSURE DATA]
TOTAL FM JAN 1  1330    HIGHEST SLP M ON M
DPTR FM NORMAL     M    LOWEST  SLP M ON M

[REMARKS]
