000
CXUS54 KLZK 181130
CF6FLP
PRELIMINARY LOCAL CLIMATOLOGICAL DATA (WS FORM: F-6)

                                          STATION:   Flippin
                                          MONTH:     NOVEMBER
                                          YEAR:      2017
                                          LATITUDE:   36 17 N
                                          LONGITUDE:  92 28 W

  TEMPERATURE IN F:       :PCPN:    SNOW:  WIND      :SUNSHINE: SKY     :PK WND
================================================================================
1   2   3   4   5  6A  6B    7    8   9   10  11  12  13   14  15   16   17  18
                                     12Z  AVG MX 2MIN
DY MAX MIN AVG DEP HDD CDD  WTR  SNW DPTH SPD SPD DIR MIN PSBL S-S WX    SPD DR
================================================================================

 1  63  42  53   M  12   0    M    M    M  6.0 10 180   M    M   9 1      16 170
 2  84  62  73   M   0   8    M    M    M  6.2 12 180   M    M   1        23 180
 3  68  58  63   M   2   0    M    M    M  6.5 10  70   M    M   9 18      M  M
 4  79  58  69   M   0   4    M    M    M  4.2 12 230   M    M   6 18     17 220
 5  85  56  71   M   0   6    M    M    M  8.7 15 210   M    M   4        25 210
 6   M   M   M   M   M   M    M    M    M  6.3  8  90   M    M  10 13      M  M
 7  51  44  48   M  17   0    M    M    M  5.9  9 350   M    M  10 1       M  M
 8  55  35  45   M  20   0    M    M    M  4.4  9 350   M    M   4 18      M  M
 9  63  27  45   M  20   0    M    M    M  1.4  7 340   M    M   1 128     M  M
10  54  35  45   M  20   0    M    M    M  5.2  8 120   M    M   0         M  M
11  57  29  43   M  22   0    M    M    M  3.7  9 120   M    M   4         M  M
12  62  50  56   M   9   0    M  0.0    0  3.0 10 300   M    M  10         M  M
13  61  39  50   M  15   0    M    M    0  3.7  8 120   M    M   3         M  M
14  52  44  48   M  17   0    M    M    0  2.9  6  80   M    M  10 1       M  M
15  63  41  52   M  13   0    M    M    0  3.8 12 330   M    M   7 13      M  M
16  62  34  48   M  17   0    M    M    0  2.2  6 100   M    M   0         M  M
17  71  48  60   M   5   0    M    M    0  7.7 14 200   M    M   8        28 190
================================================================================
SM 1030  702       189  18    M      0.0  81.8          M       96
================================================================================
AV 64.4 43.9                               4.8 FASTST   M    M   6    MAX(MPH)
                                 MISC ---->  # 15 210               # 28  190
================================================================================
NOTES:
# LAST OF SEVERAL OCCURRENCES

COLUMN 17 PEAK WIND IN M.P.H.

PRELIMINARY LOCAL CLIMATOLOGICAL DATA (WS FORM: F-6) , PAGE 2

                                          STATION:  Flippin
                                          MONTH:    NOVEMBER
                                          YEAR:     2017
                                          LATITUDE:   36 17 N
                                          LONGITUDE:  92 28 W

[TEMPERATURE DATA]      [PRECIPITATION DATA]       SYMBOLS USED IN COLUMN 16

AVERAGE MONTHLY: 54.1   TOTAL FOR MONTH:      M    1 = FOG OR MIST
DPTR FM NORMAL:     M   DPTR FM NORMAL:       M    2 = FOG REDUCING VISIBILITY
HIGHEST:    85 ON  5    GRTST 24HR    M  ON   M        TO 1/4 MILE OR LESS
LOWEST:     27 ON  9                               3 = THUNDER
                        SNOW, ICE PELLETS, HAIL    4 = ICE PELLETS
                        TOTAL MONTH:   0.0 INCH    5 = HAIL
                        GRTST 24HR     0.0         6 = FREEZING RAIN OR DRIZZLE
                        GRTST DEPTH:   0           7 = DUSTSTORM OR SANDSTORM:
                                                       VSBY 1/2 MILE OR LESS
                                                   8 = SMOKE OR HAZE
[NO. OF DAYS WITH]      [WEATHER - DAYS WITH]      9 = BLOWING SNOW
                                                   X = TORNADO
MAX 32 OR BELOW:   0    0.01 INCH OR MORE:   0
MAX 90 OR ABOVE:   0    0.10 INCH OR MORE:   0
MIN 32 OR BELOW:   2    0.50 INCH OR MORE:   0
MIN  0 OR BELOW:   0    1.00 INCH OR MORE:   0

[HDD (BASE 65) ]
TOTAL THIS MO.   189    CLEAR  (SCALE 0-3)   4
DPTR FM NORMAL     M    PTCLDY (SCALE 4-7)   7
TOTAL FM JUL 1   372    CLOUDY (SCALE 8-10)  6
DPTR FM NORMAL     M

[CDD (BASE 65) ]
TOTAL THIS MO.    18
DPTR FM NORMAL     M    [PRESSURE DATA]
TOTAL FM JAN 1  1477    HIGHEST SLP M ON M
DPTR FM NORMAL     M    LOWEST  SLP M ON M

[REMARKS]
