000
CXUS55 KTBW 291000
CF6FMY
PRELIMINARY LOCAL CLIMATOLOGICAL DATA (WS FORM: F-6)

                                          STATION:   Fort Myers
                                          MONTH:     MAY
                                          YEAR:      2016
                                          LATITUDE:   26 34 N
                                          LONGITUDE:  81 52 W

  TEMPERATURE IN F:       :PCPN:    SNOW:  WIND      :SUNSHINE: SKY     :PK WND
================================================================================
1   2   3   4   5  6A  6B    7    8   9   10  11  12  13   14  15   16   17  18
                                     12Z  AVG MX 2MIN
DY MAX MIN AVG DEP HDD CDD  WTR  SNW DPTH SPD SPD DIR MIN PSBL S-S WX    SPD DR
================================================================================

 1  91  69  80   4   0  15 0.00  0.0    0  7.0 16 120   M    M   2        22 130
 2  89  71  80   4   0  15 0.00  0.0    0  6.9 16 150   M    M   3 1      22 130
 3  89  73  81   4   0  16    T  0.0    0  7.6 16 260   M    M   1 1      22 260
 4  80  68  74  -3   0   9 1.16  0.0    0  7.5 25 330   M    M   6 1238   32 340
 5  82  68  75  -2   0  10    T  0.0    0 12.5 23 310   M    M   2        32 320
 6  80  63  72  -5   0   7 0.00  0.0    0 10.0 22 300   M    M   1        27 290
 7  82  57  70  -7   0   5 0.00  0.0    0  7.2 16 320   M    M   0        27  20
 8  86  59  73  -5   0   8 0.00  0.0    0  4.5 13 270   M    M   0        19 130
 9  87  61  74  -4   0   9 0.00  0.0    0  4.6 14 110   M    M   1        20 150
10  89  67  78   0   0  13 0.00  0.0    0  6.4 14 150   M    M   1        20 170
11  89  69  79   1   0  14 0.00  0.0    0  4.9 13 170   M    M   3        17 190
12  88  68  78   0   0  13 0.00  0.0    0  3.2 10  50   M    M   2        14  40
13  89  68  79   0   0  14 0.00  0.0    0  6.3 18 250   M    M   1        23 260
14  89  71  80   1   0  15 0.00  0.0    0  6.8 17 260   M    M   1        24 270
15  90  69  80   1   0  15 0.00  0.0    0  6.3 15 270   M    M   0        25 300
16  93  70  82   3   0  17 0.00  0.0    0  6.1 17 170   M    M   2 8      22 170
17  91  74  83   4   0  18 0.63  0.0    0  9.8 24 200   M    M   4 13     31 220
18  89  74  82   2   0  17 0.08  0.0    0  6.5 16 260   M    M   5 138    21 260
19  87  73  80   0   0  15 1.09  0.0    0  7.3 16 260   M    M   3 13     23 210
20  91  75  83   3   0  18    T  0.0    0  6.0 16 260   M    M   2 3      21 250
21  90  73  82   2   0  17 0.02  0.0    0  8.2 18 270   M    M   2        23 260
22  89  74  82   2   0  17    T  0.0    0  9.1 18 300   M    M   2        24 310
23  88  75  82   2   0  17    T  0.0    0  5.7 15 270   M    M   2        19 280
24  93  68  81   1   0  16 0.00  0.0    0  5.6 15 310   M    M   0        19 320
25  91  72  82   1   0  17 0.00  0.0    0 10.0 18  90   M    M   1        23  70
26  88  65  77  -4   0  12 0.00  0.0    0  7.7 16  70   M    M   2        23  80
27  91  68  80  -1   0  15 0.00  0.0    0  8.5 16 110   M    M   1        21  70
28  90  72  81   0   0  16 0.00  0.0    0  5.5 18 100   M    M   2 3      24 110
================================================================================
SM 2471 1934         0 390  2.98     0.0 197.7          M       52
================================================================================
AV 88.2 69.1                               7.1 FASTST   M    M   2    MAX(MPH)
                                 MISC ---->  # 25 330               # 32  340
================================================================================
NOTES:
# LAST OF SEVERAL OCCURRENCES

COLUMN 17 PEAK WIND IN M.P.H.

PRELIMINARY LOCAL CLIMATOLOGICAL DATA (WS FORM: F-6) , PAGE 2

                                          STATION:  Fort Myers
                                          MONTH:    MAY
                                          YEAR:     2016
                                          LATITUDE:   26 34 N
                                          LONGITUDE:  81 52 W

[TEMPERATURE DATA]      [PRECIPITATION DATA]       SYMBOLS USED IN COLUMN 16

AVERAGE MONTHLY: 78.7   TOTAL FOR MONTH:   2.98    1 = FOG OR MIST
DPTR FM NORMAL:  -0.1   DPTR FM NORMAL:    0.78    2 = FOG REDUCING VISIBILITY
HIGHEST:    93 ON 24,16 GRTST 24HR  1.17 ON 18-19      TO 1/4 MILE OR LESS
LOWEST:     57 ON  7                               3 = THUNDER
                        SNOW, ICE PELLETS, HAIL    4 = ICE PELLETS
                        TOTAL MONTH:   0.0 INCH    5 = HAIL
                        GRTST 24HR     0.0         6 = FREEZING RAIN OR DRIZZLE
                        GRTST DEPTH:   0           7 = DUSTSTORM OR SANDSTORM:
                                                       VSBY 1/2 MILE OR LESS
                                                   8 = SMOKE OR HAZE
[NO. OF DAYS WITH]      [WEATHER - DAYS WITH]      9 = BLOWING SNOW
                                                   X = TORNADO
MAX 32 OR BELOW:   0    0.01 INCH OR MORE:   5
MAX 90 OR ABOVE:  10    0.10 INCH OR MORE:   3
MIN 32 OR BELOW:   0    0.50 INCH OR MORE:   3
MIN  0 OR BELOW:   0    1.00 INCH OR MORE:   2

[HDD (BASE 65) ]
TOTAL THIS MO.     0    CLEAR  (SCALE 0-3)  25
DPTR FM NORMAL     0    PTCLDY (SCALE 4-7)   3
TOTAL FM JUL 1   204    CLOUDY (SCALE 8-10)  0
DPTR FM NORMAL   -83

[CDD (BASE 65) ]
TOTAL THIS MO.   390
DPTR FM NORMAL     3    [PRESSURE DATA]
TOTAL FM JAN 1  1049    HIGHEST SLP M ON M
DPTR FM NORMAL    32    LOWEST  SLP 29.63 ON  4

[REMARKS]
