000
CXUS53 KOAX 011601
CF6FNB
PRELIMINARY LOCAL CLIMATOLOGICAL DATA (WS FORM: F-6)

                                          STATION:   FALLS CITY, NEBRASKA
                                          MONTH:     JUNE
                                          YEAR:      2015
                                          LATITUDE:   40  4 N
                                          LONGITUDE:  95 35 W

  TEMPERATURE IN F:       :PCPN:    SNOW:  WIND      :SUNSHINE: SKY     :PK WND
================================================================================
1   2   3   4   5  6A  6B    7    8   9   10  11  12  13   14  15   16   17  18
                                     12Z  AVG MX 2MIN
DY MAX MIN AVG DEP HDD CDD  WTR  SNW DPTH SPD SPD DIR MIN PSBL S-S WX    SPD DR
================================================================================

 1  73  54  64  -5   1   0 0.00    M    M  7.8 16 120   M    M   4        20 120
 2  75  54  65  -4   0   0 0.00    M    M 11.1 21 110   M    M   3        27 160
 3  78  64  71   1   0   6 2.00    M    M  8.3 26 190   M    M   6 13     38 190
 4  74  60  67  -3   0   2 4.33    M    M 11.1 30 170   M    M   7 13     38 160
 5  84  63  74   4   0   9 0.19    M    M  6.0 31 200   M    M   1 3      40 200
 6  84  66  75   4   0  10 0.40    M    M 11.4 22 290   M    M   2 13     26 290
 7  89  67  78   7   0  13 0.00    M    M  9.9 21 210   M    M   1        25 210
 8  88  61  75   4   0  10 0.00    M    M  6.9 18 300   M    M   0        23 310
 9  93  62  78   6   0  13 0.00    M    M  6.9 17 210   M    M   0        22 210
10  97  73  85  13   0  20 0.00    M    M 10.2 18 200   M    M   0        26 200
11  86  67  77   5   0  12 2.27    M    M 12.5 29 310   M    M   0 13     37 300
12  70  64  67  -5   0   2 0.03    M    M  5.0 14  10   M    M   0 1      19 330
13  78  64  71  -2   0   6 0.18    M    M  3.3 12 160   M    M   0 1      14 150
14  84  67  76   3   0  11 0.10    M    M  5.5 13 170   M    M   0 1      16 170
15  79  66  73   0   0   8 0.03    M    M  7.0 25  20   M    M   1        33  30
16  80  61  71  -3   0   6 0.00    M    M  7.4 18  90   M    M   3        24  80
17  86  65  76   2   0  11 0.00    M    M  5.3 14 220   M    M   4 12     18 220
18  78  66  72  -2   0   7 0.07    M    M  5.9 16  30   M    M   7 13     24 340
19  85  63  74   0   0   9 0.00    M    M  6.4 13 120   M    M   0        16 120
20  97  69  83   8   0  18 0.00    M    M 11.8 23 260   M    M   1        30 250
21  85  68  77   2   0  12 0.08    M    M  8.5 20  90   M    M   2 13     25  90
22  95  74  85  10   0  20 0.00    M    M 13.1 24 200   M    M   3        33 200
23  78  62  70  -5   0   5 0.55    M    M  5.7 14 240   M    M   1 13     20  70
24  93  65  79   3   0  14 0.00    M    M 10.0 20 200   M    M   1 3      27 170
25  82  66  74  -2   0   9 0.61    M    M  8.2 20  30   M    M   5 13     28  40
26  83  65  74  -2   0   9 0.04    M    M  5.8 17  50   M    M   5 13     28 350
27  85  60  73  -3   0   8 0.00    M    M  3.8 10 190   M    M   1        13 200
28  86  67  77   1   0  12 0.00    M    M 10.8 20 310   M    M   1        26 310
29  86  63  75  -1   0  10 0.00    M    M  5.6 17 310   M    M   0        22 310
30  83  64  74  -3   0   9    T    M    M  5.3 14 100   M    M   3        20 110
================================================================================
SM 2514 1930         1 281 10.88    M    236.5          M       62
================================================================================
AV 83.8 64.3                               7.9 FASTST   M    M   2    MAX(MPH)
                                 MISC ---->  # 31 200               # 40  200
================================================================================
NOTES:
# LAST OF SEVERAL OCCURRENCES

COLUMN 17 PEAK WIND IN M.P.H.

PRELIMINARY LOCAL CLIMATOLOGICAL DATA (WS FORM: F-6) , PAGE 2

                                          STATION:  FALLS CITY, NEBRASKA
                                          MONTH:    JUNE
                                          YEAR:     2015
                                          LATITUDE:   40  4 N
                                          LONGITUDE:  95 35 W

[TEMPERATURE DATA]      [PRECIPITATION DATA]       SYMBOLS USED IN COLUMN 16

AVERAGE MONTHLY: 74.1   TOTAL FOR MONTH:  10.88    1 = FOG OR MIST
DPTR FM NORMAL:   0.8   DPTR FM NORMAL:    6.00    2 = FOG REDUCING VISIBILITY
HIGHEST:    97 ON 20,10 GRTST 24HR  4.94 ON  3- 4      TO 1/4 MILE OR LESS
LOWEST:     54 ON  2, 1                            3 = THUNDER
                        SNOW, ICE PELLETS, HAIL    4 = ICE PELLETS
                        TOTAL MONTH:    M          5 = HAIL
                        GRTST 24HR    M  ON   M    6 = FREEZING RAIN OR DRIZZLE
                        GRTST DEPTH:  M  ON   M    7 = DUSTSTORM OR SANDSTORM:
                                                       VSBY 1/2 MILE OR LESS
                                                   8 = SMOKE OR HAZE
[NO. OF DAYS WITH]      [WEATHER - DAYS WITH]      9 = BLOWING SNOW
                                                   X = TORNADO
MAX 32 OR BELOW:   0    0.01 INCH OR MORE:  14
MAX 90 OR ABOVE:   5    0.10 INCH OR MORE:   9
MIN 32 OR BELOW:   0    0.50 INCH OR MORE:   5
MIN  0 OR BELOW:   0    1.00 INCH OR MORE:   3

[HDD (BASE 65) ]
TOTAL THIS MO.     1    CLEAR  (SCALE 0-3)  22
DPTR FM NORMAL   -12    PTCLDY (SCALE 4-7)   8
TOTAL FM JUL 1  5484    CLOUDY (SCALE 8-10)  0
DPTR FM NORMAL  -157

[CDD (BASE 65) ]
TOTAL THIS MO.   281
DPTR FM NORMAL    21    [PRESSURE DATA]
TOTAL FM JAN 1   338    HIGHEST SLP 30.20 ON 23
DPTR FM NORMAL   -28    LOWEST  SLP 29.54 ON 11

[REMARKS]
#FINAL-06-15#
