000
CXUS53 KDTX 230800
CF6FNT
PRELIMINARY LOCAL CLIMATOLOGICAL DATA (WS FORM: F-6)

                                          STATION:   FLINT MI
                                          MONTH:     FEBRUARY
                                          YEAR:      2018
                                          LATITUDE:   42 58 N
                                          LONGITUDE:  83 44 W

  TEMPERATURE IN F:       :PCPN:    SNOW:  WIND      :SUNSHINE: SKY     :PK WND
================================================================================
1   2   3   4   5  6A  6B    7    8   9   10  11  12  13   14  15   16   17  18
                                     12Z  AVG MX 2MIN
DY MAX MIN AVG DEP HDD CDD  WTR  SNW DPTH SPD SPD DIR MIN PSBL S-S WX    SPD DR
================================================================================

 1  34   9  22   0  43   0    T    T    3 14.6 26 290   M    M   4 8      34 290
 2  18   8  13 -10  52   0 0.00  0.0    3 12.2 21 300   M    M   6        25 250
 3  33  12  23   0  42   0 0.05  1.0    3 10.5 26 240   M    M  10 18     34 230
 4  32   5  19  -4  46   0 0.32  5.6    4 11.5 23 360   M    M  10 1      29 360
 5  18   0   9 -14  56   0 0.05  0.6    8  9.1 18 240   M    M   7 1      23 230
 6  20   8  14  -9  51   0 0.01  0.2    7  6.3 15 280   M    M   5 1      16 300
 7  20  -1  10 -13  55   0 0.09  1.0    6  5.0 15 290   M    M   7 1      18 290
 8  20   5  13 -10  52   0 0.02  0.4    6  8.2 20 240   M    M   9 18     24 260
 9  21  14  18  -6  47   0 0.39  7.5    7  6.1 12  80   M    M  10 128    15 110
10  21  14  18  -6  47   0 0.10  1.7   13  5.2 10 340   M    M   9 18     13 360
11  24  17  21  -3  44   0 0.34  3.2   14  9.1 16 280   M    M   8 16     21 260
12  22  -2  10 -14  55   0 0.00  0.0   14  5.8 14 280   M    M   0        16 280
13  28  -7  11 -13  54   0 0.00  0.0   14  6.9 15 190   M    M   3        19 180
14  44  23  34  10  31   0 0.00  0.0   14  9.0 15 200   M    M   2 18     20 190
15  45  36  41  16  24   0 0.00  0.0   10  9.1 16 220   M    M   7 1      23 220
16  36  19  28   3  37   0 0.00  0.0    4  9.8 20 320   M    M   6        24 320
17  33  13  23  -2  42   0 0.05  0.6    4  7.9 18 240   M    M   5 1      22 240
18  37  24  31   6  34   0 0.00  0.0    4 10.4 18 170   M    M   4 1      27 160
19  52  33  43  17  22   0 0.33  0.0    4  8.0 17 180   M    M   8 12     24 170
20  60  53  57  31   8   0 1.85  0.0    T 11.3 25 300   M    M   9 1      32 210
21  55  30  43  17  22   0 0.37    T    0  9.0 21 300   M    M   8 1      28 290
22  38  28  33   7  32   0 0.00  0.0    0 11.3 16  70   M    M   4        20  70
================================================================================
SM  711  341       896   0  3.97    21.8 196.3          M      141
================================================================================
AV 32.3 15.5                               8.9 FASTST   M    M   6    MAX(MPH)
                                 MISC ---->  # 26 290               # 34  290
================================================================================
NOTES:
# LAST OF SEVERAL OCCURRENCES

COLUMN 17 PEAK WIND IN M.P.H.

PRELIMINARY LOCAL CLIMATOLOGICAL DATA (WS FORM: F-6) , PAGE 2

                                          STATION:  FLINT MI
                                          MONTH:    FEBRUARY
                                          YEAR:     2018
                                          LATITUDE:   42 58 N
                                          LONGITUDE:  83 44 W

[TEMPERATURE DATA]      [PRECIPITATION DATA]       SYMBOLS USED IN COLUMN 16

AVERAGE MONTHLY: 23.9   TOTAL FOR MONTH:   3.97    1 = FOG OR MIST
DPTR FM NORMAL:  -0.2   DPTR FM NORMAL:    2.85    2 = FOG REDUCING VISIBILITY
HIGHEST:    60 ON 20    GRTST 24HR  1.85 ON 20-20      TO 1/4 MILE OR LESS
LOWEST:     -7 ON 13                               3 = THUNDER
                        SNOW, ICE PELLETS, HAIL    4 = ICE PELLETS
                        TOTAL MONTH:  21.8 INCHES  5 = HAIL
                        GRTST 24HR   7.5 ON  9- 9  6 = FREEZING RAIN OR DRIZZLE
                        GRTST DEPTH:  14 ON 14,13  7 = DUSTSTORM OR SANDSTORM:
                                                       VSBY 1/2 MILE OR LESS
                                                   8 = SMOKE OR HAZE
[NO. OF DAYS WITH]      [WEATHER - DAYS WITH]      9 = BLOWING SNOW
                                                   X = TORNADO
MAX 32 OR BELOW:  11    0.01 INCH OR MORE:  13
MAX 90 OR ABOVE:   0    0.10 INCH OR MORE:   7
MIN 32 OR BELOW:  19    0.50 INCH OR MORE:   1
MIN  0 OR BELOW:   4    1.00 INCH OR MORE:   1

[HDD (BASE 65) ]
TOTAL THIS MO.   896    CLEAR  (SCALE 0-3)   3
DPTR FM NORMAL    -2    PTCLDY (SCALE 4-7)  12
TOTAL FM JUL 1  4812    CLOUDY (SCALE 8-10)  7
DPTR FM NORMAL   -50

[CDD (BASE 65) ]
TOTAL THIS MO.     0
DPTR FM NORMAL     0    [PRESSURE DATA]
TOTAL FM JAN 1     0    HIGHEST SLP M ON M
DPTR FM NORMAL     0    LOWEST  SLP 29.63 ON 15

[REMARKS]
