000
CXUS53 KIWX 210800
CF6FWA
PRELIMINARY LOCAL CLIMATOLOGICAL DATA (WS FORM: F-6)

                                          STATION:   FORT WAYNE
                                          MONTH:     AUGUST
                                          YEAR:      2014
                                          LATITUDE:   41  0 N
                                          LONGITUDE:  85 12 W

  TEMPERATURE IN F:       :PCPN:    SNOW:  WIND      :SUNSHINE: SKY     :PK WND
================================================================================
1   2   3   4   5  6A  6B    7    8   9   10  11  12  13   14  15   16   17  18
                                     12Z  AVG MX 2MIN
DY MAX MIN AVG DEP HDD CDD  WTR  SNW DPTH SPD SPD DIR MIN PSBL S-S WX    SPD DR
================================================================================

 1  82  60  71  -2   0   6    T  0.0    0  4.2 14 350   M    M   5 3       M  M
 2  83  59  71  -1   0   6 0.13  0.0    0  6.0 21  90   M    M   5 138    24 100
 3  84  58  71  -1   0   6 0.00  0.0    0  3.9 14 310   M    M   2 18     19 340
 4  85  59  72   0   0   7    T  0.0    0  3.8 12 260   M    M   5 138    16 260
 5  80  63  72   0   0   7 0.06  0.0    0  2.6 13 320   M    M   9 138    16 320
 6  79  62  71  -1   0   6 0.00  0.0    0  4.0 10 330   M    M   8 128    12 350
 7  79  56  68  -4   0   3 0.00  0.0    0  3.1 14  90   M    M   8 1      20 100
 8  82  57  70  -2   0   5 0.00  0.0    0  9.2 17 110   M    M   5 18     22 100
 9  82  59  71  -1   0   6 0.00  0.0    0 11.1 18  60   M    M   5 1      23  80
10  86  63  75   3   0  10 0.00  0.0    0  9.2 15  90   M    M   6 8      19 100
11  78  67  73   1   0   8 1.85  0.0    0  6.2 15  30   M    M   8 138    21  30
12  71  59  65  -7   0   0 0.01  0.0    0 11.8 21 290   M    M   8 1      27 280
13  77  54  66  -6   0   1 0.00  0.0    0  8.1 14 280   M    M   3 1      20 280
14  73  52  63  -9   2   0 0.00  0.0    0  6.4 15 320   M    M   4        21 310
15  75  43  59 -13   6   0 0.00  0.0    0  5.0  9 210   M    M   2        12 290
16  77  48  63  -9   2   0 0.00  0.0    0 11.0 18 210   M    M   6 18     23 230
17  81  62  72   0   0   7 0.00  0.0    0  3.6 12 170   M    M   8 12     15 150
18  84  62  73   1   0   8 0.00  0.0    0  4.5 12  80   M    M   4        14 100
19  85  62  74   2   0   9 0.15  0.0    0  6.0 21 220   M    M   5 138    27 220
20  84  65  75   4   0  10 0.00  0.0    0  6.6 20 270   M    M   5 1      24 260
================================================================================
SM 1607 1170        10 105  2.20     0.0 126.3          M      111
================================================================================
AV 80.3 58.5                               6.3 FASTST   M    M   6    MAX(MPH)
                                 MISC ---->  # 21  90               # 27  280
================================================================================
NOTES:
# LAST OF SEVERAL OCCURRENCES

COLUMN 17 PEAK WIND IN M.P.H.

PRELIMINARY LOCAL CLIMATOLOGICAL DATA (WS FORM: F-6) , PAGE 2

                                          STATION:  FORT WAYNE
                                          MONTH:    AUGUST
                                          YEAR:     2014
                                          LATITUDE:   41  0 N
                                          LONGITUDE:  85 12 W

[TEMPERATURE DATA]      [PRECIPITATION DATA]       SYMBOLS USED IN COLUMN 16

AVERAGE MONTHLY: 69.4   TOTAL FOR MONTH:   2.20    1 = FOG OR MIST
DPTR FM NORMAL:  -2.6   DPTR FM NORMAL:   -0.21    2 = FOG REDUCING VISIBILITY
HIGHEST:    86 ON 10    GRTST 24HR  1.85 ON 11-11      TO 1/4 MILE OR LESS
LOWEST:     43 ON 15                               3 = THUNDER
                        SNOW, ICE PELLETS, HAIL    4 = ICE PELLETS
                        TOTAL MONTH:   0.0 INCH    5 = HAIL
                        GRTST 24HR     0.0         6 = FREEZING RAIN OR DRIZZLE
                        GRTST DEPTH:   0           7 = DUSTSTORM OR SANDSTORM:
                                                       VSBY 1/2 MILE OR LESS
                                                   8 = SMOKE OR HAZE
[NO. OF DAYS WITH]      [WEATHER - DAYS WITH]      9 = BLOWING SNOW
                                                   X = TORNADO
MAX 32 OR BELOW:   0    0.01 INCH OR MORE:   5
MAX 90 OR ABOVE:   0    0.10 INCH OR MORE:   3
MIN 32 OR BELOW:   0    0.50 INCH OR MORE:   1
MIN  0 OR BELOW:   0    1.00 INCH OR MORE:   1

[HDD (BASE 65) ]
TOTAL THIS MO.    10    CLEAR  (SCALE 0-3)   3
DPTR FM NORMAL    10    PTCLDY (SCALE 4-7)  14
TOTAL FM JUL 1    24    CLOUDY (SCALE 8-10)  3
DPTR FM NORMAL    21

[CDD (BASE 65) ]
TOTAL THIS MO.   105
DPTR FM NORMAL   -40    [PRESSURE DATA]
TOTAL FM JAN 1   566    HIGHEST SLP M ON M
DPTR FM NORMAL   -85    LOWEST  SLP 29.72 ON 12

[REMARKS]
