000
CXUS52 KMFL 251000
CF6FXE
PRELIMINARY LOCAL CLIMATOLOGICAL DATA (WS FORM: F-6)

                                          STATION:   FORT LAUDERDALE EXEC ARPT
                                          MONTH:     FEBRUARY
                                          YEAR:      2017
                                          LATITUDE:   26 12 N
                                          LONGITUDE:  80 11 W

  TEMPERATURE IN F:       :PCPN:    SNOW:  WIND      :SUNSHINE: SKY     :PK WND
================================================================================
1   2   3   4   5  6A  6B    7    8   9   10  11  12  13   14  15   16   17  18
                                     12Z  AVG MX 2MIN
DY MAX MIN AVG DEP HDD CDD  WTR  SNW DPTH SPD SPD DIR MIN PSBL S-S WX    SPD DR
================================================================================

 1  78  54  66  -2   0   1 0.00  0.0    0  4.4 15 110   M    M   2        18 120
 2  80  61  71   3   0   6 0.00  0.0    0  6.7 15  80   M    M   3        21  70
 3  81  63  72   4   0   7 0.00  0.0    0  4.2 13  90   M    M   2        16  80
 4  82  64  73   5   0   8 0.00  0.0    0  5.0 14  90   M    M   2        19  90
 5  82  64  73   5   0   8    T  0.0    0  3.4 12 100   M    M   2 18     16 110
 6  81  65  73   5   0   8 0.00  0.0    0  8.4 17  90   M    M   3        22  70
 7  82  71  77   9   0  12 0.00  0.0    0  9.0 16 140   M    M   3        21 140
 8  89  68  79  11   0  14 0.00  0.0    0  6.8 15 270   M    M   2 18     21 270
 9  89  67  78  10   0  13    T  0.0    0  8.7 21 320   M    M   4 123    29 310
10  79  63  71   3   0   6 0.00  0.0    0  9.7 18  60   M    M   1        24  50
11  79  63  71   3   0   6 0.00  0.0    0  6.9 14  90   M    M   2        19 110
12  82  60  71   3   0   6 0.00  0.0    0  3.8 12 130   M    M   2        17 140
13  82  60  71   2   0   6 0.00  0.0    0  5.7 14  60   M    M   1         M  M
14  84  64  74   5   0   9 0.00  0.0    0  4.9 15 120   M    M   2 1       M  M
15  87  64  76   7   0  11    T  0.0    0 11.4 28 240   M    M   3        37 240
16  79  60  70   1   0   5 0.00  0.0    0 10.9 17 280   M    M   6        24 240
17  80  58  69   0   0   4 0.00  0.0    0  6.7 13  90   M    M   1         M  M
18  83  62  73   4   0   8 0.00  0.0    0  5.5 12 140   M    M   3         M  M
19  90  71  81  12   0  16 0.01  0.0    0  7.3 15 240   M    M   3 1      22 300
20  83  64  74   5   0   9 0.00  0.0    0  6.2 14  70   M    M   3        22  70
21  81  66  74   5   0   9 0.00  0.0    0  9.5 18  90   M    M   3        23  90
22  77  65  71   2   0   6 1.15  0.0    0  9.8 17 190   M    M   6 13     30 130
23  81  63  72   3   0   7 0.00  0.0    0  8.5 14 270   M    M   3         M  M
24  86  64  75   6   0  10 0.00  0.0    0  6.0 10  70   M    M   3 1       M  M
================================================================================
SM 1977 1524         0 195  1.16     0.0 169.4          M       65
================================================================================
AV 82.4 63.5                               7.1 FASTST   M    M   3    MAX(MPH)
                                 MISC ---->  # 28 240               # 37  240
================================================================================
NOTES:
# LAST OF SEVERAL OCCURRENCES

COLUMN 17 PEAK WIND IN M.P.H.

PRELIMINARY LOCAL CLIMATOLOGICAL DATA (WS FORM: F-6) , PAGE 2

                                          STATION:  FORT LAUDERDALE EXEC ARPT
                                          MONTH:    FEBRUARY
                                          YEAR:     2017
                                          LATITUDE:   26 12 N
                                          LONGITUDE:  80 11 W

[TEMPERATURE DATA]      [PRECIPITATION DATA]       SYMBOLS USED IN COLUMN 16

AVERAGE MONTHLY: 72.9   TOTAL FOR MONTH:   1.16    1 = FOG OR MIST
DPTR FM NORMAL:   4.4   DPTR FM NORMAL:   -0.47    2 = FOG REDUCING VISIBILITY
HIGHEST:    90 ON 19    GRTST 24HR  1.15 ON 22-22      TO 1/4 MILE OR LESS
LOWEST:     54 ON  1                               3 = THUNDER
                        SNOW, ICE PELLETS, HAIL    4 = ICE PELLETS
                        TOTAL MONTH:   0.0 INCH    5 = HAIL
                        GRTST 24HR     0.0         6 = FREEZING RAIN OR DRIZZLE
                        GRTST DEPTH:   0           7 = DUSTSTORM OR SANDSTORM:
                                                       VSBY 1/2 MILE OR LESS
                                                   8 = SMOKE OR HAZE
[NO. OF DAYS WITH]      [WEATHER - DAYS WITH]      9 = BLOWING SNOW
                                                   X = TORNADO
MAX 32 OR BELOW:   0    0.01 INCH OR MORE:   2
MAX 90 OR ABOVE:   1    0.10 INCH OR MORE:   1
MIN 32 OR BELOW:   0    0.50 INCH OR MORE:   1
MIN  0 OR BELOW:   0    1.00 INCH OR MORE:   1

[HDD (BASE 65) ]
TOTAL THIS MO.     0    CLEAR  (SCALE 0-3)  18
DPTR FM NORMAL   -24    PTCLDY (SCALE 4-7)   6
TOTAL FM JUL 1    30    CLOUDY (SCALE 8-10)  0
DPTR FM NORMAL  -111

[CDD (BASE 65) ]
TOTAL THIS MO.   195
DPTR FM NORMAL    81    [PRESSURE DATA]
TOTAL FM JAN 1   406    HIGHEST SLP M ON M
DPTR FM NORMAL   169    LOWEST  SLP 29.91 ON 21

[REMARKS]
