000
CXUS54 KBMX 261216
CF6GAD
PRELIMINARY LOCAL CLIMATOLOGICAL DATA (WS FORM: F-6)

                                          STATION:   GADSDEN
                                          MONTH:     FEBRUARY
                                          YEAR:      2015
                                          LATITUDE:   33 58 N
                                          LONGITUDE:  86  5 W

  TEMPERATURE IN F:       :PCPN:    SNOW:  WIND      :SUNSHINE: SKY     :PK WND
================================================================================
1   2   3   4   5  6A  6B    7    8   9   10  11  12  13   14  15   16   17  18
                                     12Z  AVG MX 2MIN
DY MAX MIN AVG DEP HDD CDD  WTR  SNW DPTH SPD SPD DIR MIN PSBL S-S WX    SPD DR
================================================================================

 1  57  57  57   M   8   0 0.25  0.0    0  3.1 10 230   M    M   8 3       M  M
 2   M   M   M   M   M   M 0.00  0.0    0 10.7 23 290   M    M   6        32 290
 3  46  19  33   M  32   0 0.00  0.0    0  0.1  4 110   M    M   0         M  M
 4  52  25  39   M  26   0 0.00  0.0    0  0.5  6 190   M    M   0         M  M
 5   M   M   M   M   M   M 0.00  0.0    0  9.1 16  20   M    M   4        21  20
 6  54  18  36   M  29   0 0.00  0.0    0  1.4  7 210   M    M   0         M  M
 7  99  99  99   M   0  34 0.00  0.0    0  3.3 13 220   M    M   0         M  M
 8   M   M   M   M   M   M 0.00  0.0    0  4.5 14 240   M    M   6        22 240
 9  64  39  52   M  13   0 0.00  0.0    0  8.8 18 340   M    M   8        25 340
10  48  30  39   M  26   0 0.00  0.0    0  9.4 14  20   M    M   5        22  20
11  61  23  42   M  23   0 0.00  0.0    0  2.5  8 290   M    M   0         M  M
12  45  28  37   M  28   0 0.00  0.0    0  9.8 21 340   M    M   1        28 330
13  43  23  33   M  32   0 0.00  0.0    0  5.4 10 350   M    M   0         M  M
14  32  21  27   M  38   0 0.00  0.0    0  7.7 16 350   M    M   3        23 250
15   M   M   M   M   M   M 0.00  0.0    0 10.0 14  30   M    M   3        20 360
16   M   M   M   M   M   M 1.83  0.0    0  6.2 13 330   M    M  10        24 330
17   M   M   M   M   M   M 0.00  0.0    0  9.2 13 350   M    M   5        21 330
18   M   M   M   M   M   M 0.00  0.0    0  9.1 20 310   M    M   4        31 310
19   M   M   M   M   M   M 0.00  0.0    0  7.4 14 360   M    M   0        18 320
20  28  19  24   M  41   0 0.01  0.0    0  5.9  9 100   M    M   9         M  M
21   M   M   M   M   M   M 0.68    M    0  7.0 12 170   M    M   8        22 190
22  46  43  45   M  20   0 0.18  0.0    0  5.5 12 360   M    M  10        17 350
23  41  36  39   M  26   0 0.21  0.0    0 10.4 16 350   M    M   7        22 350
24  43  30  37   M  28   0 0.00  0.0    0  4.5  9 360   M    M   8         M  M
25  36  27  32   M  33   0 0.32    M    0  4.4 13  60   M    M   5         M  M
================================================================================
SM  795  537       403  34  3.48     0.0 155.9          M      110
================================================================================
AV 49.7 33.6                               6.2 FASTST   M    M   4    MAX(MPH)
                                 MISC ---->  # 23 290                 32    M
================================================================================
NOTES:
# LAST OF SEVERAL OCCURRENCES

COLUMN 17 PEAK WIND IN M.P.H.

PRELIMINARY LOCAL CLIMATOLOGICAL DATA (WS FORM: F-6) , PAGE 2

                                          STATION:  GADSDEN
                                          MONTH:    FEBRUARY
                                          YEAR:     2015
                                          LATITUDE:   33 58 N
                                          LONGITUDE:  86  5 W

[TEMPERATURE DATA]      [PRECIPITATION DATA]       SYMBOLS USED IN COLUMN 16

AVERAGE MONTHLY: 41.6   TOTAL FOR MONTH:   3.48    1 = FOG OR MIST
DPTR FM NORMAL:     M   DPTR FM NORMAL:       M    2 = FOG REDUCING VISIBILITY
HIGHEST:    99 ON  7    GRTST 24HR  1.83 ON 16-16      TO 1/4 MILE OR LESS
LOWEST:     18 ON  6                               3 = THUNDER
                        SNOW, ICE PELLETS, HAIL    4 = ICE PELLETS
                        TOTAL MONTH:   0.0 INCH    5 = HAIL
                        GRTST 24HR     0.0         6 = FREEZING RAIN OR DRIZZLE
                        GRTST DEPTH:   0           7 = DUSTSTORM OR SANDSTORM:
                                                       VSBY 1/2 MILE OR LESS
                                                   8 = SMOKE OR HAZE
[NO. OF DAYS WITH]      [WEATHER - DAYS WITH]      9 = BLOWING SNOW
                                                   X = TORNADO
MAX 32 OR BELOW:   2    0.01 INCH OR MORE:   7
MAX 90 OR ABOVE:   1    0.10 INCH OR MORE:   6
MIN 32 OR BELOW:  11    0.50 INCH OR MORE:   2
MIN  0 OR BELOW:   0    1.00 INCH OR MORE:   1

[HDD (BASE 65) ]
TOTAL THIS MO.   403    CLEAR  (SCALE 0-3)   9
DPTR FM NORMAL     M    PTCLDY (SCALE 4-7)  12
TOTAL FM JUL 1  2470    CLOUDY (SCALE 8-10)  4
DPTR FM NORMAL     M

[CDD (BASE 65) ]
TOTAL THIS MO.    34
DPTR FM NORMAL     M    [PRESSURE DATA]
TOTAL FM JAN 1    34    HIGHEST SLP M ON M
DPTR FM NORMAL     M    LOWEST  SLP M ON M

[REMARKS]
