000
CXUS54 KOUN 200700
CF6GAG
PRELIMINARY LOCAL CLIMATOLOGICAL DATA (WS FORM: F-6)

                                          STATION:   GAGE
                                          MONTH:     JULY
                                          YEAR:      2017
                                          LATITUDE:   36 17 N
                                          LONGITUDE:  99 46 W

  TEMPERATURE IN F:       :PCPN:    SNOW:  WIND      :SUNSHINE: SKY     :PK WND
================================================================================
1   2   3   4   5  6A  6B    7    8   9   10  11  12  13   14  15   16   17  18
                                     12Z  AVG MX 2MIN
DY MAX MIN AVG DEP HDD CDD  WTR  SNW DPTH SPD SPD DIR MIN PSBL S-S WX    SPD DR
================================================================================

 1  90  59  75  -4   0  10 0.00  0.0    0  8.0 17 160   M    M   1        21 160
 2  92  71  82   3   0  17 0.00  0.0    0 10.8 18 210   M    M   0        24 140
 3  95  65  80   1   0  15 0.23  0.0    0 13.8 49  10   M    M   1 13     67  10
 4  90  61  76  -3   0  11 0.00  0.0    0  6.7 17  30   M    M   0        24  30
 5  92  65  79  -1   0  14 0.00  0.0    0  4.6 13  90   M    M   1 18     19 110
 6  97  65  81   1   0  16 0.00  0.0    0  6.8 15 160   M    M   1        20 120
 7 100  65  83   3   0  18 0.00  0.0    0  6.8 14 180   M    M   0        18 160
 8  92  69  81   1   0  16 0.01  0.0    0  9.0 31 350   M    M   2        42 320
 9  97  67  82   2   0  17 0.00  0.0    0  9.1 17 170   M    M   0        24 140
10 101  68  85   5   0  20 0.00  0.0    0 12.4 21 160   M    M   0        26 200
11 102  74  88   8   0  23 0.00  0.0    0 17.6 26 210   M    M   0        34 190
12 101  73  87   7   0  22 0.00  0.0    0 16.8 26 200   M    M   0        35 210
13 100  72  86   6   0  21 0.00  0.0    0 13.1 20 180   M    M   0        26 170
14  99  68  84   4   0  19 0.02  0.0    0  5.6 36 170   M    M   2 3      43 170
15  98  68  83   3   0  18    T  0.0    0  6.5 25  40   M    M   2 3      35  10
16  94  68  81   1   0  16 0.00  0.0    0  7.6 18  10   M    M   2        24  20
17  97  74  86   6   0  21 0.00  0.0    0 14.7 23 140   M    M   1        28 170
18 100  75  88   8   0  23 0.00  0.0    0 16.4 24 190   M    M   0        29 190
19 102  74  88   7   0  23 0.00  0.0    0 14.9 23 190   M    M   1        30 190
================================================================================
SM 1839 1301         0 340  0.26     0.0 201.2          M       14
================================================================================
AV 96.8 68.5                              10.6 FASTST   M    M   1    MAX(MPH)
                                 MISC ---->  # 49  10               # 67   10
================================================================================
NOTES:
# LAST OF SEVERAL OCCURRENCES

COLUMN 17 PEAK WIND IN M.P.H.

PRELIMINARY LOCAL CLIMATOLOGICAL DATA (WS FORM: F-6) , PAGE 2

                                          STATION:  GAGE
                                          MONTH:    JULY
                                          YEAR:     2017
                                          LATITUDE:   36 17 N
                                          LONGITUDE:  99 46 W

[TEMPERATURE DATA]      [PRECIPITATION DATA]       SYMBOLS USED IN COLUMN 16

AVERAGE MONTHLY: 82.6   TOTAL FOR MONTH:   0.26    1 = FOG OR MIST
DPTR FM NORMAL:   2.8   DPTR FM NORMAL:   -0.90    2 = FOG REDUCING VISIBILITY
HIGHEST:   102 ON 19,11 GRTST 24HR  0.23 ON  3- 3      TO 1/4 MILE OR LESS
LOWEST:     59 ON  1                               3 = THUNDER
                        SNOW, ICE PELLETS, HAIL    4 = ICE PELLETS
                        TOTAL MONTH:   0.0 INCH    5 = HAIL
                        GRTST 24HR     0.0         6 = FREEZING RAIN OR DRIZZLE
                        GRTST DEPTH:   0           7 = DUSTSTORM OR SANDSTORM:
                                                       VSBY 1/2 MILE OR LESS
                                                   8 = SMOKE OR HAZE
[NO. OF DAYS WITH]      [WEATHER - DAYS WITH]      9 = BLOWING SNOW
                                                   X = TORNADO
MAX 32 OR BELOW:   0    0.01 INCH OR MORE:   3
MAX 90 OR ABOVE:  19    0.10 INCH OR MORE:   1
MIN 32 OR BELOW:   0    0.50 INCH OR MORE:   0
MIN  0 OR BELOW:   0    1.00 INCH OR MORE:   0

[HDD (BASE 65) ]
TOTAL THIS MO.     0    CLEAR  (SCALE 0-3)  19
DPTR FM NORMAL     0    PTCLDY (SCALE 4-7)   0
TOTAL FM JUL 1     0    CLOUDY (SCALE 8-10)  0
DPTR FM NORMAL     0

[CDD (BASE 65) ]
TOTAL THIS MO.   340
DPTR FM NORMAL    56    [PRESSURE DATA]
TOTAL FM JAN 1   951    HIGHEST SLP M ON M
DPTR FM NORMAL   198    LOWEST  SLP 29.79 ON  3

[REMARKS]
