000
CXUS54 KOUN 220800
CF6GAG
PRELIMINARY LOCAL CLIMATOLOGICAL DATA (WS FORM: F-6)

                                          STATION:   GAGE
                                          MONTH:     SEPTEMBER
                                          YEAR:      2014
                                          LATITUDE:   36 17 N
                                          LONGITUDE:  99 46 W

  TEMPERATURE IN F:       :PCPN:    SNOW:  WIND      :SUNSHINE: SKY     :PK WND
================================================================================
1   2   3   4   5  6A  6B    7    8   9   10  11  12  13   14  15   16   17  18
                                     12Z  AVG MX 2MIN
DY MAX MIN AVG DEP HDD CDD  WTR  SNW DPTH SPD SPD DIR MIN PSBL S-S WX    SPD DR
================================================================================

 1  91  67  79   3   0  14 0.00  0.0    0  9.3 29 190   M    M   1        39 190
 2  95  68  82   6   0  17 0.00  0.0    0 12.3 21 180   M    M   3        27 180
 3  97  70  84   8   0  19 0.00  0.0    0 18.5 31 180   M    M   0        40 180
 4  95  73  84   9   0  19 0.00  0.0    0 20.9 36 190   M    M   0        44 200
 5  82  55  69  -6   0   4 0.63  0.0    0 11.8 23 360   M    M   3 1      29 360
 6  75  55  65 -10   0   0 0.18  0.0    0  9.0 21  40   M    M   6 1      27  30
 7  81  53  67  -7   0   2 0.00  0.0    0  4.8 15 170   M    M   0 1      19 170
 8  89  64  77   3   0  12 0.00  0.0    0 16.7 28 210   M    M   1        35 210
 9  95  71  83   9   0  18 0.00  0.0    0 21.0 35 190   M    M   0        44 170
10  82  59  71  -2   0   6 0.00  0.0    0 12.6 26 200   M    M   4        32 200
11  73  53  63 -10   2   0 0.00  0.0    0  8.6 17  50   M    M   4        23  40
12  58  47  53 -19  12   0 0.04  0.0    0 15.1 26  10   M    M  10 1      36  10
13  68  47  58 -14   7   0 0.00  0.0    0  7.2 18 170   M    M   5        22 160
14  82  50  66  -5   0   1 0.00  0.0    0 17.5 30 200   M    M   1        37 200
15  86  62  74   3   0   9 0.00  0.0    0 13.0 25 220   M    M   4        32 230
16  87  59  73   3   0   8 0.00  0.0    0  6.8 18 200   M    M   6 18     25 210
17  92  64  78   8   0  13 0.00  0.0    0 10.7 20 250   M    M   0        26 250
18  87  59  73   3   0   8 0.00  0.0    0  9.0 22 120   M    M   1        26 120
19  88  59  74   5   0   9 0.00  0.0    0  9.6 20 170   M    M   3 128    30 140
20  91  64  78   9   0  13 0.00  0.0    0  9.6 18 210   M    M   2 18     27 220
21  82  58  70   2   0   5 0.26  0.0    0  8.9 18  70   M    M   5 13     24  60
================================================================================
SM 1776 1257        21 177  1.11     0.0 252.9          M       59
================================================================================
AV 84.6 59.9                              12.0 FASTST   M    M   3    MAX(MPH)
                                 MISC ---->  # 36 190               # 44  200
================================================================================
NOTES:
# LAST OF SEVERAL OCCURRENCES

COLUMN 17 PEAK WIND IN M.P.H.

PRELIMINARY LOCAL CLIMATOLOGICAL DATA (WS FORM: F-6) , PAGE 2

                                          STATION:  GAGE
                                          MONTH:    SEPTEMBER
                                          YEAR:     2014
                                          LATITUDE:   36 17 N
                                          LONGITUDE:  99 46 W

[TEMPERATURE DATA]      [PRECIPITATION DATA]       SYMBOLS USED IN COLUMN 16

AVERAGE MONTHLY: 72.2   TOTAL FOR MONTH:   1.11    1 = FOG OR MIST
DPTR FM NORMAL:  -0.3   DPTR FM NORMAL:   -0.23    2 = FOG REDUCING VISIBILITY
HIGHEST:    97 ON  3    GRTST 24HR  0.81 ON  5- 6      TO 1/4 MILE OR LESS
LOWEST:     47 ON 13,12                            3 = THUNDER
                        SNOW, ICE PELLETS, HAIL    4 = ICE PELLETS
                        TOTAL MONTH:   0.0 INCH    5 = HAIL
                        GRTST 24HR     0.0         6 = FREEZING RAIN OR DRIZZLE
                        GRTST DEPTH:   0           7 = DUSTSTORM OR SANDSTORM:
                                                       VSBY 1/2 MILE OR LESS
                                                   8 = SMOKE OR HAZE
[NO. OF DAYS WITH]      [WEATHER - DAYS WITH]      9 = BLOWING SNOW
                                                   X = TORNADO
MAX 32 OR BELOW:   0    0.01 INCH OR MORE:   4
MAX 90 OR ABOVE:   7    0.10 INCH OR MORE:   3
MIN 32 OR BELOW:   0    0.50 INCH OR MORE:   1
MIN  0 OR BELOW:   0    1.00 INCH OR MORE:   0

[HDD (BASE 65) ]
TOTAL THIS MO.    21    CLEAR  (SCALE 0-3)  13
DPTR FM NORMAL     6    PTCLDY (SCALE 4-7)   7
TOTAL FM JUL 1    25    CLOUDY (SCALE 8-10)  1
DPTR FM NORMAL     9

[CDD (BASE 65) ]
TOTAL THIS MO.   177
DPTR FM NORMAL     3    [PRESSURE DATA]
TOTAL FM JAN 1  1707    HIGHEST SLP M ON M
DPTR FM NORMAL   152    LOWEST  SLP 29.72 ON  1

[REMARKS]
