000
CXUS53 KUNR 240945
CF6GCC
PRELIMINARY LOCAL CLIMATOLOGICAL DATA (WS FORM: F-6)

                                          STATION:   GILLETTE AIRPORT WY
                                          MONTH:     NOVEMBER
                                          YEAR:      2017
                                          LATITUDE:   44 20 N
                                          LONGITUDE: 105 32 W

  TEMPERATURE IN F:       :PCPN:    SNOW:  WIND      :SUNSHINE: SKY     :PK WND
================================================================================
1   2   3   4   5  6A  6B    7    8   9   10  11  12  13   14  15   16   17  18
                                     12Z  AVG MX 2MIN
DY MAX MIN AVG DEP HDD CDD  WTR  SNW DPTH SPD SPD DIR MIN PSBL S-S WX    SPD DR
================================================================================

 1  38  29  34  -6  31   0 0.28    M    M 10.3 22 340   M    M  10 18     26 340
 2  32  27  30  -9  35   0 0.01    M    M  9.8 21 150   M    M  10 18     27 150
 3  37  30  34  -5  31   0 0.00    M    M  9.1 30 170   M    M  10 1      35 170
 4  34  21  28 -10  37   0 0.06    M    M  9.1 20 350   M    M  10 12     22 350
 5  39  14  27 -11  38   0 0.00    M    M  6.6 16 150   M    M   5        19 140
 6  30   9  20 -17  45   0    T    M    M  8.5 17 340   M    M  10 1      21 330
 7  39   7  23 -14  42   0 0.00    M    M  7.1 15 160   M    M   0        18 230
 8  35  20  28  -8  37   0 0.00    M    M  5.9 15 210   M    M   0        20 200
 9  38  24  31  -5  34   0 0.00    M    M 15.1 30 170   M    M   4        39 170
10  49  20  35  -1  30   0 0.00    M    M  5.4 23 170   M    M   2        27 170
11  45  19  32  -3  33   0    T    M    M  7.3 22 330   M    M   4 1      26 320
12  54  24  39   5  26   0 0.00    M    M  8.8 21 200   M    M   0        26 200
13  64  22  43   9  22   0 0.00    M    M  6.8 20 210   M    M   0        26 210
14  52  25  39   5  26   0 0.00    M    M  9.8 36 330   M    M   3        43 330
15  50  21  36   3  29   0 0.00    M    M 11.7 28 190   M    M   0        34 190
16  66  38  52  20  13   0 0.00    M    M 21.3 38 230   M    M   1        49 230
17  39  30  35   3  30   0 0.06    M    M  8.3 23 300   M    M   9 1      30 310
18  42  21  32   0  33   0 0.00    M    M 10.5 21 300   M    M   1        26 300
19  53  32  43  12  22   0 0.00    M    M 18.9 28 240   M    M   0        34 230
20  57  31  44  13  21   0 0.00    M    M 15.2 30 240   M    M   3        36 230
21  45  23  34   4  31   0 0.00    M    M  9.7 21  10   M    M   5 1      24  20
22  66  42  54  24  11   0 0.00    M    M 10.2 21 310   M    M   2        24 320
23  65  48  57  28   8   0 0.00    M    M 19.3 28 240   M    M   0        36 240
================================================================================
SM 1069  577       665   0  0.41    M    244.7          M       89
================================================================================
AV 46.5 25.1                              10.6 FASTST   M    M   4    MAX(MPH)
                                 MISC ---->  # 38 230               # 49  230
================================================================================
NOTES:
# LAST OF SEVERAL OCCURRENCES

COLUMN 17 PEAK WIND IN M.P.H.

PRELIMINARY LOCAL CLIMATOLOGICAL DATA (WS FORM: F-6) , PAGE 2

                                          STATION:  GILLETTE AIRPORT WY
                                          MONTH:    NOVEMBER
                                          YEAR:     2017
                                          LATITUDE:   44 20 N
                                          LONGITUDE: 105 32 W

[TEMPERATURE DATA]      [PRECIPITATION DATA]       SYMBOLS USED IN COLUMN 16

AVERAGE MONTHLY: 35.8   TOTAL FOR MONTH:   0.41    1 = FOG OR MIST
DPTR FM NORMAL:   1.3   DPTR FM NORMAL:   -0.03    2 = FOG REDUCING VISIBILITY
HIGHEST:    66 ON 22,16 GRTST 24HR  0.28 ON  1- 1      TO 1/4 MILE OR LESS
LOWEST:      7 ON  7                               3 = THUNDER
                        SNOW, ICE PELLETS, HAIL    4 = ICE PELLETS
                        TOTAL MONTH:    M          5 = HAIL
                        GRTST 24HR    M  ON   M    6 = FREEZING RAIN OR DRIZZLE
                        GRTST DEPTH:  M  ON   M    7 = DUSTSTORM OR SANDSTORM:
                                                       VSBY 1/2 MILE OR LESS
                                                   8 = SMOKE OR HAZE
[NO. OF DAYS WITH]      [WEATHER - DAYS WITH]      9 = BLOWING SNOW
                                                   X = TORNADO
MAX 32 OR BELOW:   2    0.01 INCH OR MORE:   4
MAX 90 OR ABOVE:   0    0.10 INCH OR MORE:   1
MIN 32 OR BELOW:  20    0.50 INCH OR MORE:   0
MIN  0 OR BELOW:   0    1.00 INCH OR MORE:   0

[HDD (BASE 65) ]
TOTAL THIS MO.   665    CLEAR  (SCALE 0-3)  12
DPTR FM NORMAL   -37    PTCLDY (SCALE 4-7)   5
TOTAL FM JUL 1  1591    CLOUDY (SCALE 8-10)  6
DPTR FM NORMAL   -20

[CDD (BASE 65) ]
TOTAL THIS MO.     0
DPTR FM NORMAL     0    [PRESSURE DATA]
TOTAL FM JAN 1   617    HIGHEST SLP M ON M
DPTR FM NORMAL   115    LOWEST  SLP 29.24 ON  1

[REMARKS]
