000
CXUS54 KFWD 270730
CF6GDJ
PRELIMINARY LOCAL CLIMATOLOGICAL DATA (WS FORM: F-6)

                                          STATION:   GRANBURY
                                          MONTH:     MAY
                                          YEAR:      2017
                                          LATITUDE:   32 26 N
                                          LONGITUDE:  97 48 W

  TEMPERATURE IN F:       :PCPN:    SNOW:  WIND      :SUNSHINE: SKY     :PK WND
================================================================================
1   2   3   4   5  6A  6B    7    8   9   10  11  12  13   14  15   16   17  18
                                     12Z  AVG MX 2MIN
DY MAX MIN AVG DEP HDD CDD  WTR  SNW DPTH SPD SPD DIR MIN PSBL S-S WX    SPD DR
================================================================================

 1  84  38  61  -8   4   0 0.00  0.0    0  3.3  8  80   M    M   0         M  M
 2  91  55  73   4   0   8 0.00  0.0    0  7.7 16 130   M    M   0        24 140
 3  82  54  68  -1   0   3 0.01  0.0    0 12.4 25 340   M    M   4        35 340
 4  76  53  65  -4   0   0 0.00  0.0    0 11.4 21 310   M    M   1        28 310
 5  81  45  63  -7   2   0 0.00  0.0    0  3.5 10 320   M    M   0        17 320
 6  88  47  68  -2   0   3 0.00  0.0    0  3.8 12 100   M    M   0         M  M
 7  89  55  72   2   0   7 0.00  0.0    0  7.5 15 120   M    M   0        21 120
 8  85  60  73   3   0   8 0.00  0.0    0  9.1 16 130   M    M   4        22 160
 9  79  67  73   3   0   8 0.00  0.0    0  9.4 14 140   M    M   9        21 130
10  82  71  77   6   0  12 0.00  0.0    0 11.1 17 130   M    M   7        24 130
11  89  64  77   6   0  12 0.06  0.0    0  7.4 14 270   M    M   4 3      27 270
12  83  58  71   0   0   6 0.00  0.0    0 10.6 21 320   M    M   2        29 320
13  85  51  68  -4   0   3 0.00  0.0    0  3.4  8 130   M    M   0         M  M
14  94  60  77   5   0  12 0.00  0.0    0  8.4 15 130   M    M   0        21 120
15  92  66  79   7   0  14 0.00  0.0    0 10.5 17 140   M    M   0        23 110
16  83  71  77   5   0  12 0.00  0.0    0 16.6 24 140   M    M   7        36 150
17  93  66  80   8   0  15 0.25  0.0    0  9.6 21 170   M    M   4 3      32 150
18  94  76  85  12   0  20 0.00  0.0    0 16.4 24 160   M    M   7        32 160
19  87  67  77   4   0  12 0.32  0.0    0 11.4 21 150   M    M   7 3      27 130
20  82  64  73   0   0   8 0.02  0.0    0  6.3 13 320   M    M   8 13     16 320
21  77  62  70  -3   0   5 0.26  0.0    0  5.8 13 190   M    M   8 3      16 190
22  79  61  70  -4   0   5 0.10  0.0    0  4.7  7  50   M    M   7        20  50
23  75  55  65  -9   0   0 0.16  0.0    0  8.0 16 320   M    M   6 3      25 300
24  83  49  66  -8   0   1 0.00  0.0    0  4.6 10 280   M    M   0         M  M
25  95  61  78   4   0  13 0.00  0.0    0 12.8 24 160   M    M   0        31 170
26  97  75  86  11   0  21 0.00  0.0    0 10.4 17 140   M    M   2        24 200
================================================================================
SM 2225 1551         6 208  1.18     0.0 226.1          M       87
================================================================================
AV 85.6 59.7                               8.7 FASTST   M    M   3    MAX(MPH)
                                 MISC ---->  # 25 340               # 36  150
================================================================================
NOTES:
# LAST OF SEVERAL OCCURRENCES

COLUMN 17 PEAK WIND IN M.P.H.

PRELIMINARY LOCAL CLIMATOLOGICAL DATA (WS FORM: F-6) , PAGE 2

                                          STATION:  GRANBURY
                                          MONTH:    MAY
                                          YEAR:     2017
                                          LATITUDE:   32 26 N
                                          LONGITUDE:  97 48 W

[TEMPERATURE DATA]      [PRECIPITATION DATA]       SYMBOLS USED IN COLUMN 16

AVERAGE MONTHLY: 72.6   TOTAL FOR MONTH:   1.18    1 = FOG OR MIST
DPTR FM NORMAL:   1.0   DPTR FM NORMAL:       M    2 = FOG REDUCING VISIBILITY
HIGHEST:    97 ON 26    GRTST 24HR  0.32 ON 19-19      TO 1/4 MILE OR LESS
LOWEST:     38 ON  1                               3 = THUNDER
                        SNOW, ICE PELLETS, HAIL    4 = ICE PELLETS
                        TOTAL MONTH:   0.0 INCH    5 = HAIL
                        GRTST 24HR     0.0         6 = FREEZING RAIN OR DRIZZLE
                        GRTST DEPTH:   0           7 = DUSTSTORM OR SANDSTORM:
                                                       VSBY 1/2 MILE OR LESS
                                                   8 = SMOKE OR HAZE
[NO. OF DAYS WITH]      [WEATHER - DAYS WITH]      9 = BLOWING SNOW
                                                   X = TORNADO
MAX 32 OR BELOW:   0    0.01 INCH OR MORE:   8
MAX 90 OR ABOVE:   7    0.10 INCH OR MORE:   5
MIN 32 OR BELOW:   0    0.50 INCH OR MORE:   0
MIN  0 OR BELOW:   0    1.00 INCH OR MORE:   0

[HDD (BASE 65) ]
TOTAL THIS MO.     6    CLEAR  (SCALE 0-3)  13
DPTR FM NORMAL    -2    PTCLDY (SCALE 4-7)  11
TOTAL FM JUL 1  1439    CLOUDY (SCALE 8-10)  2
DPTR FM NORMAL -1225

[CDD (BASE 65) ]
TOTAL THIS MO.   208
DPTR FM NORMAL    27    [PRESSURE DATA]
TOTAL FM JAN 1   508    HIGHEST SLP M ON M
DPTR FM NORMAL   225    LOWEST  SLP M ON M

[REMARKS]
